-- Table structure for table `llx_c_departements`
--

CREATE TABLE `llx_c_departements` (
  `rowid` int NOT NULL AUTO_INCREMENT,
  `code_departement` varchar(6) NOT NULL,
  `fk_region` int DEFAULT NULL,
  `cheflieu` varchar(50) DEFAULT NULL,
  `tncc` int DEFAULT NULL,
  `ncc` varchar(50) DEFAULT NULL,
  `nom` varchar(50) DEFAULT NULL,
  `active` tinyint NOT NULL DEFAULT '1',
  PRIMARY KEY (`rowid`),
  UNIQUE KEY `uk_departements` (`code_departement`,`fk_region`),
  KEY `idx_departements_fk_region` (`fk_region`),
  CONSTRAINT `fk_departements_fk_region` FOREIGN KEY (`fk_region`) REFERENCES `llx_c_regions` (`code_region`)
) ENGINE=InnoDB AUTO_INCREMENT=1492 DEFAULT CHARSET=utf8mb4 COLLATE=utf8mb4_0900_ai_ci;

--
-- Dumping data for table `llx_c_departements`
--

INSERT INTO `llx_c_departements` (`rowid`, `code_departement`, `fk_region`, `cheflieu`, `tncc`, `ncc`, `nom`, `active`) VALUES (1,'0',0,'0',0,'-','-',1),(2,'971',1,'97105',3,'GUADELOUPE','Guadeloupe',1),(3,'972',2,'97209',3,'MARTINIQUE','Martinique',1),(4,'973',3,'97302',3,'GUYANE','Guyane',1),(5,'974',4,'97411',3,'REUNION','Réunion',1),(6,'976',6,'97601',3,'MAYOTTE','Mayotte',1),(7,'01',84,'01053',5,'AIN','Ain',1),(8,'02',32,'02408',5,'AISNE','Aisne',1),(9,'03',84,'03190',5,'ALLIER','Allier',1),(10,'04',93,'04070',4,'ALPES-DE-HAUTE-PROVENCE','Alpes-de-Haute-Provence',1),(11,'05',93,'05061',4,'HAUTES-ALPES','Hautes-Alpes',1),(12,'06',93,'06088',4,'ALPES-MARITIMES','Alpes-Maritimes',1),(13,'07',84,'07186',5,'ARDECHE','Ardèche',1),(14,'08',44,'08105',4,'ARDENNES','Ardennes',1),(15,'09',76,'09122',5,'ARIEGE','Ariège',1),(16,'10',44,'10387',5,'AUBE','Aube',1),(17,'11',76,'11069',5,'AUDE','Aude',1),(18,'12',76,'12202',5,'AVEYRON','Aveyron',1),(19,'13',93,'13055',4,'BOUCHES-DU-RHONE','Bouches-du-Rhône',1),(20,'14',28,'14118',2,'CALVADOS','Calvados',1),(21,'15',84,'15014',2,'CANTAL','Cantal',1),(22,'16',75,'16015',3,'CHARENTE','Charente',1),(23,'17',75,'17300',3,'CHARENTE-MARITIME','Charente-Maritime',1),(24,'18',24,'18033',2,'CHER','Cher',1),(25,'19',75,'19272',3,'CORREZE','Corrèze',1),(26,'2A',94,'2A004',3,'CORSE-DU-SUD','Corse-du-Sud',1),(27,'2B',94,'2B033',3,'HAUTE-CORSE','Haute-Corse',1),(28,'21',27,'21231',3,'COTE-D OR','Côte-d Or',1),(29,'22',53,'22278',4,'COTES-D ARMOR','Côtes-d Armor',1),(30,'23',75,'23096',3,'CREUSE','Creuse',1),(31,'24',75,'24322',3,'DORDOGNE','Dordogne',1),(32,'25',27,'25056',2,'DOUBS','Doubs',1),(33,'26',84,'26362',3,'DROME','Drôme',1),(34,'27',28,'27229',5,'EURE','Eure',1),(35,'28',24,'28085',1,'EURE-ET-LOIR','Eure-et-Loir',1),(36,'29',53,'29232',2,'FINISTERE','Finistère',1),(37,'30',76,'30189',2,'GARD','Gard',1),(38,'31',76,'31555',3,'HAUTE-GARONNE','Haute-Garonne',1),(39,'32',76,'32013',2,'GERS','Gers',1),(40,'33',75,'33063',3,'GIRONDE','Gironde',1),(41,'34',76,'34172',5,'HERAULT','Hérault',1),(42,'35',53,'35238',1,'ILLE-ET-VILAINE','Ille-et-Vilaine',1),(43,'36',24,'36044',5,'INDRE','Indre',1),(44,'37',24,'37261',1,'INDRE-ET-LOIRE','Indre-et-Loire',1),(45,'38',84,'38185',5,'ISERE','Isère',1),(46,'39',27,'39300',2,'JURA','Jura',1),(47,'40',75,'40192',4,'LANDES','Landes',1),(48,'41',24,'41018',0,'LOIR-ET-CHER','Loir-et-Cher',1),(49,'42',84,'42218',3,'LOIRE','Loire',1),(50,'43',84,'43157',3,'HAUTE-LOIRE','Haute-Loire',1),(51,'44',52,'44109',3,'LOIRE-ATLANTIQUE','Loire-Atlantique',1),(52,'45',24,'45234',2,'LOIRET','Loiret',1),(53,'46',76,'46042',2,'LOT','Lot',1),(54,'47',75,'47001',0,'LOT-ET-GARONNE','Lot-et-Garonne',1),(55,'48',76,'48095',3,'LOZERE','Lozère',1),(56,'49',52,'49007',0,'MAINE-ET-LOIRE','Maine-et-Loire',1),(57,'50',28,'50502',3,'MANCHE','Manche',1),(58,'51',44,'51108',3,'MARNE','Marne',1),(59,'52',44,'52121',3,'HAUTE-MARNE','Haute-Marne',1),(60,'53',52,'53130',3,'MAYENNE','Mayenne',1),(61,'54',44,'54395',0,'MEURTHE-ET-MOSELLE','Meurthe-et-Moselle',1),(62,'55',44,'55029',3,'MEUSE','Meuse',1),(63,'56',53,'56260',2,'MORBIHAN','Morbihan',1),(64,'57',44,'57463',3,'MOSELLE','Moselle',1),(65,'58',27,'58194',3,'NIEVRE','Nièvre',1),(66,'59',32,'59350',2,'NORD','Nord',1),(67,'60',32,'60057',5,'OISE','Oise',1),(68,'61',28,'61001',5,'ORNE','Orne',1),(69,'62',32,'62041',2,'PAS-DE-CALAIS','Pas-de-Calais',1),(70,'63',84,'63113',2,'PUY-DE-DOME','Puy-de-Dôme',1),(71,'64',75,'64445',4,'PYRENEES-ATLANTIQUES','Pyrénées-Atlantiques',1),(72,'65',76,'65440',4,'HAUTES-PYRENEES','Hautes-Pyrénées',1),(73,'66',76,'66136',4,'PYRENEES-ORIENTALES','Pyrénées-Orientales',1),(74,'67',44,'67482',2,'BAS-RHIN','Bas-Rhin',1),(75,'68',44,'68066',2,'HAUT-RHIN','Haut-Rhin',1),(76,'69',84,'69123',2,'RHONE','Rhône',1),(77,'70',27,'70550',3,'HAUTE-SAONE','Haute-Saône',1),(78,'71',27,'71270',0,'SAONE-ET-LOIRE','Saône-et-Loire',1),(79,'72',52,'72181',3,'SARTHE','Sarthe',1),(80,'73',84,'73065',3,'SAVOIE','Savoie',1),(81,'74',84,'74010',3,'HAUTE-SAVOIE','Haute-Savoie',1),(82,'75',11,'75056',0,'PARIS','Paris',1),(83,'76',28,'76540',3,'SEINE-MARITIME','Seine-Maritime',1),(84,'77',11,'77288',0,'SEINE-ET-MARNE','Seine-et-Marne',1),(85,'78',11,'78646',4,'YVELINES','Yvelines',1),(86,'79',75,'79191',4,'DEUX-SEVRES','Deux-Sèvres',1),(87,'80',32,'80021',3,'SOMME','Somme',1),(88,'81',76,'81004',2,'TARN','Tarn',1),(89,'82',76,'82121',0,'TARN-ET-GARONNE','Tarn-et-Garonne',1),(90,'83',93,'83137',2,'VAR','Var',1),(91,'84',93,'84007',0,'VAUCLUSE','Vaucluse',1),(92,'85',52,'85191',3,'VENDEE','Vendée',1),(93,'86',75,'86194',3,'VIENNE','Vienne',1),(94,'87',75,'87085',3,'HAUTE-VIENNE','Haute-Vienne',1),(95,'88',44,'88160',4,'VOSGES','Vosges',1),(96,'89',27,'89024',5,'YONNE','Yonne',1),(97,'90',27,'90010',0,'TERRITOIRE DE BELFORT','Territoire de Belfort',1),(98,'91',11,'91228',5,'ESSONNE','Essonne',1),(99,'92',11,'92050',4,'HAUTS-DE-SEINE','Hauts-de-Seine',1),(100,'93',11,'93008',3,'SEINE-SAINT-DENIS','Seine-Saint-Denis',1),(101,'94',11,'94028',2,'VAL-DE-MARNE','Val-de-Marne',1),(102,'95',11,'95500',2,'VAL-D OISE','Val-d Oise',1),(103,'B',4101,NULL,NULL,'BURGENLAND','Burgenland',1),(104,'K',4101,NULL,NULL,'KAERNTEN','Kärnten',1),(105,'N',4101,NULL,NULL,'NIEDEROESTERREICH','Niederösterreich',1),(106,'O',4101,NULL,NULL,'OBEROESTERREICH','Oberösterreich',1),(107,'S',4101,NULL,NULL,'SALZBURG','Salzburg',1),(108,'ST',4101,NULL,NULL,'STEIERMARK','Steiermark',1),(109,'T',4101,NULL,NULL,'TIROL','Tirol',1),(110,'V',4101,NULL,NULL,'VORARLBERG','Vorarlberg',1),(111,'W',4101,NULL,NULL,'WIEN','Wien',1),(112,'01',201,'',1,'ANVERS','Anvers',1),(113,'02',203,'',3,'BRUXELLES-CAPITALE','Bruxelles-Capitale',1),(114,'03',202,'',2,'BRABANT-WALLON','Brabant-Wallon',1),(115,'04',201,'',1,'BRABANT-FLAMAND','Brabant-Flamand',1),(116,'05',201,'',1,'FLANDRE-OCCIDENTALE','Flandre-Occidentale',1),(117,'06',201,'',1,'FLANDRE-ORIENTALE','Flandre-Orientale',1),(118,'07',202,'',2,'HAINAUT','Hainaut',1),(119,'08',201,'',2,'LIEGE','Liège',1),(120,'09',202,'',1,'LIMBOURG','Limbourg',1),(121,'10',202,'',2,'LUXEMBOURG','Luxembourg',1),(122,'11',201,'',2,'NAMUR','Namur',1),(123,'AG',315,NULL,NULL,NULL,'AGRIGENTO',1),(124,'AL',312,NULL,NULL,NULL,'ALESSANDRIA',1),(125,'AN',310,NULL,NULL,NULL,'ANCONA',1),(126,'AO',319,NULL,NULL,NULL,'AOSTA',1),(127,'AR',316,NULL,NULL,NULL,'AREZZO',1),(128,'AP',310,NULL,NULL,NULL,'ASCOLI PICENO',1),(129,'AT',312,NULL,NULL,NULL,'ASTI',1),(130,'AV',304,NULL,NULL,NULL,'AVELLINO',1),(131,'BA',313,NULL,NULL,NULL,'BARI',1),(132,'BT',313,NULL,NULL,NULL,'BARLETTA-ANDRIA-TRANI',1),(133,'BL',320,NULL,NULL,NULL,'BELLUNO',1),(134,'BN',304,NULL,NULL,NULL,'BENEVENTO',1),(135,'BG',309,NULL,NULL,NULL,'BERGAMO',1),(136,'BI',312,NULL,NULL,NULL,'BIELLA',1),(137,'BO',305,NULL,NULL,NULL,'BOLOGNA',1),(138,'BZ',317,NULL,NULL,NULL,'BOLZANO',1),(139,'BS',309,NULL,NULL,NULL,'BRESCIA',1),(140,'BR',313,NULL,NULL,NULL,'BRINDISI',1),(141,'CA',314,NULL,NULL,NULL,'CAGLIARI',1),(142,'CL',315,NULL,NULL,NULL,'CALTANISSETTA',1),(143,'CB',311,NULL,NULL,NULL,'CAMPOBASSO',1),(144,'CI',314,NULL,NULL,NULL,'CARBONIA-IGLESIAS',1),(145,'CE',304,NULL,NULL,NULL,'CASERTA',1),(146,'CT',315,NULL,NULL,NULL,'CATANIA',1),(147,'CZ',303,NULL,NULL,NULL,'CATANZARO',1),(148,'CH',301,NULL,NULL,NULL,'CHIETI',1),(149,'CO',309,NULL,NULL,NULL,'COMO',1),(150,'CS',303,NULL,NULL,NULL,'COSENZA',1),(151,'CR',309,NULL,NULL,NULL,'CREMONA',1),(152,'KR',303,NULL,NULL,NULL,'CROTONE',1),(153,'CN',312,NULL,NULL,NULL,'CUNEO',1),(154,'EN',315,NULL,NULL,NULL,'ENNA',1),(155,'FM',310,NULL,NULL,NULL,'FERMO',1),(156,'FE',305,NULL,NULL,NULL,'FERRARA',1),(157,'FI',316,NULL,NULL,NULL,'FIRENZE',1),(158,'FG',313,NULL,NULL,NULL,'FOGGIA',1),(159,'FC',305,NULL,NULL,NULL,'FORLI-CESENA',1),(160,'FR',307,NULL,NULL,NULL,'FROSINONE',1),(161,'GE',308,NULL,NULL,NULL,'GENOVA',1),(162,'GO',306,NULL,NULL,NULL,'GORIZIA',1),(163,'GR',316,NULL,NULL,NULL,'GROSSETO',1),(164,'IM',308,NULL,NULL,NULL,'IMPERIA',1),(165,'IS',311,NULL,NULL,NULL,'ISERNIA',1),(166,'SP',308,NULL,NULL,NULL,'LA SPEZIA',1),(167,'AQ',301,NULL,NULL,NULL,'L AQUILA',1),(168,'LT',307,NULL,NULL,NULL,'LATINA',1),(169,'LE',313,NULL,NULL,NULL,'LECCE',1),(170,'LC',309,NULL,NULL,NULL,'LECCO',1),(171,'LI',314,NULL,NULL,NULL,'LIVORNO',1),(172,'LO',309,NULL,NULL,NULL,'LODI',1),(173,'LU',316,NULL,NULL,NULL,'LUCCA',1),(174,'MC',310,NULL,NULL,NULL,'MACERATA',1),(175,'MN',309,NULL,NULL,NULL,'MANTOVA',1),(176,'MS',316,NULL,NULL,NULL,'MASSA-CARRARA',1),(177,'MT',302,NULL,NULL,NULL,'MATERA',1),(178,'VS',314,NULL,NULL,NULL,'MEDIO CAMPIDANO',1),(179,'ME',315,NULL,NULL,NULL,'MESSINA',1),(180,'MI',309,NULL,NULL,NULL,'MILANO',1),(181,'MB',309,NULL,NULL,NULL,'MONZA e BRIANZA',1),(182,'MO',305,NULL,NULL,NULL,'MODENA',1),(183,'NA',304,NULL,NULL,NULL,'NAPOLI',1),(184,'NO',312,NULL,NULL,NULL,'NOVARA',1),(185,'NU',314,NULL,NULL,NULL,'NUORO',1),(186,'OG',314,NULL,NULL,NULL,'OGLIASTRA',1),(187,'OT',314,NULL,NULL,NULL,'OLBIA-TEMPIO',1),(188,'OR',314,NULL,NULL,NULL,'ORISTANO',1),(189,'PD',320,NULL,NULL,NULL,'PADOVA',1),(190,'PA',315,NULL,NULL,NULL,'PALERMO',1),(191,'PR',305,NULL,NULL,NULL,'PARMA',1),(192,'PV',309,NULL,NULL,NULL,'PAVIA',1),(193,'PG',318,NULL,NULL,NULL,'PERUGIA',1),(194,'PU',310,NULL,NULL,NULL,'PESARO e URBINO',1),(195,'PE',301,NULL,NULL,NULL,'PESCARA',1),(196,'PC',305,NULL,NULL,NULL,'PIACENZA',1),(197,'PI',316,NULL,NULL,NULL,'PISA',1),(198,'PT',316,NULL,NULL,NULL,'PISTOIA',1),(199,'PN',306,NULL,NULL,NULL,'PORDENONE',1),(200,'PZ',302,NULL,NULL,NULL,'POTENZA',1),(201,'PO',316,NULL,NULL,NULL,'PRATO',1),(202,'RG',315,NULL,NULL,NULL,'RAGUSA',1),(203,'RA',305,NULL,NULL,NULL,'RAVENNA',1),(204,'RC',303,NULL,NULL,NULL,'REGGIO CALABRIA',1),(205,'RE',305,NULL,NULL,NULL,'REGGIO NELL EMILIA',1),(206,'RI',307,NULL,NULL,NULL,'RIETI',1),(207,'RN',305,NULL,NULL,NULL,'RIMINI',1),(208,'RM',307,NULL,NULL,NULL,'ROMA',1),(209,'RO',320,NULL,NULL,NULL,'ROVIGO',1),(210,'SA',304,NULL,NULL,NULL,'SALERNO',1),(211,'SS',314,NULL,NULL,NULL,'SASSARI',1),(212,'SV',308,NULL,NULL,NULL,'SAVONA',1),(213,'SI',316,NULL,NULL,NULL,'SIENA',1),(214,'SR',315,NULL,NULL,NULL,'SIRACUSA',1),(215,'SO',309,NULL,NULL,NULL,'SONDRIO',1),(216,'TA',313,NULL,NULL,NULL,'TARANTO',1),(217,'TE',301,NULL,NULL,NULL,'TERAMO',1),(218,'TR',318,NULL,NULL,NULL,'TERNI',1),(219,'TO',312,NULL,NULL,NULL,'TORINO',1),(220,'TP',315,NULL,NULL,NULL,'TRAPANI',1),(221,'TN',317,NULL,NULL,NULL,'TRENTO',1),(222,'TV',320,NULL,NULL,NULL,'TREVISO',1),(223,'TS',306,NULL,NULL,NULL,'TRIESTE',1),(224,'UD',306,NULL,NULL,NULL,'UDINE',1),(225,'VA',309,NULL,NULL,NULL,'VARESE',1),(226,'VE',320,NULL,NULL,NULL,'VENEZIA',1),(227,'VB',312,NULL,NULL,NULL,'VERBANO-CUSIO-OSSOLA',1),(228,'VC',312,NULL,NULL,NULL,'VERCELLI',1),(229,'VR',320,NULL,NULL,NULL,'VERONA',1),(230,'VV',303,NULL,NULL,NULL,'VIBO VALENTIA',1),(231,'VI',320,NULL,NULL,NULL,'VICENZA',1),(232,'VT',307,NULL,NULL,NULL,'VITERBO',1),(233,'AL01',1301,'',0,'','Wilaya d\'Adrar',1),(234,'AL02',1301,'',0,'','Wilaya de Chlef',1),(235,'AL03',1301,'',0,'','Wilaya de Laghouat',1),(236,'AL04',1301,'',0,'','Wilaya d\'Oum El Bouaghi',1),(237,'AL05',1301,'',0,'','Wilaya de Batna',1),(238,'AL06',1301,'',0,'','Wilaya de Béjaïa',1),(239,'AL07',1301,'',0,'','Wilaya de Biskra',1),(240,'AL08',1301,'',0,'','Wilaya de Béchar',1),(241,'AL09',1301,'',0,'','Wilaya de Blida',1),(242,'AL10',1301,'',0,'','Wilaya de Bouira',1),(243,'AL11',1301,'',0,'','Wilaya de Tamanrasset',1),(244,'AL12',1301,'',0,'','Wilaya de Tébessa',1),(245,'AL13',1301,'',0,'','Wilaya de Tlemcen',1),(246,'AL14',1301,'',0,'','Wilaya de Tiaret',1),(247,'AL15',1301,'',0,'','Wilaya de Tizi Ouzou',1),(248,'AL16',1301,'',0,'','Wilaya d\'Alger',1),(249,'AL17',1301,'',0,'','Wilaya de Djelfa',1),(250,'AL18',1301,'',0,'','Wilaya de Jijel',1),(251,'AL19',1301,'',0,'','Wilaya de Sétif	',1),(252,'AL20',1301,'',0,'','Wilaya de Saïda',1),(253,'AL21',1301,'',0,'','Wilaya de Skikda',1),(254,'AL22',1301,'',0,'','Wilaya de Sidi Bel Abbès',1),(255,'AL23',1301,'',0,'','Wilaya d\'Annaba',1),(256,'AL24',1301,'',0,'','Wilaya de Guelma',1),(257,'AL25',1301,'',0,'','Wilaya de Constantine',1),(258,'AL26',1301,'',0,'','Wilaya de Médéa',1),(259,'AL27',1301,'',0,'','Wilaya de Mostaganem',1),(260,'AL28',1301,'',0,'','Wilaya de M\'Sila',1),(261,'AL29',1301,'',0,'','Wilaya de Mascara',1),(262,'AL30',1301,'',0,'','Wilaya d\'Ouargla',1),(263,'AL31',1301,'',0,'','Wilaya d\'Oran',1),(264,'AL32',1301,'',0,'','Wilaya d\'El Bayadh',1),(265,'AL33',1301,'',0,'','Wilaya d\'Illizi',1),(266,'AL34',1301,'',0,'','Wilaya de Bordj Bou Arreridj',1),(267,'AL35',1301,'',0,'','Wilaya de Boumerdès',1),(268,'AL36',1301,'',0,'','Wilaya d\'El Tarf',1),(269,'AL37',1301,'',0,'','Wilaya de Tindouf',1),(270,'AL38',1301,'',0,'','Wilaya de Tissemsilt',1),(271,'AL39',1301,'',0,'','Wilaya d\'El Oued',1),(272,'AL40',1301,'',0,'','Wilaya de Khenchela',1),(273,'AL41',1301,'',0,'','Wilaya de Souk Ahras',1),(274,'AL42',1301,'',0,'','Wilaya de Tipaza',1),(275,'AL43',1301,'',0,'','Wilaya de Mila',1),(276,'AL44',1301,'',0,'','Wilaya d\'Aïn Defla',1),(277,'AL45',1301,'',0,'','Wilaya de Naâma',1),(278,'AL46',1301,'',0,'','Wilaya d\'Aïn Témouchent',1),(279,'AL47',1301,'',0,'','Wilaya de Ghardaia',1),(280,'AL48',1301,'',0,'','Wilaya de Relizane',1),(281,'MA',1209,'',0,'','Province de Benslimane',1),(282,'MA1',1209,'',0,'','Province de Berrechid',1),(283,'MA2',1209,'',0,'','Province de Khouribga',1),(284,'MA3',1209,'',0,'','Province de Settat',1),(285,'MA4',1210,'',0,'','Province d\'El Jadida',1),(286,'MA5',1210,'',0,'','Province de Safi',1),(287,'MA6',1210,'',0,'','Province de Sidi Bennour',1),(288,'MA7',1210,'',0,'','Province de Youssoufia',1),(289,'MA6B',1205,'',0,'','Préfecture de Fès',1),(290,'MA7B',1205,'',0,'','Province de Boulemane',1),(291,'MA8',1205,'',0,'','Province de Moulay Yacoub',1),(292,'MA9',1205,'',0,'','Province de Sefrou',1),(293,'MA8A',1202,'',0,'','Province de Kénitra',1),(294,'MA9A',1202,'',0,'','Province de Sidi Kacem',1),(295,'MA10',1202,'',0,'','Province de Sidi Slimane',1),(296,'MA11',1208,'',0,'','Préfecture de Casablanca',1),(297,'MA12',1208,'',0,'','Préfecture de Mohammédia',1),(298,'MA13',1208,'',0,'','Province de Médiouna',1),(299,'MA14',1208,'',0,'','Province de Nouaceur',1),(300,'MA15',1214,'',0,'','Province d\'Assa-Zag',1),(301,'MA16',1214,'',0,'','Province d\'Es-Semara',1),(302,'MA17A',1214,'',0,'','Province de Guelmim',1),(303,'MA18',1214,'',0,'','Province de Tata',1),(304,'MA19',1214,'',0,'','Province de Tan-Tan',1),(305,'MA15',1215,'',0,'','Province de Boujdour',1),(306,'MA16',1215,'',0,'','Province de Lâayoune',1),(307,'MA17',1215,'',0,'','Province de Tarfaya',1),(308,'MA18',1211,'',0,'','Préfecture de Marrakech',1),(309,'MA19',1211,'',0,'','Province d\'Al Haouz',1),(310,'MA20',1211,'',0,'','Province de Chichaoua',1),(311,'MA21',1211,'',0,'','Province d\'El Kelâa des Sraghna',1),(312,'MA22',1211,'',0,'','Province d\'Essaouira',1),(313,'MA23',1211,'',0,'','Province de Rehamna',1),(314,'MA24',1206,'',0,'','Préfecture de Meknès',1),(315,'MA25',1206,'',0,'','Province d’El Hajeb',1),(316,'MA26',1206,'',0,'','Province d\'Errachidia',1),(317,'MA27',1206,'',0,'','Province d’Ifrane',1),(318,'MA28',1206,'',0,'','Province de Khénifra',1),(319,'MA29',1206,'',0,'','Province de Midelt',1),(320,'MA30',1204,'',0,'','Préfecture d\'Oujda-Angad',1),(321,'MA31',1204,'',0,'','Province de Berkane',1),(322,'MA32',1204,'',0,'','Province de Driouch',1),(323,'MA33',1204,'',0,'','Province de Figuig',1),(324,'MA34',1204,'',0,'','Province de Jerada',1),(325,'MA35',1204,'',0,'','Province de Nador',1),(326,'MA36',1204,'',0,'','Province de Taourirt',1),(327,'MA37',1216,'',0,'','Province d\'Aousserd',1),(328,'MA38',1216,'',0,'','Province d\'Oued Ed-Dahab',1),(329,'MA39',1207,'',0,'','Préfecture de Rabat',1),(330,'MA40',1207,'',0,'','Préfecture de Skhirat-Témara',1),(331,'MA41',1207,'',0,'','Préfecture de Salé',1),(332,'MA42',1207,'',0,'','Province de Khémisset',1),(333,'MA43',1213,'',0,'','Préfecture d\'Agadir Ida-Outanane',1),(334,'MA44',1213,'',0,'','Préfecture d\'Inezgane-Aït Melloul',1),(335,'MA45',1213,'',0,'','Province de Chtouka-Aït Baha',1),(336,'MA46',1213,'',0,'','Province d\'Ouarzazate',1),(337,'MA47',1213,'',0,'','Province de Sidi Ifni',1),(338,'MA48',1213,'',0,'','Province de Taroudant',1),(339,'MA49',1213,'',0,'','Province de Tinghir',1),(340,'MA50',1213,'',0,'','Province de Tiznit',1),(341,'MA51',1213,'',0,'','Province de Zagora',1),(342,'MA52',1212,'',0,'','Province d\'Azilal',1),(343,'MA53',1212,'',0,'','Province de Beni Mellal',1),(344,'MA54',1212,'',0,'','Province de Fquih Ben Salah',1),(345,'MA55',1201,'',0,'','Préfecture de M\'diq-Fnideq',1),(346,'MA56',1201,'',0,'','Préfecture de Tanger-Asilah',1),(347,'MA57',1201,'',0,'','Province de Chefchaouen',1),(348,'MA58',1201,'',0,'','Province de Fahs-Anjra',1),(349,'MA59',1201,'',0,'','Province de Larache',1),(350,'MA60',1201,'',0,'','Province d\'Ouezzane',1),(351,'MA61',1201,'',0,'','Province de Tétouan',1),(352,'MA62',1203,'',0,'','Province de Guercif',1),(353,'MA63',1203,'',0,'','Province d\'Al Hoceïma',1),(354,'MA64',1203,'',0,'','Province de Taounate',1),(355,'MA65',1203,'',0,'','Province de Taza',1),(356,'MA6A',1205,'',0,'','Préfecture de Fès',1),(357,'MA7A',1205,'',0,'','Province de Boulemane',1),(358,'MA15A',1214,'',0,'','Province d\'Assa-Zag',1),(359,'MA16A',1214,'',0,'','Province d\'Es-Semara',1),(360,'MA18A',1211,'',0,'','Préfecture de Marrakech',1),(361,'MA19A',1214,'',0,'','Province de Tan-Tan',1),(362,'MA19B',1214,'',0,'','Province de Tan-Tan',1),(363,'TN01',1001,'',0,'','Ariana',1),(364,'TN02',1001,'',0,'','Béja',1),(365,'TN03',1001,'',0,'','Ben Arous',1),(366,'TN04',1001,'',0,'','Bizerte',1),(367,'TN05',1001,'',0,'','Gabès',1),(368,'TN06',1001,'',0,'','Gafsa',1),(369,'TN07',1001,'',0,'','Jendouba',1),(370,'TN08',1001,'',0,'','Kairouan',1),(371,'TN09',1001,'',0,'','Kasserine',1),(372,'TN10',1001,'',0,'','Kébili',1),(373,'TN11',1001,'',0,'','La Manouba',1),(374,'TN12',1001,'',0,'','Le Kef',1),(375,'TN13',1001,'',0,'','Mahdia',1),(376,'TN14',1001,'',0,'','Médenine',1),(377,'TN15',1001,'',0,'','Monastir',1),(378,'TN16',1001,'',0,'','Nabeul',1),(379,'TN17',1001,'',0,'','Sfax',1),(380,'TN18',1001,'',0,'','Sidi Bouzid',1),(381,'TN19',1001,'',0,'','Siliana',1),(382,'TN20',1001,'',0,'','Sousse',1),(383,'TN21',1001,'',0,'','Tataouine',1),(384,'TN22',1001,'',0,'','Tozeur',1),(385,'TN23',1001,'',0,'','Tunis',1),(386,'TN24',1001,'',0,'','Zaghouan',1),(387,'001',5201,'',0,'','Belisario Boeto',1),(388,'002',5201,'',0,'','Hernando Siles',1),(389,'003',5201,'',0,'','Jaime Zudáñez',1),(390,'004',5201,'',0,'','Juana Azurduy de Padilla',1),(391,'005',5201,'',0,'','Luis Calvo',1),(392,'006',5201,'',0,'','Nor Cinti',1),(393,'007',5201,'',0,'','Oropeza',1),(394,'008',5201,'',0,'','Sud Cinti',1),(395,'009',5201,'',0,'','Tomina',1),(396,'010',5201,'',0,'','Yamparáez',1),(397,'011',5202,'',0,'','Abel Iturralde',1),(398,'012',5202,'',0,'','Aroma',1),(399,'013',5202,'',0,'','Bautista Saavedra',1),(400,'014',5202,'',0,'','Caranavi',1),(401,'015',5202,'',0,'','Eliodoro Camacho',1),(402,'016',5202,'',0,'','Franz Tamayo',1),(403,'017',5202,'',0,'','Gualberto Villarroel',1),(404,'018',5202,'',0,'','Ingaví',1),(405,'019',5202,'',0,'','Inquisivi',1),(406,'020',5202,'',0,'','José Ramón Loayza',1),(407,'021',5202,'',0,'','Larecaja',1),(408,'022',5202,'',0,'','Los Andes (Bolivia)',1),(409,'023',5202,'',0,'','Manco Kapac',1),(410,'024',5202,'',0,'','Muñecas',1),(411,'025',5202,'',0,'','Nor Yungas',1),(412,'026',5202,'',0,'','Omasuyos',1),(413,'027',5202,'',0,'','Pacajes',1),(414,'028',5202,'',0,'','Pedro Domingo Murillo',1),(415,'029',5202,'',0,'','Sud Yungas',1),(416,'030',5202,'',0,'','General José Manuel Pando',1),(417,'031',5203,'',0,'','Arani',1),(418,'032',5203,'',0,'','Arque',1),(419,'033',5203,'',0,'','Ayopaya',1),(420,'034',5203,'',0,'','Bolívar (Bolivia)',1),(421,'035',5203,'',0,'','Campero',1),(422,'036',5203,'',0,'','Capinota',1),(423,'037',5203,'',0,'','Cercado (Cochabamba)',1),(424,'038',5203,'',0,'','Esteban Arze',1),(425,'039',5203,'',0,'','Germán Jordán',1),(426,'040',5203,'',0,'','José Carrasco',1),(427,'041',5203,'',0,'','Mizque',1),(428,'042',5203,'',0,'','Punata',1),(429,'043',5203,'',0,'','Quillacollo',1),(430,'044',5203,'',0,'','Tapacarí',1),(431,'045',5203,'',0,'','Tiraque',1),(432,'046',5203,'',0,'','Chapare',1),(433,'047',5204,'',0,'','Carangas',1),(434,'048',5204,'',0,'','Cercado (Oruro)',1),(435,'049',5204,'',0,'','Eduardo Avaroa',1),(436,'050',5204,'',0,'','Ladislao Cabrera',1),(437,'051',5204,'',0,'','Litoral de Atacama',1),(438,'052',5204,'',0,'','Mejillones',1),(439,'053',5204,'',0,'','Nor Carangas',1),(440,'054',5204,'',0,'','Pantaleón Dalence',1),(441,'055',5204,'',0,'','Poopó',1),(442,'056',5204,'',0,'','Sabaya',1),(443,'057',5204,'',0,'','Sajama',1),(444,'058',5204,'',0,'','San Pedro de Totora',1),(445,'059',5204,'',0,'','Saucarí',1),(446,'060',5204,'',0,'','Sebastián Pagador',1),(447,'061',5204,'',0,'','Sud Carangas',1),(448,'062',5204,'',0,'','Tomás Barrón',1),(449,'063',5205,'',0,'','Alonso de Ibáñez',1),(450,'064',5205,'',0,'','Antonio Quijarro',1),(451,'065',5205,'',0,'','Bernardino Bilbao',1),(452,'066',5205,'',0,'','Charcas (Potosí)',1),(453,'067',5205,'',0,'','Chayanta',1),(454,'068',5205,'',0,'','Cornelio Saavedra',1),(455,'069',5205,'',0,'','Daniel Campos',1),(456,'070',5205,'',0,'','Enrique Baldivieso',1),(457,'071',5205,'',0,'','José María Linares',1),(458,'072',5205,'',0,'','Modesto Omiste',1),(459,'073',5205,'',0,'','Nor Chichas',1),(460,'074',5205,'',0,'','Nor Lípez',1),(461,'075',5205,'',0,'','Rafael Bustillo',1),(462,'076',5205,'',0,'','Sud Chichas',1),(463,'077',5205,'',0,'','Sud Lípez',1),(464,'078',5205,'',0,'','Tomás Frías',1),(465,'079',5206,'',0,'','Aniceto Arce',1),(466,'080',5206,'',0,'','Burdet O\'Connor',1),(467,'081',5206,'',0,'','Cercado (Tarija)',1),(468,'082',5206,'',0,'','Eustaquio Méndez',1),(469,'083',5206,'',0,'','José María Avilés',1),(470,'084',5206,'',0,'','Gran Chaco',1),(471,'085',5207,'',0,'','Andrés Ibáñez',1),(472,'086',5207,'',0,'','Caballero',1),(473,'087',5207,'',0,'','Chiquitos',1),(474,'088',5207,'',0,'','Cordillera (Bolivia)',1),(475,'089',5207,'',0,'','Florida',1),(476,'090',5207,'',0,'','Germán Busch',1),(477,'091',5207,'',0,'','Guarayos',1),(478,'092',5207,'',0,'','Ichilo',1),(479,'093',5207,'',0,'','Obispo Santistevan',1),(480,'094',5207,'',0,'','Sara',1),(481,'095',5207,'',0,'','Vallegrande',1),(482,'096',5207,'',0,'','Velasco',1),(483,'097',5207,'',0,'','Warnes',1),(484,'098',5207,'',0,'','Ángel Sandóval',1),(485,'099',5207,'',0,'','Ñuflo de Chaves',1),(486,'100',5208,'',0,'','Cercado (Beni)',1),(487,'101',5208,'',0,'','Iténez',1),(488,'102',5208,'',0,'','Mamoré',1),(489,'103',5208,'',0,'','Marbán',1),(490,'104',5208,'',0,'','Moxos',1),(491,'105',5208,'',0,'','Vaca Díez',1),(492,'106',5208,'',0,'','Yacuma',1),(493,'107',5208,'',0,'','General José Ballivián Segurola',1),(494,'108',5209,'',0,'','Abuná',1),(495,'109',5209,'',0,'','Madre de Dios',1),(496,'110',5209,'',0,'','Manuripi',1),(497,'111',5209,'',0,'','Nicolás Suárez',1),(498,'112',5209,'',0,'','General Federico Román',1),(499,'NSW',2801,'',1,'','New South Wales',1),(500,'VIC',2801,'',1,'','Victoria',1),(501,'QLD',2801,'',1,'','Queensland',1),(502,'SA',2801,'',1,'','South Australia',1),(503,'ACT',2801,'',1,'','Australia Capital Territory',1),(504,'TAS',2801,'',1,'','Tasmania',1),(505,'WA',2801,'',1,'','Western Australia',1),(506,'NT',2801,'',1,'','Northern Territory',1),(507,'ON',1401,'',1,'','Ontario',1),(508,'QC',1401,'',1,'','Quebec',1),(509,'NS',1401,'',1,'','Nova Scotia',1),(510,'NB',1401,'',1,'','New Brunswick',1),(511,'MB',1401,'',1,'','Manitoba',1),(512,'BC',1401,'',1,'','British Columbia',1),(513,'PE',1401,'',1,'','Prince Edward Island',1),(514,'SK',1401,'',1,'','Saskatchewan',1),(515,'AB',1401,'',1,'','Alberta',1),(516,'NL',1401,'',1,'','Newfoundland and Labrador',1),(517,'VI',419,'01',19,'ALAVA','Álava',1),(518,'AB',404,'02',4,'ALBACETE','Albacete',1),(519,'A',411,'03',11,'ALICANTE','Alicante',1),(520,'AL',401,'04',1,'ALMERIA','Almería',1),(521,'O',418,'33',18,'ASTURIAS','Asturias',1),(522,'AV',403,'05',3,'AVILA','Ávila',1),(523,'BA',412,'06',12,'BADAJOZ','Badajoz',1),(524,'B',406,'08',6,'BARCELONA','Barcelona',1),(525,'BU',403,'09',8,'BURGOS','Burgos',1),(526,'CC',412,'10',12,'CACERES','Cáceres',1),(527,'CA',401,'11',1,'CADIZ','Cádiz',1),(528,'S',410,'39',10,'CANTABRIA','Cantabria',1),(529,'CS',411,'12',11,'CASTELLON','Castellón',1),(530,'CE',407,'51',7,'CEUTA','Ceuta',1),(531,'CR',404,'13',4,'CIUDAD REAL','Ciudad Real',1),(532,'CO',401,'14',1,'CORDOBA','Córdoba',1),(533,'CU',404,'16',4,'CUENCA','Cuenca',1),(534,'GI',406,'17',6,'GERONA','Gerona',1),(535,'GR',401,'18',1,'GRANADA','Granada',1),(536,'GU',404,'19',4,'GUADALAJARA','Guadalajara',1),(537,'SS',419,'20',19,'GUIPUZCOA','Guipúzcoa',1),(538,'H',401,'21',1,'HUELVA','Huelva',1),(539,'HU',402,'22',2,'HUESCA','Huesca',1),(540,'PM',414,'07',14,'ISLAS BALEARES','Islas Baleares',1),(541,'J',401,'23',1,'JAEN','Jaén',1),(542,'C',413,'15',13,'LA CORUÑA','La Coruña',1),(543,'LO',415,'26',15,'LA RIOJA','La Rioja',1),(544,'GC',405,'35',5,'LAS PALMAS','Las Palmas',1),(545,'LE',403,'24',3,'LEON','León',1),(546,'L',406,'25',6,'LERIDA','Lérida',1),(547,'LU',413,'27',13,'LUGO','Lugo',1),(548,'M',416,'28',16,'MADRID','Madrid',1),(549,'MA',401,'29',1,'MALAGA','Málaga',1),(550,'ML',409,'52',9,'MELILLA','Melilla',1),(551,'MU',417,'30',17,'MURCIA','Murcia',1),(552,'NA',408,'31',8,'NAVARRA','Navarra',1),(553,'OR',413,'32',13,'ORENSE','Orense',1),(554,'P',403,'34',3,'PALENCIA','Palencia',1),(555,'PO',413,'36',13,'PONTEVEDRA','Pontevedra',1),(556,'SA',403,'37',3,'SALAMANCA','Salamanca',1),(557,'TF',405,'38',5,'STA. CRUZ DE TENERIFE','Santa Cruz de Tenerife',1),(558,'SG',403,'40',3,'SEGOVIA','Segovia',1),(559,'SE',401,'41',1,'SEVILLA','Sevilla',1),(560,'SO',403,'42',3,'SORIA','Soria',1),(561,'T',406,'43',6,'TARRAGONA','Tarragona',1),(562,'TE',402,'44',2,'TERUEL','Teruel',1),(563,'TO',404,'45',5,'TOLEDO','Toledo',1),(564,'V',411,'46',11,'VALENCIA','Valencia',1),(565,'VA',403,'47',3,'VALLADOLID','Valladolid',1),(566,'BI',419,'48',19,'VIZCAYA','Vizcaya',1),(567,'ZA',403,'49',3,'ZAMORA','Zamora',1),(568,'Z',402,'50',1,'ZARAGOZA','Zaragoza',1),(569,'BW',501,NULL,NULL,'BADEN-WÜRTTEMBERG','Baden-Württemberg',1),(570,'BY',501,NULL,NULL,'BAYERN','Bayern',1),(571,'BE',501,NULL,NULL,'BERLIN','Berlin',1),(572,'BB',501,NULL,NULL,'BRANDENBURG','Brandenburg',1),(573,'HB',501,NULL,NULL,'BREMEN','Bremen',1),(574,'HH',501,NULL,NULL,'HAMBURG','Hamburg',1),(575,'HE',501,NULL,NULL,'HESSEN','Hessen',1),(576,'MV',501,NULL,NULL,'MECKLENBURG-VORPOMMERN','Mecklenburg-Vorpommern',1),(577,'NI',501,NULL,NULL,'NIEDERSACHSEN','Niedersachsen',1),(578,'NW',501,NULL,NULL,'NORDRHEIN-WESTFALEN','Nordrhein-Westfalen',1),(579,'RP',501,NULL,NULL,'RHEINLAND-PFALZ','Rheinland-Pfalz',1),(580,'SL',501,NULL,NULL,'SAARLAND','Saarland',1),(581,'SN',501,NULL,NULL,'SACHSEN','Sachsen',1),(582,'ST',501,NULL,NULL,'SACHSEN-ANHALT','Sachsen-Anhalt',1),(583,'SH',501,NULL,NULL,'SCHLESWIG-HOLSTEIN','Schleswig-Holstein',1),(584,'TH',501,NULL,NULL,'THÜRINGEN','Thüringen',1),(585,'66',10201,'',0,'','Αθήνα',1),(586,'67',10205,'',0,'','Δράμα',1),(587,'01',10205,'',0,'','Έβρος',1),(588,'02',10205,'',0,'','Θάσος',1),(589,'03',10205,'',0,'','Καβάλα',1),(590,'04',10205,'',0,'','Ξάνθη',1),(591,'05',10205,'',0,'','Ροδόπη',1),(592,'06',10203,'',0,'','Ημαθία',1),(593,'07',10203,'',0,'','Θεσσαλονίκη',1),(594,'08',10203,'',0,'','Κιλκίς',1),(595,'09',10203,'',0,'','Πέλλα',1),(596,'10',10203,'',0,'','Πιερία',1),(597,'11',10203,'',0,'','Σέρρες',1),(598,'12',10203,'',0,'','Χαλκιδική',1),(599,'13',10206,'',0,'','Άρτα',1),(600,'14',10206,'',0,'','Θεσπρωτία',1),(601,'15',10206,'',0,'','Ιωάννινα',1),(602,'16',10206,'',0,'','Πρέβεζα',1),(603,'17',10213,'',0,'','Γρεβενά',1),(604,'18',10213,'',0,'','Καστοριά',1),(605,'19',10213,'',0,'','Κοζάνη',1),(606,'20',10213,'',0,'','Φλώρινα',1),(607,'21',10212,'',0,'','Καρδίτσα',1),(608,'22',10212,'',0,'','Λάρισα',1),(609,'23',10212,'',0,'','Μαγνησία',1),(610,'24',10212,'',0,'','Τρίκαλα',1),(611,'25',10212,'',0,'','Σποράδες',1),(612,'26',10212,'',0,'','Βοιωτία',1),(613,'27',10202,'',0,'','Εύβοια',1),(614,'28',10202,'',0,'','Ευρυτανία',1),(615,'29',10202,'',0,'','Φθιώτιδα',1),(616,'30',10202,'',0,'','Φωκίδα',1),(617,'31',10209,'',0,'','Αργολίδα',1),(618,'32',10209,'',0,'','Αρκαδία',1),(619,'33',10209,'',0,'','Κορινθία',1),(620,'34',10209,'',0,'','Λακωνία',1),(621,'35',10209,'',0,'','Μεσσηνία',1),(622,'36',10211,'',0,'','Αιτωλοακαρνανία',1),(623,'37',10211,'',0,'','Αχαΐα',1),(624,'38',10211,'',0,'','Ηλεία',1),(625,'39',10207,'',0,'','Ζάκυνθος',1),(626,'40',10207,'',0,'','Κέρκυρα',1),(627,'41',10207,'',0,'','Κεφαλληνία',1),(628,'42',10207,'',0,'','Ιθάκη',1),(629,'43',10207,'',0,'','Λευκάδα',1),(630,'44',10208,'',0,'','Ικαρία',1),(631,'45',10208,'',0,'','Λέσβος',1),(632,'46',10208,'',0,'','Λήμνος',1),(633,'47',10208,'',0,'','Σάμος',1),(634,'48',10208,'',0,'','Χίος',1),(635,'49',10210,'',0,'','Άνδρος',1),(636,'50',10210,'',0,'','Θήρα',1),(637,'51',10210,'',0,'','Κάλυμνος',1),(638,'52',10210,'',0,'','Κάρπαθος',1),(639,'53',10210,'',0,'','Κέα-Κύθνος',1),(640,'54',10210,'',0,'','Κω',1),(641,'55',10210,'',0,'','Μήλος',1),(642,'56',10210,'',0,'','Μύκονος',1),(643,'57',10210,'',0,'','Νάξος',1),(644,'58',10210,'',0,'','Πάρος',1),(645,'59',10210,'',0,'','Ρόδος',1),(646,'60',10210,'',0,'','Σύρος',1),(647,'61',10210,'',0,'','Τήνος',1),(648,'62',10204,'',0,'','Ηράκλειο',1),(649,'63',10204,'',0,'','Λασίθι',1),(650,'64',10204,'',0,'','Ρέθυμνο',1),(651,'65',10204,'',0,'','Χανιά',1),(652,'AG',601,NULL,NULL,'ARGOVIE','Argovie',1),(653,'AI',601,NULL,NULL,'APPENZELL RHODES INTERIEURES','Appenzell Rhodes intérieures',1),(654,'AR',601,NULL,NULL,'APPENZELL RHODES EXTERIEURES','Appenzell Rhodes extérieures',1),(655,'BE',601,NULL,NULL,'BERNE','Berne',1),(656,'BL',601,NULL,NULL,'BALE CAMPAGNE','Bâle Campagne',1),(657,'BS',601,NULL,NULL,'BALE VILLE','Bâle Ville',1),(658,'FR',601,NULL,NULL,'FRIBOURG','Fribourg',1),(659,'GE',601,NULL,NULL,'GENEVE','Genève',1),(660,'GL',601,NULL,NULL,'GLARIS','Glaris',1),(661,'GR',601,NULL,NULL,'GRISONS','Grisons',1),(662,'JU',601,NULL,NULL,'JURA','Jura',1),(663,'LU',601,NULL,NULL,'LUCERNE','Lucerne',1),(664,'NE',601,NULL,NULL,'NEUCHATEL','Neuchâtel',1),(665,'NW',601,NULL,NULL,'NIDWALD','Nidwald',1),(666,'OW',601,NULL,NULL,'OBWALD','Obwald',1),(667,'SG',601,NULL,NULL,'SAINT-GALL','Saint-Gall',1),(668,'SH',601,NULL,NULL,'SCHAFFHOUSE','Schaffhouse',1),(669,'SO',601,NULL,NULL,'SOLEURE','Soleure',1),(670,'SZ',601,NULL,NULL,'SCHWYZ','Schwyz',1),(671,'TG',601,NULL,NULL,'THURGOVIE','Thurgovie',1),(672,'TI',601,NULL,NULL,'TESSIN','Tessin',1),(673,'UR',601,NULL,NULL,'URI','Uri',1),(674,'VD',601,NULL,NULL,'VAUD','Vaud',1),(675,'VS',601,NULL,NULL,'VALAIS','Valais',1),(676,'ZG',601,NULL,NULL,'ZUG','Zug',1),(677,'ZH',601,NULL,NULL,'ZURICH','Zürich',1),(678,'701',701,NULL,0,NULL,'Bedfordshire',1),(679,'702',701,NULL,0,NULL,'Berkshire',1),(680,'703',701,NULL,0,NULL,'Bristol, City of',1),(681,'704',701,NULL,0,NULL,'Buckinghamshire',1),(682,'705',701,NULL,0,NULL,'Cambridgeshire',1),(683,'706',701,NULL,0,NULL,'Cheshire',1),(684,'707',701,NULL,0,NULL,'Cleveland',1),(685,'708',701,NULL,0,NULL,'Cornwall',1),(686,'709',701,NULL,0,NULL,'Cumberland',1),(687,'710',701,NULL,0,NULL,'Cumbria',1),(688,'711',701,NULL,0,NULL,'Derbyshire',1),(689,'712',701,NULL,0,NULL,'Devon',1),(690,'713',701,NULL,0,NULL,'Dorset',1),(691,'714',701,NULL,0,NULL,'Co. Durham',1),(692,'715',701,NULL,0,NULL,'East Riding of Yorkshire',1),(693,'716',701,NULL,0,NULL,'East Sussex',1),(694,'717',701,NULL,0,NULL,'Essex',1),(695,'718',701,NULL,0,NULL,'Gloucestershire',1),(696,'719',701,NULL,0,NULL,'Greater Manchester',1),(697,'720',701,NULL,0,NULL,'Hampshire',1),(698,'721',701,NULL,0,NULL,'Hertfordshire',1),(699,'722',701,NULL,0,NULL,'Hereford and Worcester',1),(700,'723',701,NULL,0,NULL,'Herefordshire',1),(701,'724',701,NULL,0,NULL,'Huntingdonshire',1),(702,'725',701,NULL,0,NULL,'Isle of Man',1),(703,'726',701,NULL,0,NULL,'Isle of Wight',1),(704,'727',701,NULL,0,NULL,'Jersey',1),(705,'728',701,NULL,0,NULL,'Kent',1),(706,'729',701,NULL,0,NULL,'Lancashire',1),(707,'730',701,NULL,0,NULL,'Leicestershire',1),(708,'731',701,NULL,0,NULL,'Lincolnshire',1),(709,'732',701,NULL,0,NULL,'London - City of London',1),(710,'733',701,NULL,0,NULL,'Merseyside',1),(711,'734',701,NULL,0,NULL,'Middlesex',1),(712,'735',701,NULL,0,NULL,'Norfolk',1),(713,'736',701,NULL,0,NULL,'North Yorkshire',1),(714,'737',701,NULL,0,NULL,'North Riding of Yorkshire',1),(715,'738',701,NULL,0,NULL,'Northamptonshire',1),(716,'739',701,NULL,0,NULL,'Northumberland',1),(717,'740',701,NULL,0,NULL,'Nottinghamshire',1),(718,'741',701,NULL,0,NULL,'Oxfordshire',1),(719,'742',701,NULL,0,NULL,'Rutland',1),(720,'743',701,NULL,0,NULL,'Shropshire',1),(721,'744',701,NULL,0,NULL,'Somerset',1),(722,'745',701,NULL,0,NULL,'Staffordshire',1),(723,'746',701,NULL,0,NULL,'Suffolk',1),(724,'747',701,NULL,0,NULL,'Surrey',1),(725,'748',701,NULL,0,NULL,'Sussex',1),(726,'749',701,NULL,0,NULL,'Tyne and Wear',1),(727,'750',701,NULL,0,NULL,'Warwickshire',1),(728,'751',701,NULL,0,NULL,'West Midlands',1),(729,'752',701,NULL,0,NULL,'West Sussex',1),(730,'753',701,NULL,0,NULL,'West Yorkshire',1),(731,'754',701,NULL,0,NULL,'West Riding of Yorkshire',1),(732,'755',701,NULL,0,NULL,'Wiltshire',1),(733,'756',701,NULL,0,NULL,'Worcestershire',1),(734,'757',701,NULL,0,NULL,'Yorkshire',1),(735,'758',702,NULL,0,NULL,'Anglesey',1),(736,'759',702,NULL,0,NULL,'Breconshire',1),(737,'760',702,NULL,0,NULL,'Caernarvonshire',1),(738,'761',702,NULL,0,NULL,'Cardiganshire',1),(739,'762',702,NULL,0,NULL,'Carmarthenshire',1),(740,'763',702,NULL,0,NULL,'Ceredigion',1),(741,'764',702,NULL,0,NULL,'Denbighshire',1),(742,'765',702,NULL,0,NULL,'Flintshire',1),(743,'766',702,NULL,0,NULL,'Glamorgan',1),(744,'767',702,NULL,0,NULL,'Gwent',1),(745,'768',702,NULL,0,NULL,'Gwynedd',1),(746,'769',702,NULL,0,NULL,'Merionethshire',1),(747,'770',702,NULL,0,NULL,'Monmouthshire',1),(748,'771',702,NULL,0,NULL,'Mid Glamorgan',1),(749,'772',702,NULL,0,NULL,'Montgomeryshire',1),(750,'773',702,NULL,0,NULL,'Pembrokeshire',1),(751,'774',702,NULL,0,NULL,'Powys',1),(752,'775',702,NULL,0,NULL,'Radnorshire',1),(753,'776',702,NULL,0,NULL,'South Glamorgan',1),(754,'777',703,NULL,0,NULL,'Aberdeen, City of',1),(755,'778',703,NULL,0,NULL,'Angus',1),(756,'779',703,NULL,0,NULL,'Argyll',1),(757,'780',703,NULL,0,NULL,'Ayrshire',1),(758,'781',703,NULL,0,NULL,'Banffshire',1),(759,'782',703,NULL,0,NULL,'Berwickshire',1),(760,'783',703,NULL,0,NULL,'Bute',1),(761,'784',703,NULL,0,NULL,'Caithness',1),(762,'785',703,NULL,0,NULL,'Clackmannanshire',1),(763,'786',703,NULL,0,NULL,'Dumfriesshire',1),(764,'787',703,NULL,0,NULL,'Dumbartonshire',1),(765,'788',703,NULL,0,NULL,'Dundee, City of',1),(766,'789',703,NULL,0,NULL,'East Lothian',1),(767,'790',703,NULL,0,NULL,'Fife',1),(768,'791',703,NULL,0,NULL,'Inverness',1),(769,'792',703,NULL,0,NULL,'Kincardineshire',1),(770,'793',703,NULL,0,NULL,'Kinross-shire',1),(771,'794',703,NULL,0,NULL,'Kirkcudbrightshire',1),(772,'795',703,NULL,0,NULL,'Lanarkshire',1),(773,'796',703,NULL,0,NULL,'Midlothian',1),(774,'797',703,NULL,0,NULL,'Morayshire',1),(775,'798',703,NULL,0,NULL,'Nairnshire',1),(776,'799',703,NULL,0,NULL,'Orkney',1),(777,'800',703,NULL,0,NULL,'Peebleshire',1),(778,'801',703,NULL,0,NULL,'Perthshire',1),(779,'802',703,NULL,0,NULL,'Renfrewshire',1),(780,'803',703,NULL,0,NULL,'Ross & Cromarty',1),(781,'804',703,NULL,0,NULL,'Roxburghshire',1),(782,'805',703,NULL,0,NULL,'Selkirkshire',1),(783,'806',703,NULL,0,NULL,'Shetland',1),(784,'807',703,NULL,0,NULL,'Stirlingshire',1),(785,'808',703,NULL,0,NULL,'Sutherland',1),(786,'809',703,NULL,0,NULL,'West Lothian',1),(787,'810',703,NULL,0,NULL,'Wigtownshire',1),(788,'811',704,NULL,0,NULL,'Antrim',1),(789,'812',704,NULL,0,NULL,'Armagh',1),(790,'813',704,NULL,0,NULL,'Co. Down',1),(791,'814',704,NULL,0,NULL,'Co. Fermanagh',1),(792,'815',704,NULL,0,NULL,'Co. Londonderry',1),(793,'AL',1101,'',0,'ALABAMA','Alabama',1),(794,'AK',1101,'',0,'ALASKA','Alaska',1),(795,'AZ',1101,'',0,'ARIZONA','Arizona',1),(796,'AR',1101,'',0,'ARKANSAS','Arkansas',1),(797,'CA',1101,'',0,'CALIFORNIA','California',1),(798,'CO',1101,'',0,'COLORADO','Colorado',1),(799,'CT',1101,'',0,'CONNECTICUT','Connecticut',1),(800,'DE',1101,'',0,'DELAWARE','Delaware',1),(801,'FL',1101,'',0,'FLORIDA','Florida',1),(802,'GA',1101,'',0,'GEORGIA','Georgia',1),(803,'HI',1101,'',0,'HAWAII','Hawaii',1),(804,'ID',1101,'',0,'IDAHO','Idaho',1),(805,'IL',1101,'',0,'ILLINOIS','Illinois',1),(806,'IN',1101,'',0,'INDIANA','Indiana',1),(807,'IA',1101,'',0,'IOWA','Iowa',1),(808,'KS',1101,'',0,'KANSAS','Kansas',1),(809,'KY',1101,'',0,'KENTUCKY','Kentucky',1),(810,'LA',1101,'',0,'LOUISIANA','Louisiana',1),(811,'ME',1101,'',0,'MAINE','Maine',1),(812,'MD',1101,'',0,'MARYLAND','Maryland',1),(813,'MA',1101,'',0,'MASSACHUSSETTS','Massachusetts',1),(814,'MI',1101,'',0,'MICHIGAN','Michigan',1),(815,'MN',1101,'',0,'MINNESOTA','Minnesota',1),(816,'MS',1101,'',0,'MISSISSIPPI','Mississippi',1),(817,'MO',1101,'',0,'MISSOURI','Missouri',1),(818,'MT',1101,'',0,'MONTANA','Montana',1),(819,'NE',1101,'',0,'NEBRASKA','Nebraska',1),(820,'NV',1101,'',0,'NEVADA','Nevada',1),(821,'NH',1101,'',0,'NEW HAMPSHIRE','New Hampshire',1),(822,'NJ',1101,'',0,'NEW JERSEY','New Jersey',1),(823,'NM',1101,'',0,'NEW MEXICO','New Mexico',1),(824,'NY',1101,'',0,'NEW YORK','New York',1),(825,'NC',1101,'',0,'NORTH CAROLINA','North Carolina',1),(826,'ND',1101,'',0,'NORTH DAKOTA','North Dakota',1),(827,'OH',1101,'',0,'OHIO','Ohio',1),(828,'OK',1101,'',0,'OKLAHOMA','Oklahoma',1),(829,'OR',1101,'',0,'OREGON','Oregon',1),(830,'PA',1101,'',0,'PENNSYLVANIA','Pennsylvania',1),(831,'RI',1101,'',0,'RHODE ISLAND','Rhode Island',1),(832,'SC',1101,'',0,'SOUTH CAROLINA','South Carolina',1),(833,'SD',1101,'',0,'SOUTH DAKOTA','South Dakota',1),(834,'TN',1101,'',0,'TENNESSEE','Tennessee',1),(835,'TX',1101,'',0,'TEXAS','Texas',1),(836,'UT',1101,'',0,'UTAH','Utah',1),(837,'VT',1101,'',0,'VERMONT','Vermont',1),(838,'VA',1101,'',0,'VIRGINIA','Virginia',1),(839,'WA',1101,'',0,'WASHINGTON','Washington',1),(840,'WV',1101,'',0,'WEST VIRGINIA','West Virginia',1),(841,'WI',1101,'',0,'WISCONSIN','Wisconsin',1),(842,'WY',1101,'',0,'WYOMING','Wyoming',1),(843,'GR',1701,NULL,NULL,NULL,'Groningen',1),(844,'FR',1701,NULL,NULL,NULL,'Friesland',1),(845,'DR',1701,NULL,NULL,NULL,'Drenthe',1),(846,'OV',1701,NULL,NULL,NULL,'Overijssel',1),(847,'GD',1701,NULL,NULL,NULL,'Gelderland',1),(848,'FL',1701,NULL,NULL,NULL,'Flevoland',1),(849,'UT',1701,NULL,NULL,NULL,'Utrecht',1),(850,'NH',1701,NULL,NULL,NULL,'Noord-Holland',1),(851,'ZH',1701,NULL,NULL,NULL,'Zuid-Holland',1),(852,'ZL',1701,NULL,NULL,NULL,'Zeeland',1),(853,'NB',1701,NULL,NULL,NULL,'Noord-Brabant',1),(854,'LB',1701,NULL,NULL,NULL,'Limburg',1),(855,'SS',8601,'',0,'','San Salvador',1),(856,'SA',8603,'',0,'','Santa Ana',1),(857,'AH',8603,'',0,'','Ahuachapan',1),(858,'SO',8603,'',0,'','Sonsonate',1),(859,'US',8602,'',0,'','Usulutan',1),(860,'SM',8602,'',0,'','San Miguel',1),(861,'MO',8602,'',0,'','Morazan',1),(862,'LU',8602,'',0,'','La Union',1),(863,'LL',8601,'',0,'','La Libertad',1),(864,'CH',8601,'',0,'','Chalatenango',1),(865,'CA',8601,'',0,'','Cabañas',1),(866,'LP',8601,'',0,'','La Paz',1),(867,'SV',8601,'',0,'','San Vicente',1),(868,'CU',8601,'',0,'','Cuscatlan',1),(869,'2301',2301,'',0,'CATAMARCA','Catamarca',1),(870,'2302',2301,'',0,'JUJUY','Jujuy',1),(871,'2303',2301,'',0,'TUCAMAN','Tucamán',1),(872,'2304',2301,'',0,'SANTIAGO DEL ESTERO','Santiago del Estero',1),(873,'2305',2301,'',0,'SALTA','Salta',1),(874,'2306',2302,'',0,'CHACO','Chaco',1),(875,'2307',2302,'',0,'CORRIENTES','Corrientes',1),(876,'2308',2302,'',0,'ENTRE RIOS','Entre Ríos',1),(877,'2309',2302,'',0,'FORMOSA','Formosa',1),(878,'2310',2302,'',0,'SANTA FE','Santa Fe',1),(879,'2311',2303,'',0,'LA RIOJA','La Rioja',1),(880,'2312',2303,'',0,'MENDOZA','Mendoza',1),(881,'2313',2303,'',0,'SAN JUAN','San Juan',1),(882,'2314',2303,'',0,'SAN LUIS','San Luis',1),(883,'2315',2304,'',0,'CORDOBA','Córdoba',1),(884,'2316',2304,'',0,'BUENOS AIRES','Buenos Aires',1),(885,'2317',2304,'',0,'CABA','Caba',1),(886,'2318',2305,'',0,'LA PAMPA','La Pampa',1),(887,'2319',2305,'',0,'NEUQUEN','Neuquén',1),(888,'2320',2305,'',0,'RIO NEGRO','Río Negro',1),(889,'2321',2305,'',0,'CHUBUT','Chubut',1),(890,'2322',2305,'',0,'SANTA CRUZ','Santa Cruz',1),(891,'2323',2305,'',0,'TIERRA DEL FUEGO','Tierra del Fuego',1),(892,'2324',2305,'',0,'ISLAS MALVINAS','Islas Malvinas',1),(893,'2325',2305,'',0,'ANTARTIDA','Antártida',1),(894,'2326',2305,'',0,'MISIONES','Misiones',1),(895,'CC',4601,'Oistins',0,'CC','Christ Church',1),(896,'SA',4601,'Greenland',0,'SA','Saint Andrew',1),(897,'SG',4601,'Bulkeley',0,'SG','Saint George',1),(898,'JA',4601,'Holetown',0,'JA','Saint James',1),(899,'SJ',4601,'Four Roads',0,'SJ','Saint John',1),(900,'SB',4601,'Bathsheba',0,'SB','Saint Joseph',1),(901,'SL',4601,'Crab Hill',0,'SL','Saint Lucy',1),(902,'SM',4601,'Bridgetown',0,'SM','Saint Michael',1),(903,'SP',4601,'Speightstown',0,'SP','Saint Peter',1),(904,'SC',4601,'Crane',0,'SC','Saint Philip',1),(905,'ST',4601,'Hillaby',0,'ST','Saint Thomas',1),(906,'AC',5601,'ACRE',0,'AC','Acre',1),(907,'AL',5601,'ALAGOAS',0,'AL','Alagoas',1),(908,'AP',5601,'AMAPA',0,'AP','Amapá',1),(909,'AM',5601,'AMAZONAS',0,'AM','Amazonas',1),(910,'BA',5601,'BAHIA',0,'BA','Bahia',1),(911,'CE',5601,'CEARA',0,'CE','Ceará',1),(912,'ES',5601,'ESPIRITO SANTO',0,'ES','Espirito Santo',1),(913,'GO',5601,'GOIAS',0,'GO','Goiás',1),(914,'MA',5601,'MARANHAO',0,'MA','Maranhão',1),(915,'MT',5601,'MATO GROSSO',0,'MT','Mato Grosso',1),(916,'MS',5601,'MATO GROSSO DO SUL',0,'MS','Mato Grosso do Sul',1),(917,'MG',5601,'MINAS GERAIS',0,'MG','Minas Gerais',1),(918,'PA',5601,'PARA',0,'PA','Pará',1),(919,'PB',5601,'PARAIBA',0,'PB','Paraiba',1),(920,'PR',5601,'PARANA',0,'PR','Paraná',1),(921,'PE',5601,'PERNAMBUCO',0,'PE','Pernambuco',1),(922,'PI',5601,'PIAUI',0,'PI','Piauí',1),(923,'RJ',5601,'RIO DE JANEIRO',0,'RJ','Rio de Janeiro',1),(924,'RN',5601,'RIO GRANDE DO NORTE',0,'RN','Rio Grande do Norte',1),(925,'RS',5601,'RIO GRANDE DO SUL',0,'RS','Rio Grande do Sul',1),(926,'RO',5601,'RONDONIA',0,'RO','Rondônia',1),(927,'RR',5601,'RORAIMA',0,'RR','Roraima',1),(928,'SC',5601,'SANTA CATARINA',0,'SC','Santa Catarina',1),(929,'SE',5601,'SERGIPE',0,'SE','Sergipe',1),(930,'SP',5601,'SAO PAULO',0,'SP','Sao Paulo',1),(931,'TO',5601,'TOCANTINS',0,'TO','Tocantins',1),(932,'DF',5601,'DISTRITO FEDERAL',0,'DF','Distrito Federal',1),(933,'151',6715,'',0,'151','Arica',1),(934,'152',6715,'',0,'152','Parinacota',1),(935,'011',6701,'',0,'011','Iquique',1),(936,'014',6701,'',0,'014','Tamarugal',1),(937,'021',6702,'',0,'021','Antofagasa',1),(938,'022',6702,'',0,'022','El Loa',1),(939,'023',6702,'',0,'023','Tocopilla',1),(940,'031',6703,'',0,'031','Copiapó',1),(941,'032',6703,'',0,'032','Chañaral',1),(942,'033',6703,'',0,'033','Huasco',1),(943,'041',6704,'',0,'041','Elqui',1),(944,'042',6704,'',0,'042','Choapa',1),(945,'043',6704,'',0,'043','Limarí',1),(946,'051',6705,'',0,'051','Valparaíso',1),(947,'052',6705,'',0,'052','Isla de Pascua',1),(948,'053',6705,'',0,'053','Los Andes',1),(949,'054',6705,'',0,'054','Petorca',1),(950,'055',6705,'',0,'055','Quillota',1),(951,'056',6705,'',0,'056','San Antonio',1),(952,'057',6705,'',0,'057','San Felipe de Aconcagua',1),(953,'058',6705,'',0,'058','Marga Marga',1),(954,'061',6706,'',0,'061','Cachapoal',1),(955,'062',6706,'',0,'062','Cardenal Caro',1),(956,'063',6706,'',0,'063','Colchagua',1),(957,'071',6707,'',0,'071','Talca',1),(958,'072',6707,'',0,'072','Cauquenes',1),(959,'073',6707,'',0,'073','Curicó',1),(960,'074',6707,'',0,'074','Linares',1),(961,'081',6708,'',0,'081','Concepción',1),(962,'082',6708,'',0,'082','Arauco',1),(963,'083',6708,'',0,'083','Biobío',1),(964,'084',6708,'',0,'084','Ñuble',1),(965,'091',6709,'',0,'091','Cautín',1),(966,'092',6709,'',0,'092','Malleco',1),(967,'141',6714,'',0,'141','Valdivia',1),(968,'142',6714,'',0,'142','Ranco',1),(969,'101',6710,'',0,'101','Llanquihue',1),(970,'102',6710,'',0,'102','Chiloé',1),(971,'103',6710,'',0,'103','Osorno',1),(972,'104',6710,'',0,'104','Palena',1),(973,'111',6711,'',0,'111','Coihaique',1),(974,'112',6711,'',0,'112','Aisén',1),(975,'113',6711,'',0,'113','Capitán Prat',1),(976,'114',6711,'',0,'114','General Carrera',1),(977,'121',6712,'',0,'121','Magallanes',1),(978,'122',6712,'',0,'122','Antártica Chilena',1),(979,'123',6712,'',0,'123','Tierra del Fuego',1),(980,'124',6712,'',0,'124','Última Esperanza',1),(981,'131',6713,'',0,'131','Santiago',1),(982,'132',6713,'',0,'132','Cordillera',1),(983,'133',6713,'',0,'133','Chacabuco',1),(984,'134',6713,'',0,'134','Maipo',1),(985,'135',6713,'',0,'135','Melipilla',1),(986,'136',6713,'',0,'136','Talagante',1),(987,'AN',11701,NULL,0,'AN','Andaman & Nicobar',1),(988,'AP',11701,NULL,0,'AP','Andhra Pradesh',1),(989,'AR',11701,NULL,0,'AR','Arunachal Pradesh',1),(990,'AS',11701,NULL,0,'AS','Assam',1),(991,'BR',11701,NULL,0,'BR','Bihar',1),(992,'CG',11701,NULL,0,'CG','Chattisgarh',1),(993,'CH',11701,NULL,0,'CH','Chandigarh',1),(994,'DD',11701,NULL,0,'DD','Daman & Diu',1),(995,'DL',11701,NULL,0,'DL','Delhi',1),(996,'DN',11701,NULL,0,'DN','Dadra and Nagar Haveli',1),(997,'GA',11701,NULL,0,'GA','Goa',1),(998,'GJ',11701,NULL,0,'GJ','Gujarat',1),(999,'HP',11701,NULL,0,'HP','Himachal Pradesh',1),(1000,'HR',11701,NULL,0,'HR','Haryana',1),(1001,'JH',11701,NULL,0,'JH','Jharkhand',1),(1002,'JK',11701,NULL,0,'JK','Jammu & Kashmir',1),(1003,'KA',11701,NULL,0,'KA','Karnataka',1),(1004,'KL',11701,NULL,0,'KL','Kerala',1),(1005,'LD',11701,NULL,0,'LD','Lakshadweep',1),(1006,'MH',11701,NULL,0,'MH','Maharashtra',1),(1007,'ML',11701,NULL,0,'ML','Meghalaya',1),(1008,'MN',11701,NULL,0,'MN','Manipur',1),(1009,'MP',11701,NULL,0,'MP','Madhya Pradesh',1),(1010,'MZ',11701,NULL,0,'MZ','Mizoram',1),(1011,'NL',11701,NULL,0,'NL','Nagaland',1),(1012,'OR',11701,NULL,0,'OR','Orissa',1),(1013,'PB',11701,NULL,0,'PB','Punjab',1),(1014,'PY',11701,NULL,0,'PY','Puducherry',1),(1015,'RJ',11701,NULL,0,'RJ','Rajasthan',1),(1016,'SK',11701,NULL,0,'SK','Sikkim',1),(1017,'TE',11701,NULL,0,'TE','Telangana',1),(1018,'TN',11701,NULL,0,'TN','Tamil Nadu',1),(1019,'TR',11701,NULL,0,'TR','Tripura',1),(1020,'UL',11701,NULL,0,'UL','Uttarakhand',1),(1021,'UP',11701,NULL,0,'UP','Uttar Pradesh',1),(1022,'WB',11701,NULL,0,'WB','West Bengal',1),(1023,'BA',11801,NULL,0,'BA','Bali',1),(1024,'BB',11801,NULL,0,'BB','Bangka Belitung',1),(1025,'BT',11801,NULL,0,'BT','Banten',1),(1026,'BE',11801,NULL,0,'BA','Bengkulu',1),(1027,'YO',11801,NULL,0,'YO','DI Yogyakarta',1),(1028,'JK',11801,NULL,0,'JK','DKI Jakarta',1),(1029,'GO',11801,NULL,0,'GO','Gorontalo',1),(1030,'JA',11801,NULL,0,'JA','Jambi',1),(1031,'JB',11801,NULL,0,'JB','Jawa Barat',1),(1032,'JT',11801,NULL,0,'JT','Jawa Tengah',1),(1033,'JI',11801,NULL,0,'JI','Jawa Timur',1),(1034,'KB',11801,NULL,0,'KB','Kalimantan Barat',1),(1035,'KS',11801,NULL,0,'KS','Kalimantan Selatan',1),(1036,'KT',11801,NULL,0,'KT','Kalimantan Tengah',1),(1037,'KI',11801,NULL,0,'KI','Kalimantan Timur',1),(1038,'KU',11801,NULL,0,'KU','Kalimantan Utara',1),(1039,'KR',11801,NULL,0,'KR','Kepulauan Riau',1),(1040,'LA',11801,NULL,0,'LA','Lampung',1),(1041,'MA',11801,NULL,0,'MA','Maluku',1),(1042,'MU',11801,NULL,0,'MU','Maluku Utara',1),(1043,'AC',11801,NULL,0,'AC','Nanggroe Aceh Darussalam',1),(1044,'NB',11801,NULL,0,'NB','Nusa Tenggara Barat',1),(1045,'NT',11801,NULL,0,'NT','Nusa Tenggara Timur',1),(1046,'PA',11801,NULL,0,'PA','Papua',1),(1047,'PB',11801,NULL,0,'PB','Papua Barat',1),(1048,'RI',11801,NULL,0,'RI','Riau',1),(1049,'SR',11801,NULL,0,'SR','Sulawesi Barat',1),(1050,'SN',11801,NULL,0,'SN','Sulawesi Selatan',1),(1051,'ST',11801,NULL,0,'ST','Sulawesi Tengah',1),(1052,'SG',11801,NULL,0,'SG','Sulawesi Tenggara',1),(1053,'SA',11801,NULL,0,'SA','Sulawesi Utara',1),(1054,'SB',11801,NULL,0,'SB','Sumatera Barat',1),(1055,'SS',11801,NULL,0,'SS','Sumatera Selatan',1),(1056,'SU',11801,NULL,0,'SU','Sumatera Utara	',1),(1057,'CMX',15401,'',0,'CMX','Ciudad de México',1),(1058,'AGS',15401,'',0,'AGS','Aguascalientes',1),(1059,'BCN',15401,'',0,'BCN','Baja California Norte',1),(1060,'BCS',15401,'',0,'BCS','Baja California Sur',1),(1061,'CAM',15401,'',0,'CAM','Campeche',1),(1062,'CHP',15401,'',0,'CHP','Chiapas',1),(1063,'CHI',15401,'',0,'CHI','Chihuahua',1),(1064,'COA',15401,'',0,'COA','Coahuila',1),(1065,'COL',15401,'',0,'COL','Colima',1),(1066,'DUR',15401,'',0,'DUR','Durango',1),(1067,'GTO',15401,'',0,'GTO','Guanajuato',1),(1068,'GRO',15401,'',0,'GRO','Guerrero',1),(1069,'HGO',15401,'',0,'HGO','Hidalgo',1),(1070,'JAL',15401,'',0,'JAL','Jalisco',1),(1071,'MEX',15401,'',0,'MEX','México',1),(1072,'MIC',15401,'',0,'MIC','Michoacán de Ocampo',1),(1073,'MOR',15401,'',0,'MOR','Morelos',1),(1074,'NAY',15401,'',0,'NAY','Nayarit',1),(1075,'NLE',15401,'',0,'NLE','Nuevo León',1),(1076,'OAX',15401,'',0,'OAX','Oaxaca',1),(1077,'PUE',15401,'',0,'PUE','Puebla',1),(1078,'QRO',15401,'',0,'QRO','Querétaro',1),(1079,'ROO',15401,'',0,'ROO','Quintana Roo',1),(1080,'SLP',15401,'',0,'SLP','San Luis Potosí',1),(1081,'SIN',15401,'',0,'SIN','Sinaloa',1),(1082,'SON',15401,'',0,'SON','Sonora',1),(1083,'TAB',15401,'',0,'TAB','Tabasco',1),(1084,'TAM',15401,'',0,'TAM','Tamaulipas',1),(1085,'TLX',15401,'',0,'TLX','Tlaxcala',1),(1086,'VER',15401,'',0,'VER','Veracruz',1),(1087,'YUC',15401,'',0,'YUC','Yucatán',1),(1088,'ZAC',15401,'',0,'ZAC','Zacatecas',1),(1089,'ANT',7001,'',0,'ANT','Antioquia',1),(1090,'BOL',7001,'',0,'BOL','Bolívar',1),(1091,'BOY',7001,'',0,'BOY','Boyacá',1),(1092,'CAL',7001,'',0,'CAL','Caldas',1),(1093,'CAU',7001,'',0,'CAU','Cauca',1),(1094,'CUN',7001,'',0,'CUN','Cundinamarca',1),(1095,'HUI',7001,'',0,'HUI','Huila',1),(1096,'LAG',7001,'',0,'LAG','La Guajira',1),(1097,'MET',7001,'',0,'MET','Meta',1),(1098,'NAR',7001,'',0,'NAR','Nariño',1),(1099,'NDS',7001,'',0,'NDS','Norte de Santander',1),(1100,'SAN',7001,'',0,'SAN','Santander',1),(1101,'SUC',7001,'',0,'SUC','Sucre',1),(1102,'TOL',7001,'',0,'TOL','Tolima',1),(1103,'VAC',7001,'',0,'VAC','Valle del Cauca',1),(1104,'RIS',7001,'',0,'RIS','Risalda',1),(1105,'ATL',7001,'',0,'ATL','Atlántico',1),(1106,'COR',7001,'',0,'COR','Córdoba',1),(1107,'SAP',7001,'',0,'SAP','San Andrés, Providencia y Santa Catalina',1),(1108,'ARA',7001,'',0,'ARA','Arauca',1),(1109,'CAS',7001,'',0,'CAS','Casanare',1),(1110,'AMA',7001,'',0,'AMA','Amazonas',1),(1111,'CAQ',7001,'',0,'CAQ','Caquetá',1),(1112,'CHO',7001,'',0,'CHO','Chocó',1),(1113,'GUA',7001,'',0,'GUA','Guainía',1),(1114,'GUV',7001,'',0,'GUV','Guaviare',1),(1115,'PUT',7001,'',0,'PUT','Putumayo',1),(1116,'QUI',7001,'',0,'QUI','Quindío',1),(1117,'VAU',7001,'',0,'VAU','Vaupés',1),(1118,'BOG',7001,'',0,'BOG','Bogotá',1),(1119,'VID',7001,'',0,'VID','Vichada',1),(1120,'CES',7001,'',0,'CES','Cesar',1),(1121,'MAG',7001,'',0,'MAG','Magdalena',1),(1122,'AT',11401,'',0,'AT','Atlántida',1),(1123,'CH',11401,'',0,'CH','Choluteca',1),(1124,'CL',11401,'',0,'CL','Colón',1),(1125,'CM',11401,'',0,'CM','Comayagua',1),(1126,'CO',11401,'',0,'CO','Copán',1),(1127,'CR',11401,'',0,'CR','Cortés',1),(1128,'EP',11401,'',0,'EP','El Paraíso',1),(1129,'FM',11401,'',0,'FM','Francisco Morazán',1),(1130,'GD',11401,'',0,'GD','Gracias a Dios',1),(1131,'IN',11401,'',0,'IN','Intibucá',1),(1132,'IB',11401,'',0,'IB','Islas de la Bahía',1),(1133,'LP',11401,'',0,'LP','La Paz',1),(1134,'LM',11401,'',0,'LM','Lempira',1),(1135,'OC',11401,'',0,'OC','Ocotepeque',1),(1136,'OL',11401,'',0,'OL','Olancho',1),(1137,'SB',11401,'',0,'SB','Santa Bárbara',1),(1138,'VL',11401,'',0,'VL','Valle',1),(1139,'YO',11401,'',0,'YO','Yoro',1),(1140,'DC',11401,'',0,'DC','Distrito Central',1),(1141,'AB',18801,'',0,'','Alba',1),(1142,'AR',18801,'',0,'','Arad',1),(1143,'AG',18801,'',0,'','Argeș',1),(1144,'BC',18801,'',0,'','Bacău',1),(1145,'BH',18801,'',0,'','Bihor',1),(1146,'BN',18801,'',0,'','Bistrița-Năsăud',1),(1147,'BT',18801,'',0,'','Botoșani',1),(1148,'BV',18801,'',0,'','Brașov',1),(1149,'BR',18801,'',0,'','Brăila',1),(1150,'BZ',18801,'',0,'','Buzău',1),(1151,'CL',18801,'',0,'','Călărași',1),(1152,'CS',18801,'',0,'','Caraș-Severin',1),(1153,'CJ',18801,'',0,'','Cluj',1),(1154,'CT',18801,'',0,'','Constanța',1),(1155,'CV',18801,'',0,'','Covasna',1),(1156,'DB',18801,'',0,'','Dâmbovița',1),(1157,'DJ',18801,'',0,'','Dolj',1),(1158,'GL',18801,'',0,'','Galați',1),(1159,'GR',18801,'',0,'','Giurgiu',1),(1160,'GJ',18801,'',0,'','Gorj',1),(1161,'HR',18801,'',0,'','Harghita',1),(1162,'HD',18801,'',0,'','Hunedoara',1),(1163,'IL',18801,'',0,'','Ialomița',1),(1164,'IS',18801,'',0,'','Iași',1),(1165,'IF',18801,'',0,'','Ilfov',1),(1166,'MM',18801,'',0,'','Maramureș',1),(1167,'MH',18801,'',0,'','Mehedinți',1),(1168,'MS',18801,'',0,'','Mureș',1),(1169,'NT',18801,'',0,'','Neamț',1),(1170,'OT',18801,'',0,'','Olt',1),(1171,'PH',18801,'',0,'','Prahova',1),(1172,'SM',18801,'',0,'','Satu Mare',1),(1173,'SJ',18801,'',0,'','Sălaj',1),(1174,'SB',18801,'',0,'','Sibiu',1),(1175,'SV',18801,'',0,'','Suceava',1),(1176,'TR',18801,'',0,'','Teleorman',1),(1177,'TM',18801,'',0,'','Timiș',1),(1178,'TL',18801,'',0,'','Tulcea',1),(1179,'VS',18801,'',0,'','Vaslui',1),(1180,'VL',18801,'',0,'','Vâlcea',1),(1181,'VN',18801,'',0,'','Vrancea',1),(1182,'BU',18801,'',0,'','Bucuresti',1),(1183,'VE-L',23201,'',0,'VE-L','Mérida',1),(1184,'VE-T',23201,'',0,'VE-T','Trujillo',1),(1185,'VE-E',23201,'',0,'VE-E','Barinas',1),(1186,'VE-M',23202,'',0,'VE-M','Miranda',1),(1187,'VE-W',23202,'',0,'VE-W','Vargas',1),(1188,'VE-A',23202,'',0,'VE-A','Distrito Capital',1),(1189,'VE-D',23203,'',0,'VE-D','Aragua',1),(1190,'VE-G',23203,'',0,'VE-G','Carabobo',1),(1191,'VE-I',23204,'',0,'VE-I','Falcón',1),(1192,'VE-K',23204,'',0,'VE-K','Lara',1),(1193,'VE-U',23204,'',0,'VE-U','Yaracuy',1),(1194,'VE-F',23205,'',0,'VE-F','Bolívar',1),(1195,'VE-X',23205,'',0,'VE-X','Amazonas',1),(1196,'VE-Y',23205,'',0,'VE-Y','Delta Amacuro',1),(1197,'VE-O',23206,'',0,'VE-O','Nueva Esparta',1),(1198,'VE-Z',23206,'',0,'VE-Z','Dependencias Federales',1),(1199,'VE-C',23207,'',0,'VE-C','Apure',1),(1200,'VE-J',23207,'',0,'VE-J','Guárico',1),(1201,'VE-H',23207,'',0,'VE-H','Cojedes',1),(1202,'VE-P',23207,'',0,'VE-P','Portuguesa',1),(1203,'VE-B',23208,'',0,'VE-B','Anzoátegui',1),(1204,'VE-N',23208,'',0,'VE-N','Monagas',1),(1205,'VE-R',23208,'',0,'VE-R','Sucre',1),(1206,'VE-V',23209,'',0,'VE-V','Zulia',1),(1207,'VE-S',23209,'',0,'VE-S','Táchira',1),(1208,'LU0001',14001,'',0,'','Clervaux',1),(1209,'LU0002',14001,'',0,'','Diekirch',1),(1210,'LU0003',14001,'',0,'','Redange',1),(1211,'LU0004',14001,'',0,'','Vianden',1),(1212,'LU0005',14001,'',0,'','Wiltz',1),(1213,'LU0006',14002,'',0,'','Echternach',1),(1214,'LU0007',14002,'',0,'','Grevenmacher',1),(1215,'LU0008',14002,'',0,'','Remich',1),(1216,'LU0009',14003,'',0,'','Capellen',1),(1217,'LU0010',14003,'',0,'','Esch-sur-Alzette',1),(1218,'LU0011',14003,'',0,'','Luxembourg',1),(1219,'LU0012',14003,'',0,'','Mersch',1),(1220,'0101',18101,'',0,'','Chachapoyas',1),(1221,'0102',18101,'',0,'','Bagua',1),(1222,'0103',18101,'',0,'','Bongará',1),(1223,'0104',18101,'',0,'','Condorcanqui',1),(1224,'0105',18101,'',0,'','Luya',1),(1225,'0106',18101,'',0,'','Rodríguez de Mendoza',1),(1226,'0107',18101,'',0,'','Utcubamba',1),(1227,'0201',18102,'',0,'','Huaraz',1),(1228,'0202',18102,'',0,'','Aija',1),(1229,'0203',18102,'',0,'','Antonio Raymondi',1),(1230,'0204',18102,'',0,'','Asunción',1),(1231,'0205',18102,'',0,'','Bolognesi',1),(1232,'0206',18102,'',0,'','Carhuaz',1),(1233,'0207',18102,'',0,'','Carlos Fermín Fitzcarrald',1),(1234,'0208',18102,'',0,'','Casma',1),(1235,'0209',18102,'',0,'','Corongo',1),(1236,'0210',18102,'',0,'','Huari',1),(1237,'0211',18102,'',0,'','Huarmey',1),(1238,'0212',18102,'',0,'','Huaylas',1),(1239,'0213',18102,'',0,'','Mariscal Luzuriaga',1),(1240,'0214',18102,'',0,'','Ocros',1),(1241,'0215',18102,'',0,'','Pallasca',1),(1242,'0216',18102,'',0,'','Pomabamba',1),(1243,'0217',18102,'',0,'','Recuay',1),(1244,'0218',18102,'',0,'','Papá',1),(1245,'0219',18102,'',0,'','Sihuas',1),(1246,'0220',18102,'',0,'','Yungay',1),(1247,'0301',18103,'',0,'','Abancay',1),(1248,'0302',18103,'',0,'','Andahuaylas',1),(1249,'0303',18103,'',0,'','Antabamba',1),(1250,'0304',18103,'',0,'','Aymaraes',1),(1251,'0305',18103,'',0,'','Cotabambas',1),(1252,'0306',18103,'',0,'','Chincheros',1),(1253,'0307',18103,'',0,'','Grau',1),(1254,'0401',18104,'',0,'','Arequipa',1),(1255,'0402',18104,'',0,'','Camaná',1),(1256,'0403',18104,'',0,'','Caravelí',1),(1257,'0404',18104,'',0,'','Castilla',1),(1258,'0405',18104,'',0,'','Caylloma',1),(1259,'0406',18104,'',0,'','Condesuyos',1),(1260,'0407',18104,'',0,'','Islay',1),(1261,'0408',18104,'',0,'','La Unión',1),(1262,'0501',18105,'',0,'','Huamanga',1),(1263,'0502',18105,'',0,'','Cangallo',1),(1264,'0503',18105,'',0,'','Huanca Sancos',1),(1265,'0504',18105,'',0,'','Huanta',1),(1266,'0505',18105,'',0,'','La Mar',1),(1267,'0506',18105,'',0,'','Lucanas',1),(1268,'0507',18105,'',0,'','Parinacochas',1),(1269,'0508',18105,'',0,'','Páucar del Sara Sara',1),(1270,'0509',18105,'',0,'','Sucre',1),(1271,'0510',18105,'',0,'','Víctor Fajardo',1),(1272,'0511',18105,'',0,'','Vilcas Huamán',1),(1273,'0601',18106,'',0,'','Cajamarca',1),(1274,'0602',18106,'',0,'','Cajabamba',1),(1275,'0603',18106,'',0,'','Celendín',1),(1276,'0604',18106,'',0,'','Chota',1),(1277,'0605',18106,'',0,'','Contumazá',1),(1278,'0606',18106,'',0,'','Cutervo',1),(1279,'0607',18106,'',0,'','Hualgayoc',1),(1280,'0608',18106,'',0,'','Jaén',1),(1281,'0609',18106,'',0,'','San Ignacio',1),(1282,'0610',18106,'',0,'','San Marcos',1),(1283,'0611',18106,'',0,'','San Miguel',1),(1284,'0612',18106,'',0,'','San Pablo',1),(1285,'0613',18106,'',0,'','Santa Cruz',1),(1286,'0701',18107,'',0,'','Callao',1),(1287,'0801',18108,'',0,'','Cusco',1),(1288,'0802',18108,'',0,'','Acomayo',1),(1289,'0803',18108,'',0,'','Anta',1),(1290,'0804',18108,'',0,'','Calca',1),(1291,'0805',18108,'',0,'','Canas',1),(1292,'0806',18108,'',0,'','Canchis',1),(1293,'0807',18108,'',0,'','Chumbivilcas',1),(1294,'0808',18108,'',0,'','Espinar',1),(1295,'0809',18108,'',0,'','La Convención',1),(1296,'0810',18108,'',0,'','Paruro',1),(1297,'0811',18108,'',0,'','Paucartambo',1),(1298,'0812',18108,'',0,'','Quispicanchi',1),(1299,'0813',18108,'',0,'','Urubamba',1),(1300,'0901',18109,'',0,'','Huancavelica',1),(1301,'0902',18109,'',0,'','Acobamba',1),(1302,'0903',18109,'',0,'','Angaraes',1),(1303,'0904',18109,'',0,'','Castrovirreyna',1),(1304,'0905',18109,'',0,'','Churcampa',1),(1305,'0906',18109,'',0,'','Huaytará',1),(1306,'0907',18109,'',0,'','Tayacaja',1),(1307,'1001',18110,'',0,'','Huánuco',1),(1308,'1002',18110,'',0,'','Ambón',1),(1309,'1003',18110,'',0,'','Dos de Mayo',1),(1310,'1004',18110,'',0,'','Huacaybamba',1),(1311,'1005',18110,'',0,'','Huamalíes',1),(1312,'1006',18110,'',0,'','Leoncio Prado',1),(1313,'1007',18110,'',0,'','Marañón',1),(1314,'1008',18110,'',0,'','Pachitea',1),(1315,'1009',18110,'',0,'','Puerto Inca',1),(1316,'1010',18110,'',0,'','Lauricocha',1),(1317,'1011',18110,'',0,'','Yarowilca',1),(1318,'1101',18111,'',0,'','Ica',1),(1319,'1102',18111,'',0,'','Chincha',1),(1320,'1103',18111,'',0,'','Nazca',1),(1321,'1104',18111,'',0,'','Palpa',1),(1322,'1105',18111,'',0,'','Pisco',1),(1323,'1201',18112,'',0,'','Huancayo',1),(1324,'1202',18112,'',0,'','Concepción',1),(1325,'1203',18112,'',0,'','Chanchamayo',1),(1326,'1204',18112,'',0,'','Jauja',1),(1327,'1205',18112,'',0,'','Junín',1),(1328,'1206',18112,'',0,'','Satipo',1),(1329,'1207',18112,'',0,'','Tarma',1),(1330,'1208',18112,'',0,'','Yauli',1),(1331,'1209',18112,'',0,'','Chupaca',1),(1332,'1301',18113,'',0,'','Trujillo',1),(1333,'1302',18113,'',0,'','Ascope',1),(1334,'1303',18113,'',0,'','Bolívar',1),(1335,'1304',18113,'',0,'','Chepén',1),(1336,'1305',18113,'',0,'','Julcán',1),(1337,'1306',18113,'',0,'','Otuzco',1),(1338,'1307',18113,'',0,'','Pacasmayo',1),(1339,'1308',18113,'',0,'','Pataz',1),(1340,'1309',18113,'',0,'','Sánchez Carrión',1),(1341,'1310',18113,'',0,'','Santiago de Chuco',1),(1342,'1311',18113,'',0,'','Gran Chimú',1),(1343,'1312',18113,'',0,'','Virú',1),(1344,'1401',18114,'',0,'','Chiclayo',1),(1345,'1402',18114,'',0,'','Ferreñafe',1),(1346,'1403',18114,'',0,'','Lambayeque',1),(1347,'1501',18115,'',0,'','Lima',1),(1348,'1502',18116,'',0,'','Huaura',1),(1349,'1503',18116,'',0,'','Barranca',1),(1350,'1504',18116,'',0,'','Cajatambo',1),(1351,'1505',18116,'',0,'','Canta',1),(1352,'1506',18116,'',0,'','Cañete',1),(1353,'1507',18116,'',0,'','Huaral',1),(1354,'1508',18116,'',0,'','Huarochirí',1),(1355,'1509',18116,'',0,'','Oyón',1),(1356,'1510',18116,'',0,'','Yauyos',1),(1357,'1601',18117,'',0,'','Maynas',1),(1358,'1602',18117,'',0,'','Alto Amazonas',1),(1359,'1603',18117,'',0,'','Loreto',1),(1360,'1604',18117,'',0,'','Mariscal Ramón Castilla',1),(1361,'1605',18117,'',0,'','Requena',1),(1362,'1606',18117,'',0,'','Ucayali',1),(1363,'1607',18117,'',0,'','Datem del Marañón',1),(1364,'1701',18118,'',0,'','Tambopata',1),(1365,'1702',18118,'',0,'','Manú',1),(1366,'1703',18118,'',0,'','Tahuamanu',1),(1367,'1801',18119,'',0,'','Mariscal Nieto',1),(1368,'1802',18119,'',0,'','General Sánchez Cerro',1),(1369,'1803',18119,'',0,'','Ilo',1),(1370,'1901',18120,'',0,'','Pasco',1),(1371,'1902',18120,'',0,'','Daniel Alcides Carrión',1),(1372,'1903',18120,'',0,'','Oxapampa',1),(1373,'2001',18121,'',0,'','Piura',1),(1374,'2002',18121,'',0,'','Ayabaca',1),(1375,'2003',18121,'',0,'','Huancabamba',1),(1376,'2004',18121,'',0,'','Morropón',1),(1377,'2005',18121,'',0,'','Paita',1),(1378,'2006',18121,'',0,'','Sullana',1),(1379,'2007',18121,'',0,'','Talara',1),(1380,'2008',18121,'',0,'','Sechura',1),(1381,'2101',18122,'',0,'','Puno',1),(1382,'2102',18122,'',0,'','Azángaro',1),(1383,'2103',18122,'',0,'','Carabaya',1),(1384,'2104',18122,'',0,'','Chucuito',1),(1385,'2105',18122,'',0,'','El Collao',1),(1386,'2106',18122,'',0,'','Huancané',1),(1387,'2107',18122,'',0,'','Lampa',1),(1388,'2108',18122,'',0,'','Melgar',1),(1389,'2109',18122,'',0,'','Moho',1),(1390,'2110',18122,'',0,'','San Antonio de Putina',1),(1391,'2111',18122,'',0,'','San Román',1),(1392,'2112',18122,'',0,'','Sandia',1),(1393,'2113',18122,'',0,'','Yunguyo',1),(1394,'2201',18123,'',0,'','Moyobamba',1),(1395,'2202',18123,'',0,'','Bellavista',1),(1396,'2203',18123,'',0,'','El Dorado',1),(1397,'2204',18123,'',0,'','Huallaga',1),(1398,'2205',18123,'',0,'','Lamas',1),(1399,'2206',18123,'',0,'','Mariscal Cáceres',1),(1400,'2207',18123,'',0,'','Picota',1),(1401,'2208',18123,'',0,'','La Rioja',1),(1402,'2209',18123,'',0,'','San Martín',1),(1403,'2210',18123,'',0,'','Tocache',1),(1404,'2301',18124,'',0,'','Tacna',1),(1405,'2302',18124,'',0,'','Candarave',1),(1406,'2303',18124,'',0,'','Jorge Basadre',1),(1407,'2304',18124,'',0,'','Tarata',1),(1408,'2401',18125,'',0,'','Tumbes',1),(1409,'2402',18125,'',0,'','Contralmirante Villar',1),(1410,'2403',18125,'',0,'','Zarumilla',1),(1411,'2501',18126,'',0,'','Coronel Portillo',1),(1412,'2502',18126,'',0,'','Atalaya',1),(1413,'2503',18126,'',0,'','Padre Abad',1),(1414,'2504',18126,'',0,'','Purús',1),(1415,'PA-1',17801,'',0,'','Bocas del Toro',1),(1416,'PA-2',17801,'',0,'','Coclé',1),(1417,'PA-3',17801,'',0,'','Colón',1),(1418,'PA-4',17801,'',0,'','Chiriquí',1),(1419,'PA-5',17801,'',0,'','Darién',1),(1420,'PA-6',17801,'',0,'','Herrera',1),(1421,'PA-7',17801,'',0,'','Los Santos',1),(1422,'PA-8',17801,'',0,'','Panamá',1),(1423,'PA-9',17801,'',0,'','Veraguas',1),(1424,'PA-13',17801,'',0,'','Panamá Oeste',1),(1425,'AE-1',22701,'',0,'','Abu Dhabi',1),(1426,'AE-2',22701,'',0,'','Dubai',1),(1427,'AE-3',22701,'',0,'','Ajman',1),(1428,'AE-4',22701,'',0,'','Fujairah',1),(1429,'AE-5',22701,'',0,'','Ras al-Khaimah',1),(1430,'AE-6',22701,'',0,'','Sharjah',1),(1431,'AE-7',22701,'',0,'','Umm al-Quwain',1),(1432,'AD-002',34000,'AD100',NULL,NULL,'Canillo',1),(1433,'AD-003',34000,'AD200',NULL,NULL,'Encamp',1),(1434,'AD-004',34000,'AD400',NULL,NULL,'La Massana',1),(1435,'AD-005',34000,'AD300',NULL,NULL,'Ordino',1),(1436,'AD-006',34000,'AD600',NULL,NULL,'Sant Julià de Lòria',1),(1437,'AD-007',34000,'AD500',NULL,NULL,'Andorra la Vella',1),(1438,'AD-008',34000,'AD700',NULL,NULL,'Escaldes-Engordany',1),(1439,'HU-BK',183300,'HU331',NULL,NULL,'Bács-Kiskun',1),(1440,'HU-BA',182300,'HU231',NULL,NULL,'Baranya',1),(1441,'HU-BE',183300,'HU332',NULL,NULL,'Békés',1),(1442,'HU-BZ',183100,'HU311',NULL,NULL,'Borsod-Abaúj-Zemplén',1),(1443,'HU-BU',180100,'HU101',NULL,NULL,'Budapest',1),(1444,'HU-CS',183300,'HU333',NULL,NULL,'Csongrád',1),(1445,'HU-FE',182100,'HU211',NULL,NULL,'Fejér',1),(1446,'HU-GS',182200,'HU221',NULL,NULL,'Győr-Moson-Sopron',1),(1447,'HU-HB',183200,'HU321',NULL,NULL,'Hajdú-Bihar',1),(1448,'HU-HE',183100,'HU312',NULL,NULL,'Heves',1),(1449,'HU-JN',183200,'HU322',NULL,NULL,'Jász-Nagykun-Szolnok',1),(1450,'HU-KE',182100,'HU212',NULL,NULL,'Komárom-Esztergom',1),(1451,'HU-NO',183100,'HU313',NULL,NULL,'Nógrád',1),(1452,'HU-PE',180100,'HU102',NULL,NULL,'Pest',1),(1453,'HU-SO',182300,'HU232',NULL,NULL,'Somogy',1),(1454,'HU-SZ',183200,'HU323',NULL,NULL,'Szabolcs-Szatmár-Bereg',1),(1455,'HU-TO',182300,'HU233',NULL,NULL,'Tolna',1),(1456,'HU-VA',182200,'HU222',NULL,NULL,'Vas',1),(1457,'HU-VE',182100,'HU213',NULL,NULL,'Veszprém',1),(1458,'HU-ZA',182200,'HU223',NULL,NULL,'Zala',1),(1459,'PT-AV',15001,NULL,NULL,'AVEIRO','Aveiro',1),(1460,'PT-AC',15002,NULL,NULL,'AZORES','Azores',1),(1461,'PT-BE',15001,NULL,NULL,'BEJA','Beja',1),(1462,'PT-BR',15001,NULL,NULL,'BRAGA','Braga',1),(1463,'PT-BA',15001,NULL,NULL,'BRAGANCA','Bragança',1),(1464,'PT-CB',15001,NULL,NULL,'CASTELO BRANCO','Castelo Branco',1),(1465,'PT-CO',15001,NULL,NULL,'COIMBRA','Coimbra',1),(1466,'PT-EV',15001,NULL,NULL,'EVORA','Évora',1),(1467,'PT-FA',15001,NULL,NULL,'FARO','Faro',1),(1468,'PT-GU',15001,NULL,NULL,'GUARDA','Guarda',1),(1469,'PT-LE',15001,NULL,NULL,'LEIRIA','Leiria',1),(1470,'PT-LI',15001,NULL,NULL,'LISBON','Lisboa',1),(1471,'PT-AML',15001,NULL,NULL,'AREA METROPOLITANA LISBOA','Área Metropolitana de Lisboa',1),(1472,'PT-MA',15002,NULL,NULL,'MADEIRA','Madeira',1),(1473,'PT-PA',15001,NULL,NULL,'PORTALEGRE','Portalegre',1),(1474,'PT-PO',15001,NULL,NULL,'PORTO','Porto',1),(1475,'PT-SA',15001,NULL,NULL,'SANTAREM','Santarém',1),(1476,'PT-SE',15001,NULL,NULL,'SETUBAL','Setúbal',1),(1477,'PT-VC',15001,NULL,NULL,'VIANA DO CASTELO','Viana Do Castelo',1),(1478,'PT-VR',15001,NULL,NULL,'VILA REAL','Vila Real',1),(1479,'PT-VI',15001,NULL,NULL,'VISEU','Viseu',1),(1480,'SI031',20203,NULL,NULL,'MURA','Mura',1),(1481,'SI032',20203,NULL,NULL,'DRAVA','Drava',1),(1482,'SI033',20203,NULL,NULL,'CARINTHIA','Carinthia',1),(1483,'SI034',20203,NULL,NULL,'SAVINJA','Savinja',1),(1484,'SI035',20203,NULL,NULL,'CENTRAL SAVA','Central Sava',1),(1485,'SI036',20203,NULL,NULL,'LOWER SAVA','Lower Sava',1),(1486,'SI037',20203,NULL,NULL,'SOUTHEAST SLOVENIA','Southeast Slovenia',1),(1487,'SI038',20203,NULL,NULL,'LITTORAL–INNER CARNIOLA','Littoral–Inner Carniola',1),(1488,'SI041',20204,NULL,NULL,'CENTRAL SLOVENIA','Central Slovenia',1),(1489,'SI038',20204,NULL,NULL,'UPPER CARNIOLA','Upper Carniola',1),(1490,'SI043',20204,NULL,NULL,'GORIZIA','Gorizia',1),(1491,'SI044',20204,NULL,NULL,'COASTAL–KARST','Coastal–Karst',1);

--
-- Table structure for table `llx_c_ecotaxe`
--

CREATE TABLE `llx_c_ecotaxe` (
  `rowid` int NOT NULL AUTO_INCREMENT,
  `code` varchar(64) NOT NULL,
  `label` varchar(255) DEFAULT NULL,
  `price` double(24,8) DEFAULT NULL,
  `organization` varchar(255) DEFAULT NULL,
  `fk_pays` int NOT NULL,
  `active` tinyint NOT NULL DEFAULT '1',
  PRIMARY KEY (`rowid`),
  UNIQUE KEY `uk_c_ecotaxe` (`code`)
) ENGINE=InnoDB AUTO_INCREMENT=20 DEFAULT CHARSET=utf8mb4 COLLATE=utf8mb4_0900_ai_ci;

--
-- Dumping data for table `llx_c_ecotaxe`
--

INSERT INTO `llx_c_ecotaxe` (`rowid`, `code`, `label`, `price`, `organization`, `fk_pays`, `active`) VALUES (1,'25040','PETIT APPAREILS MENAGERS',0.25000000,'Eco-systèmes',1,1),(2,'25050','TRES PETIT APPAREILS MENAGERS',0.08000000,'Eco-systèmes',1,1),(3,'32070','ECRAN POIDS < 5 KG',2.08000000,'Eco-systèmes',1,1),(4,'32080','ECRAN POIDS > 5 KG',1.25000000,'Eco-systèmes',1,1),(5,'32051','ORDINATEUR PORTABLE',0.42000000,'Eco-systèmes',1,1),(6,'32061','TABLETTE INFORMATIQUE',0.84000000,'Eco-systèmes',1,1),(7,'36011','ORDINATEUR FIXE (UC)',1.15000000,'Eco-systèmes',1,1),(8,'36021','IMPRIMANTES',0.83000000,'Eco-systèmes',1,1),(9,'36030','IT (INFORMATIQUE ET TELECOMS)',0.83000000,'Eco-systèmes',1,1),(10,'36040','PETIT IT (CLAVIERS / SOURIS)',0.08000000,'Eco-systèmes',1,1),(11,'36050','TELEPHONIE MOBILE',0.02000000,'Eco-systèmes',1,1),(12,'36060','CONNECTIQUE CABLES',0.02000000,'Eco-systèmes',1,1),(13,'45010','GROS MATERIEL GRAND PUBLIC (TELEAGRANDISSEURS)',1.67000000,'Eco-systèmes',1,1),(14,'45020','MOYEN MATERIEL GRAND PUBLIC (LOUPES ELECTRONIQUES)',0.42000000,'Eco-systèmes',1,1),(15,'45030','PETIT MATERIEL GRAND PUBLIC (VIE QUOTIDIENNE)',0.08000000,'Eco-systèmes',1,1),(16,'75030','JOUETS < 0,5 KG',0.08000000,'Eco-systèmes',1,1),(17,'75040','JOUETS ENTRE 0,5 KG ET 10 KG',0.17000000,'Eco-systèmes',1,1),(18,'74050','JOUETS > 10 KG',1.67000000,'Eco-systèmes',1,1),(19,'85010','EQUIPEMENT MEDICAL < 0,5 KG',0.08000000,'Eco-systèmes',1,1);

--
-- Table structure for table `llx_c_effectif`
--

CREATE TABLE `llx_c_effectif` (
  `id` int NOT NULL,
  `code` varchar(12) NOT NULL,
  `libelle` varchar(30) DEFAULT NULL,
  `active` tinyint NOT NULL DEFAULT '1',
  `module` varchar(32) DEFAULT NULL,
  PRIMARY KEY (`id`),
  UNIQUE KEY `uk_c_effectif` (`code`)
) ENGINE=InnoDB DEFAULT CHARSET=utf8mb4 COLLATE=utf8mb4_0900_ai_ci;

--
-- Dumping data for table `llx_c_effectif`
--

INSERT INTO `llx_c_effectif` (`id`, `code`, `libelle`, `active`, `module`) VALUES (0,'EF0','-',1,NULL),(1,'EF1-5','1 - 5',1,NULL),(2,'EF6-10','6 - 10',1,NULL),(3,'EF11-50','11 - 50',1,NULL),(4,'EF51-100','51 - 100',1,NULL),(5,'EF100-500','100 - 500',1,NULL),(6,'EF500-','> 500',1,NULL);

--
-- Table structure for table `llx_c_email_senderprofile`
--

CREATE TABLE `llx_c_email_senderprofile` (
  `rowid` int NOT NULL AUTO_INCREMENT,
  `entity` int NOT NULL DEFAULT '1',
  `private` smallint NOT NULL DEFAULT '0',
  `date_creation` datetime DEFAULT NULL,
  `tms` timestamp NOT NULL DEFAULT CURRENT_TIMESTAMP ON UPDATE CURRENT_TIMESTAMP,
  `label` varchar(255) DEFAULT NULL,
  `email` varchar(255) NOT NULL,
  `signature` text,
  `position` smallint DEFAULT '0',
  `active` tinyint NOT NULL DEFAULT '1',
  PRIMARY KEY (`rowid`),
  UNIQUE KEY `uk_c_email_senderprofile` (`entity`,`label`,`email`)
) ENGINE=InnoDB DEFAULT CHARSET=utf8mb4 COLLATE=utf8mb4_0900_ai_ci;

--
-- Dumping data for table `llx_c_email_senderprofile`
--


--
-- Table structure for table `llx_c_email_templates`
--

CREATE TABLE `llx_c_email_templates` (
  `rowid` int NOT NULL AUTO_INCREMENT,
  `entity` int NOT NULL DEFAULT '1',
  `module` varchar(32) DEFAULT NULL,
  `type_template` varchar(32) DEFAULT NULL,
  `lang` varchar(6) DEFAULT '',
  `private` smallint NOT NULL DEFAULT '0',
  `fk_user` int DEFAULT NULL,
  `datec` datetime DEFAULT NULL,
  `tms` timestamp NOT NULL DEFAULT CURRENT_TIMESTAMP ON UPDATE CURRENT_TIMESTAMP,
  `label` varchar(180) DEFAULT NULL,
  `position` smallint DEFAULT NULL,
  `enabled` varchar(255) DEFAULT '1',
  `active` tinyint NOT NULL DEFAULT '1',
  `topic` text,
  `joinfiles` text,
  `content` mediumtext,
  `content_lines` text,
  PRIMARY KEY (`rowid`),
  UNIQUE KEY `uk_c_email_templates` (`entity`,`label`,`lang`),
  KEY `idx_type` (`type_template`)
) ENGINE=InnoDB AUTO_INCREMENT=52 DEFAULT CHARSET=utf8mb4 COLLATE=utf8mb4_0900_ai_ci;

--
-- Dumping data for table `llx_c_email_templates`
--

INSERT INTO `llx_c_email_templates` (`rowid`, `entity`, `module`, `type_template`, `lang`, `private`, `fk_user`, `datec`, `tms`, `label`, `position`, `enabled`, `active`, `topic`, `joinfiles`, `content`, `content_lines`) VALUES (1,0,'banque','thirdparty','',0,NULL,NULL,'2021-01-07 12:15:09','(YourSEPAMandate)',1,'$conf->societe->enabled && $conf->banque->enabled && $conf->prelevement->enabled',0,'__(YourSEPAMandate)__',NULL,'__(Hello)__,<br><br>\n\n__(FindYourSEPAMandate)__ :<br>\n__MYCOMPANY_NAME__<br>\n__MYCOMPANY_FULLADDRESS__<br><br>\n__(Sincerely)__<br>\n__USER_SIGNATURE__',NULL),(2,0,'adherent','member','',0,NULL,NULL,'2021-01-07 12:15:09','(SendingEmailOnAutoSubscription)',10,'$conf->adherent->enabled',1,'[__[MAIN_INFO_SOCIETE_NOM]__] __(YourMembershipRequestWasReceived)__','0','__(Hello)__ __MEMBER_FULLNAME__,<br><br>\n\n__(ThisIsContentOfYourMembershipRequestWasReceived)__<br>\n<br>__ONLINE_PAYMENT_TEXT_AND_URL__<br>\n<br><br>\n__(Sincerely)__<br>__USER_SIGNATURE__',NULL),(3,0,'adherent','member','',0,NULL,NULL,'2021-01-07 12:15:09','(SendingEmailOnMemberValidation)',20,'$conf->adherent->enabled',1,'[__[MAIN_INFO_SOCIETE_NOM]__] __(YourMembershipWasValidated)__','0','__(Hello)__ __MEMBER_FULLNAME__,<br><br>\n\n__(ThisIsContentOfYourMembershipWasValidated)__<br>__(FirstName)__ : __MEMBER_FIRSTNAME__<br>__(LastName)__ : __MEMBER_LASTNAME__<br>__(ID)__ : __MEMBER_ID__<br>\n<br>__ONLINE_PAYMENT_TEXT_AND_URL__<br>\n<br><br>\n__(Sincerely)__<br>__USER_SIGNATURE__',NULL),(4,0,'adherent','member','',0,NULL,NULL,'2021-01-07 12:15:09','(SendingEmailOnNewSubscription)',30,'$conf->adherent->enabled',1,'[__[MAIN_INFO_SOCIETE_NOM]__] __(YourSubscriptionWasRecorded)__','1','__(Hello)__ __MEMBER_FULLNAME__,<br><br>\n\n__(ThisIsContentOfYourSubscriptionWasRecorded)__<br>\n\n<br><br>\n__(Sincerely)__<br>__USER_SIGNATURE__',NULL),(5,0,'adherent','member','',0,NULL,NULL,'2021-01-07 12:15:09','(SendingReminderForExpiredSubscription)',40,'$conf->adherent->enabled',1,'[__[MAIN_INFO_SOCIETE_NOM]__] __(SubscriptionReminderEmail)__','0','__(Hello)__ __MEMBER_FULLNAME__,<br><br>\n\n__(ThisIsContentOfSubscriptionReminderEmail)__<br>\n<br>__ONLINE_PAYMENT_TEXT_AND_URL__<br>\n<br><br>\n__(Sincerely)__<br>__USER_SIGNATURE__',NULL),(6,0,'adherent','member','',0,NULL,NULL,'2021-01-07 12:15:09','(SendingEmailOnCancelation)',50,'$conf->adherent->enabled',1,'[__[MAIN_INFO_SOCIETE_NOM]__] __(YourMembershipWasCanceled)__','0','__(Hello)__ __MEMBER_FULLNAME__,<br><br>\n\n__(YourMembershipWasCanceled)__<br>\n<br><br>\n__(Sincerely)__<br>__USER_SIGNATURE__',NULL),(7,0,'adherent','member','',0,NULL,NULL,'2021-01-07 12:15:09','(SendingAnEMailToMember)',60,'$conf->adherent->enabled',1,'[__[MAIN_INFO_SOCIETE_NOM]__] __(CardContent)__','0','__(Hello)__,<br><br>\n\n__(ThisIsContentOfYourCard)__<br>\n__(ID)__ : __ID__<br>\n__(Civiliyty)__ : __MEMBER_CIVILITY__<br>\n__(Firstname)__ : __MEMBER_FIRSTNAME__<br>\n__(Lastname)__ : __MEMBER_LASTNAME__<br>\n__(Fullname)__ : __MEMBER_FULLNAME__<br>\n__(Company)__ : __MEMBER_COMPANY__<br>\n__(Address)__ : __MEMBER_ADDRESS__<br>\n__(Zip)__ : __MEMBER_ZIP__<br>\n__(Town)__ : __MEMBER_TOWN__<br>\n__(Country)__ : __MEMBER_COUNTRY__<br>\n__(Email)__ : __MEMBER_EMAIL__<br>\n__(Birthday)__ : __MEMBER_BIRTH__<br>\n__(Photo)__ : __MEMBER_PHOTO__<br>\n__(Login)__ : __MEMBER_LOGIN__<br>\n__(Password)__ : __MEMBER_PASSWORD__<br>\n__(Phone)__ : __MEMBER_PHONE__<br>\n__(PhonePerso)__ : __MEMBER_PHONEPRO__<br>\n__(PhoneMobile)__ : __MEMBER_PHONEMOBILE__<br><br>\n__(Sincerely)__<br>__USER_SIGNATURE__',NULL),(8,0,'recruitment','recruitmentcandidature_send','',0,NULL,NULL,'2021-02-17 17:09:41','(AnswerCandidature)',100,'$conf->recruitment->enabled',1,'[__[MAIN_INFO_SOCIETE_NOM]__] __(YourCandidature)__','0','__(Hello)__ __CANDIDATE_FULLNAME__,<br><br>\n\n__(YourCandidatureAnswer)__<br>\n<br><br>\n__(Sincerely)__<br>__USER_SIGNATURE__',NULL),(10,1,NULL,'facture_send',NULL,0,NULL,NULL,'2021-04-07 11:44:06','1',1,'1',1,'Votre Facture Inforeve','1','Bonjour,<br />\r\n<br />\r\nCi-joint, votre facture.<br />\r\n<br />\r\n<br />\r\nEn vous remerciant d&#39;avance.<br />\r\nMeilleures salutations.<br />\r\n<br />\r\n&nbsp;\r\n<hr /><img alt=\"\" src=\"data:image/png;base64,[encoded data, 108220 characters]\" style=\"height:157px; width:243px\" />\r\n<hr />Envoy&eacute; par Dolibarr',NULL),(12,0,'','eventorganization_send','',0,NULL,NULL,'2021-02-14 13:42:41','EventOrganizationEmailAskConf',10,'1',1,'[__[MAIN_INFO_SOCIETE_NOM]__] __(EventOrganizationEmailAskConf)__',NULL,'__(Hello)__ __THIRDPARTY_NAME__,<br /><br />__(ThisIsContentOfYourOrganizationEventConfRequestWasReceived)__<br /><br />__ONLINE_PAYMENT_TEXT_AND_URL__<br /><br /><br />__(Sincerely)__<br />__USER_SIGNATURE__',NULL),(13,0,'','eventorganization_send','',0,NULL,NULL,'2021-02-14 13:42:41','EventOrganizationEmailAskBooth',20,'1',1,'[__[MAIN_INFO_SOCIETE_NOM]__] __(EventOrganizationEmailAskBooth)__',NULL,'__(Hello)__ __THIRDPARTY_NAME__,<br /><br />__(ThisIsContentOfYourOrganizationEventBoothRequestWasReceived)__<br /><br />__ONLINE_PAYMENT_TEXT_AND_URL__<br /><br /><br />__(Sincerely)__<br />__USER_SIGNATURE__',NULL),(14,0,'','eventorganization_send','',0,NULL,NULL,'2021-02-14 13:42:41','EventOrganizationEmailSubsBooth',30,'1',1,'[__[MAIN_INFO_SOCIETE_NOM]__] __(EventOrganizationEmailSubsBooth)__',NULL,'__(Hello)__ __THIRDPARTY_NAME__,<br /><br />__(ThisIsContentOfYourOrganizationEventBoothSubscriptionWasReceived)__<br /><br />__ONLINE_PAYMENT_TEXT_AND_URL__<br /><br /><br />__(Sincerely)__<br />__USER_SIGNATURE__',NULL),(15,0,'','eventorganization_send','',0,NULL,NULL,'2021-02-14 13:42:41','EventOrganizationEmailSubsEvent',40,'1',1,'[__[MAIN_INFO_SOCIETE_NOM]__] __(EventOrganizationEmailSubsEvent)__',NULL,'__(Hello)__ __THIRDPARTY_NAME__,<br /><br />__(ThisIsContentOfYourOrganizationEventEventSubscriptionWasReceived)__<br /><br />__(Sincerely)__<br /><br />__MYCOMPANY_NAME__<br />__USER_SIGNATURE__',NULL),(16,0,'','eventorganization_send','',0,NULL,NULL,'2021-02-14 13:42:41','EventOrganizationMassEmailAttendees',50,'1',1,'[__[MAIN_INFO_SOCIETE_NOM]__] __(EventOrganizationMassEmailAttendees)__',NULL,'__(Hello)__ __THIRDPARTY_NAME__,<br /><br />__(ThisIsContentOfYourOrganizationEventBulkMailToAttendees)__<br /><br />__(Sincerely)__<br />__USER_SIGNATURE__',NULL),(17,0,'','eventorganization_send','',0,NULL,NULL,'2021-02-14 13:42:41','EventOrganizationMassEmailSpeakers',60,'1',1,'[__[MAIN_INFO_SOCIETE_NOM]__] __(EventOrganizationMassEmailSpeakers)__',NULL,'__(Hello)__ __THIRDPARTY_NAME__,<br /><br />__(ThisIsContentOfYourOrganizationEventBulkMailToSpeakers)__<br /><br />__(Sincerely)__<br />__USER_SIGNATURE__',NULL),(18,0,'partnership','partnership_send','',0,NULL,NULL,'2021-07-16 17:09:46','(SendingEmailOnPartnershipWillSoonBeCanceled)',100,'1',1,'[__[MAIN_INFO_SOCIETE_NOM]__] - __(YourPartnershipWillSoonBeCanceledTopic)__','0','<body>\n <p>Hello,<br><br>\n__(YourPartnershipWillSoonBeCanceledContent)__</p>\n<br />\n\n<br />\n\n            __(Sincerely)__ <br />\n            __[MAIN_INFO_SOCIETE_NOM]__ <br />\n </body>\n',NULL),(19,0,'partnership','partnership_send','',0,NULL,NULL,'2021-07-16 17:09:46','(SendingEmailOnPartnershipCanceled)',100,'1',1,'[__[MAIN_INFO_SOCIETE_NOM]__] - __(YourPartnershipCanceledTopic)__','0','<body>\n <p>Hello,<br><br>\n__(YourPartnershipCanceledContent)__</p>\n<br />\n\n<br />\n\n            __(Sincerely)__ <br />\n            __[MAIN_INFO_SOCIETE_NOM]__ <br />\n </body>\n',NULL),(20,0,'partnership','partnership_send','',0,NULL,NULL,'2021-07-16 17:09:46','(SendingEmailOnPartnershipRefused)',100,'1',1,'[__[MAIN_INFO_SOCIETE_NOM]__] - __(YourPartnershipRefusedTopic)__','0','<body>\n <p>Hello,<br><br>\n__(YourPartnershipRefusedContent)__</p>\n<br />\n\n<br />\n\n            __(Sincerely)__ <br />\n            __[MAIN_INFO_SOCIETE_NOM]__ <br />\n </body>\n',NULL),(21,0,'partnership','partnership_send','',0,NULL,NULL,'2021-07-16 17:09:46','(SendingEmailOnPartnershipAccepted)',100,'1',1,'[__[MAIN_INFO_SOCIETE_NOM]__] - __(YourPartnershipAcceptedTopic)__','0','<body>\n <p>Hello,<br><br>\n__(YourPartnershipAcceptedContent)__</p>\n<br />\n\n<br />\n\n            __(Sincerely)__ <br />\n            __[MAIN_INFO_SOCIETE_NOM]__ <br />\n </body>\n',NULL),(42,0,'','conferenceorbooth','',0,NULL,NULL,'2021-11-18 14:17:13','(EventOrganizationEmailAskConf)',10,'1',1,'[__[MAIN_INFO_SOCIETE_NOM]__] __(EventOrganizationEmailAskConf)__',NULL,'__(Hello)__,<br /><br />__(OrganizationEventConfRequestWasReceived)__<br /><br /><br />__(Sincerely)__<br />__USER_SIGNATURE__',NULL),(43,0,'','conferenceorbooth','',0,NULL,NULL,'2021-11-18 14:17:13','(EventOrganizationEmailAskBooth)',20,'1',1,'[__[MAIN_INFO_SOCIETE_NOM]__] __(EventOrganizationEmailAskBooth)__',NULL,'__(Hello)__,<br /><br />__(OrganizationEventBoothRequestWasReceived)__<br /><br /><br />__(Sincerely)__<br />__USER_SIGNATURE__',NULL),(44,0,'','conferenceorbooth','',0,NULL,NULL,'2021-11-18 14:17:13','(EventOrganizationEmailSubsBooth)',30,'1',1,'[__[MAIN_INFO_SOCIETE_NOM]__] __(EventOrganizationEmailBoothPayment)__',NULL,'__(Hello)__,<br /><br />__(OrganizationEventPaymentOfBoothWasReceived)__<br /><br /><br />__(Sincerely)__<br />__USER_SIGNATURE__',NULL),(45,0,'','conferenceorbooth','',0,NULL,NULL,'2021-11-18 14:17:13','(EventOrganizationEmailSubsEvent)',40,'1',1,'[__[MAIN_INFO_SOCIETE_NOM]__] __(EventOrganizationEmailRegistrationPayment)__',NULL,'__(Hello)__,<br /><br />__(OrganizationEventPaymentOfRegistrationWasReceived)__<br /><br />__(Sincerely)__<br />__USER_SIGNATURE__',NULL),(46,0,'','conferenceorbooth','',0,NULL,NULL,'2021-11-18 14:17:13','(EventOrganizationMassEmailAttendees)',50,'1',1,'[__[MAIN_INFO_SOCIETE_NOM]__] __(EventOrganizationMassEmailAttendees)__',NULL,'__(Hello)__,<br /><br />__(OrganizationEventBulkMailToAttendees)__<br /><br />__(Sincerely)__<br />__USER_SIGNATURE__',NULL),(47,0,'','conferenceorbooth','',0,NULL,NULL,'2021-11-18 14:17:13','(EventOrganizationMassEmailSpeakers)',60,'1',1,'[__[MAIN_INFO_SOCIETE_NOM]__] __(EventOrganizationMassEmailSpeakers)__',NULL,'__(Hello)__,<br /><br />__(OrganizationEventBulkMailToSpeakers)__<br /><br />__(Sincerely)__<br />__USER_SIGNATURE__',NULL);

--
-- Table structure for table `llx_c_exp_tax_cat`
--

CREATE TABLE `llx_c_exp_tax_cat` (
  `rowid` int NOT NULL AUTO_INCREMENT,
  `label` varchar(48) NOT NULL,
  `entity` int NOT NULL DEFAULT '1',
  `active` int NOT NULL DEFAULT '1',
  PRIMARY KEY (`rowid`)
) ENGINE=InnoDB AUTO_INCREMENT=29 DEFAULT CHARSET=utf8mb4 COLLATE=utf8mb4_0900_ai_ci;

--
-- Dumping data for table `llx_c_exp_tax_cat`
--

INSERT INTO `llx_c_exp_tax_cat` (`rowid`, `label`, `entity`, `active`) VALUES (1,'ExpAutoCat',1,0),(2,'ExpCycloCat',1,0),(3,'ExpMotoCat',1,0),(4,'ExpAuto3CV',1,1),(5,'ExpAuto4CV',1,1),(6,'ExpAuto5CV',1,1),(7,'ExpAuto6CV',1,1),(8,'ExpAuto7CV',1,1),(9,'ExpAuto8CV',1,1),(10,'ExpAuto9CV',1,0),(11,'ExpAuto10CV',1,0),(12,'ExpAuto11CV',1,0),(13,'ExpAuto12CV',1,0),(14,'ExpAuto3PCV',1,0),(15,'ExpAuto4PCV',1,0),(16,'ExpAuto5PCV',1,0),(17,'ExpAuto6PCV',1,0),(18,'ExpAuto7PCV',1,0),(19,'ExpAuto8PCV',1,0),(20,'ExpAuto9PCV',1,0),(21,'ExpAuto10PCV',1,0),(22,'ExpAuto11PCV',1,0),(23,'ExpAuto12PCV',1,0),(24,'ExpAuto13PCV',1,0),(25,'ExpCyclo',1,0),(26,'ExpMoto12CV',1,0),(27,'ExpMoto345CV',1,0),(28,'ExpMoto5PCV',1,0);

--
-- Table structure for table `llx_c_exp_tax_range`
--

CREATE TABLE `llx_c_exp_tax_range` (
  `rowid` int NOT NULL AUTO_INCREMENT,
  `fk_c_exp_tax_cat` int NOT NULL DEFAULT '1',
  `range_ik` double NOT NULL DEFAULT '0',
  `entity` int NOT NULL DEFAULT '1',
  `active` int NOT NULL DEFAULT '1',
  PRIMARY KEY (`rowid`)
) ENGINE=InnoDB AUTO_INCREMENT=16 DEFAULT CHARSET=utf8mb4 COLLATE=utf8mb4_0900_ai_ci;

--
-- Dumping data for table `llx_c_exp_tax_range`
--

INSERT INTO `llx_c_exp_tax_range` (`rowid`, `fk_c_exp_tax_cat`, `range_ik`, `entity`, `active`) VALUES (1,4,0,1,1),(2,4,5000,1,1),(3,4,20000,1,1),(4,5,0,1,1),(5,5,5000,1,1),(6,5,20000,1,1),(7,6,0,1,1),(8,6,5000,1,1),(9,6,20000,1,1),(10,7,0,1,1),(11,7,5000,1,1),(12,7,20000,1,1),(13,8,0,1,1),(14,8,5000,1,1),(15,8,20000,1,1);

--
-- Table structure for table `llx_c_field_list`
--

CREATE TABLE `llx_c_field_list` (
  `rowid` int NOT NULL AUTO_INCREMENT,
  `tms` timestamp NOT NULL DEFAULT CURRENT_TIMESTAMP ON UPDATE CURRENT_TIMESTAMP,
  `element` varchar(64) NOT NULL,
  `entity` int NOT NULL DEFAULT '1',
  `name` varchar(32) NOT NULL,
  `alias` varchar(32) NOT NULL,
  `title` varchar(32) NOT NULL,
  `align` varchar(6) DEFAULT 'left',
  `sort` tinyint NOT NULL DEFAULT '1',
  `search` tinyint NOT NULL DEFAULT '0',
  `visible` tinyint NOT NULL DEFAULT '1',
  `enabled` varchar(255) DEFAULT '1',
  `rang` int DEFAULT '0',
  PRIMARY KEY (`rowid`)
) ENGINE=InnoDB DEFAULT CHARSET=utf8mb4 COLLATE=utf8mb4_0900_ai_ci;

--
-- Dumping data for table `llx_c_field_list`
--


--
-- Table structure for table `llx_c_format_cards`
--

CREATE TABLE `llx_c_format_cards` (
  `rowid` int NOT NULL AUTO_INCREMENT,
  `code` varchar(50) NOT NULL,
  `name` varchar(50) NOT NULL,
  `paper_size` varchar(20) NOT NULL,
  `orientation` varchar(1) NOT NULL,
  `metric` varchar(5) NOT NULL,
  `leftmargin` double(24,8) NOT NULL,
  `topmargin` double(24,8) NOT NULL,
  `nx` int NOT NULL,
  `ny` int NOT NULL,
  `spacex` double(24,8) NOT NULL,
  `spacey` double(24,8) NOT NULL,
  `width` double(24,8) NOT NULL,
  `height` double(24,8) NOT NULL,
  `font_size` int NOT NULL,
  `custom_x` double(24,8) NOT NULL,
  `custom_y` double(24,8) NOT NULL,
  `active` int NOT NULL,
  PRIMARY KEY (`rowid`)
) ENGINE=InnoDB AUTO_INCREMENT=12 DEFAULT CHARSET=utf8mb4 COLLATE=utf8mb4_0900_ai_ci;

--
-- Dumping data for table `llx_c_format_cards`
--

INSERT INTO `llx_c_format_cards` (`rowid`, `code`, `name`, `paper_size`, `orientation`, `metric`, `leftmargin`, `topmargin`, `nx`, `ny`, `spacex`, `spacey`, `width`, `height`, `font_size`, `custom_x`, `custom_y`, `active`) VALUES (1,'5160','Avery-5160, WL-875WX','letter','P','mm',5.58165000,12.70000000,3,10,3.55600000,0.00000000,65.87490000,25.40000000,7,0.00000000,0.00000000,1),(2,'5161','Avery-5161, WL-75WX','letter','P','mm',4.44500000,12.70000000,2,10,3.96800000,0.00000000,101.60000000,25.40000000,7,0.00000000,0.00000000,1),(3,'5162','Avery-5162, WL-100WX','letter','P','mm',3.87350000,22.35200000,2,7,4.95400000,0.00000000,101.60000000,33.78100000,8,0.00000000,0.00000000,1),(4,'5163','Avery-5163, WL-125WX','letter','P','mm',4.57200000,12.70000000,2,5,3.55600000,0.00000000,101.60000000,50.80000000,10,0.00000000,0.00000000,1),(5,'5164','5164 (Letter)','letter','P','in',0.14800000,0.50000000,2,3,0.20310000,0.00000000,4.00000000,3.33000000,12,0.00000000,0.00000000,0),(6,'8600','Avery-8600','letter','P','mm',7.10000000,19.00000000,3,10,9.50000000,3.10000000,66.60000000,25.40000000,7,0.00000000,0.00000000,1),(7,'99012','DYMO 99012 89*36mm','custom','L','mm',1.00000000,1.00000000,1,1,0.00000000,0.00000000,36.00000000,89.00000000,10,36.00000000,89.00000000,1),(8,'99014','DYMO 99014 101*54mm','custom','L','mm',1.00000000,1.00000000,1,1,0.00000000,0.00000000,54.00000000,101.00000000,10,54.00000000,101.00000000,1),(9,'AVERYC32010','Avery-C32010','A4','P','mm',15.00000000,13.00000000,2,5,10.00000000,0.00000000,85.00000000,54.00000000,10,0.00000000,0.00000000,1),(10,'CARD','Dolibarr Business cards','A4','P','mm',15.00000000,15.00000000,2,5,0.00000000,0.00000000,85.00000000,54.00000000,10,0.00000000,0.00000000,1),(11,'L7163','Avery-L7163','A4','P','mm',5.00000000,15.00000000,2,7,2.50000000,0.00000000,99.10000000,38.10000000,8,0.00000000,0.00000000,1);

--
-- Table structure for table `llx_c_forme_juridique`
--

CREATE TABLE `llx_c_forme_juridique` (
  `rowid` int NOT NULL AUTO_INCREMENT,
  `code` int NOT NULL,
  `fk_pays` int NOT NULL,
  `libelle` varchar(255) DEFAULT NULL,
  `isvatexempted` tinyint NOT NULL DEFAULT '0',
  `active` tinyint NOT NULL DEFAULT '1',
  `module` varchar(32) DEFAULT NULL,
  `position` int NOT NULL DEFAULT '0',
  PRIMARY KEY (`rowid`),
  UNIQUE KEY `uk_c_forme_juridique` (`code`)
) ENGINE=InnoDB AUTO_INCREMENT=247 DEFAULT CHARSET=utf8mb4 COLLATE=utf8mb4_0900_ai_ci;

--
-- Dumping data for table `llx_c_forme_juridique`
--

INSERT INTO `llx_c_forme_juridique` (`rowid`, `code`, `fk_pays`, `libelle`, `isvatexempted`, `active`, `module`, `position`) VALUES (1,0,0,'-',0,1,NULL,0),(2,2301,23,'Monotributista',0,1,NULL,0),(3,2302,23,'Sociedad Civil',0,1,NULL,0),(4,2303,23,'Sociedades Comerciales',0,1,NULL,0),(5,2304,23,'Sociedades de Hecho',0,1,NULL,0),(6,2305,23,'Sociedades Irregulares',0,1,NULL,0),(7,2306,23,'Sociedad Colectiva',0,1,NULL,0),(8,2307,23,'Sociedad en Comandita Simple',0,1,NULL,0),(9,2308,23,'Sociedad de Capital e Industria',0,1,NULL,0),(10,2309,23,'Sociedad Accidental o en participación',0,1,NULL,0),(11,2310,23,'Sociedad de Responsabilidad Limitada',0,1,NULL,0),(12,2311,23,'Sociedad Anónima',0,1,NULL,0),(13,2312,23,'Sociedad Anónima con Participación Estatal Mayoritaria',0,1,NULL,0),(14,2313,23,'Sociedad en Comandita por Acciones (arts. 315 a 324, LSC)',0,1,NULL,0),(15,4100,41,'GmbH - Gesellschaft mit beschränkter Haftung',0,1,NULL,0),(16,4101,41,'GesmbH - Gesellschaft mit beschränkter Haftung',0,1,NULL,0),(17,4102,41,'AG - Aktiengesellschaft',0,1,NULL,0),(18,4103,41,'EWIV - Europäische wirtschaftliche Interessenvereinigung',0,1,NULL,0),(19,4104,41,'KEG - Kommanditerwerbsgesellschaft',0,1,NULL,0),(20,4105,41,'OEG - Offene Erwerbsgesellschaft',0,1,NULL,0),(21,4106,41,'OHG - Offene Handelsgesellschaft',0,1,NULL,0),(22,4107,41,'AG & Co KG - Kommanditgesellschaft',0,1,NULL,0),(23,4108,41,'GmbH & Co KG - Kommanditgesellschaft',0,1,NULL,0),(24,4109,41,'KG - Kommanditgesellschaft',0,1,NULL,0),(25,4110,41,'OG - Offene Gesellschaft',0,1,NULL,0),(26,4111,41,'GbR - Gesellschaft nach bürgerlichem Recht',0,1,NULL,0),(27,4112,41,'GesbR - Gesellschaft nach bürgerlichem Recht',0,1,NULL,0),(28,4113,41,'GesnbR - Gesellschaft nach bürgerlichem Recht',0,1,NULL,0),(29,4114,41,'e.U. - eingetragener Einzelunternehmer',0,1,NULL,0),(30,11,1,'Artisan Commerçant (EI)',0,1,NULL,0),(31,12,1,'Commerçant (EI)',0,1,NULL,0),(32,13,1,'Artisan (EI)',0,1,NULL,0),(33,14,1,'Officier public ou ministériel',0,1,NULL,0),(34,15,1,'Profession libérale (EI)',0,1,NULL,0),(35,16,1,'Exploitant agricole',0,1,NULL,0),(36,17,1,'Agent commercial',0,1,NULL,0),(37,18,1,'Associé Gérant de société',0,1,NULL,0),(38,19,1,'Personne physique',0,1,NULL,0),(39,21,1,'Indivision',0,1,NULL,0),(40,22,1,'Société créée de fait',0,1,NULL,0),(41,23,1,'Société en participation',0,1,NULL,0),(42,27,1,'Paroisse hors zone concordataire',0,1,NULL,0),(43,29,1,'Groupement de droit privé non doté de la personnalité morale',0,1,NULL,0),(44,31,1,'Personne morale de droit étranger, immatriculée au RCS',0,1,NULL,0),(45,32,1,'Personne morale de droit étranger, non immatriculée au RCS',0,1,NULL,0),(46,35,1,'Régime auto-entrepreneur',0,1,NULL,0),(47,41,1,'Etablissement public ou régie à caractère industriel ou commercial',0,1,NULL,0),(48,51,1,'Société coopérative commerciale particulière',0,1,NULL,0),(49,52,1,'Société en nom collectif',0,1,NULL,0),(50,53,1,'Société en commandite',0,1,NULL,0),(51,54,1,'Société à responsabilité limitée (SARL)',0,1,NULL,0),(52,55,1,'Société anonyme à conseil d administration',0,1,NULL,0),(53,56,1,'Société anonyme à directoire',0,1,NULL,0),(54,57,1,'Société par actions simplifiée (SAS)',0,1,NULL,0),(55,58,1,'Entreprise Unipersonnelle à Responsabilité Limitée (EURL)',0,1,NULL,0),(56,59,1,'Société par actions simplifiée unipersonnelle (SASU)',0,1,NULL,0),(57,60,1,'Entreprise Individuelle à Responsabilité Limitée (EIRL)',0,1,NULL,0),(58,61,1,'Caisse d\'épargne et de prévoyance',0,1,NULL,0),(59,62,1,'Groupement d\'intérêt économique (GIE)',0,1,NULL,0),(60,63,1,'Société coopérative agricole',0,1,NULL,0),(61,64,1,'Société non commerciale d assurances',0,1,NULL,0),(62,65,1,'Société civile',0,1,NULL,0),(63,69,1,'Personnes de droit privé inscrites au RCS',0,1,NULL,0),(64,71,1,'Administration de l état',0,1,NULL,0),(65,72,1,'Collectivité territoriale',0,1,NULL,0),(66,73,1,'Etablissement public administratif',0,1,NULL,0),(67,74,1,'Personne morale de droit public administratif',0,1,NULL,0),(68,81,1,'Organisme gérant régime de protection social à adhésion obligatoire',0,1,NULL,0),(69,82,1,'Organisme mutualiste',0,1,NULL,0),(70,83,1,'Comité d entreprise',0,1,NULL,0),(71,84,1,'Organisme professionnel',0,1,NULL,0),(72,85,1,'Organisme de retraite à adhésion non obligatoire',0,1,NULL,0),(73,91,1,'Syndicat de propriétaires',0,1,NULL,0),(74,92,1,'Association loi 1901 ou assimilé',0,1,NULL,0),(75,93,1,'Fondation',0,1,NULL,0),(76,99,1,'Personne morale de droit privé',0,1,NULL,0),(77,200,2,'Indépendant',0,1,NULL,0),(78,201,2,'SRL - Société à responsabilité limitée',0,1,NULL,0),(79,202,2,'SA   - Société Anonyme',0,1,NULL,0),(80,203,2,'SCRL - Société coopérative à responsabilité limitée',0,1,NULL,0),(81,204,2,'ASBL - Association sans but Lucratif',0,1,NULL,0),(82,205,2,'SCRI - Société coopérative à responsabilité illimitée',0,1,NULL,0),(83,206,2,'SCS  - Société en commandite simple',0,1,NULL,0),(84,207,2,'SCA  - Société en commandite par action',0,1,NULL,0),(85,208,2,'SNC  - Société en nom collectif',0,1,NULL,0),(86,209,2,'GIE  - Groupement d intérêt économique',0,1,NULL,0),(87,210,2,'GEIE - Groupement européen d intérêt économique',0,1,NULL,0),(88,220,2,'Eenmanszaak',0,1,NULL,0),(89,221,2,'BVBA - Besloten vennootschap met beperkte aansprakelijkheid',0,1,NULL,0),(90,222,2,'NV   - Naamloze Vennootschap',0,1,NULL,0),(91,223,2,'CVBA - Coöperatieve vennootschap met beperkte aansprakelijkheid',0,1,NULL,0),(92,224,2,'VZW  - Vereniging zonder winstoogmerk',0,1,NULL,0),(93,225,2,'CVOA - Coöperatieve vennootschap met onbeperkte aansprakelijkheid ',0,1,NULL,0),(94,226,2,'GCV  - Gewone commanditaire vennootschap',0,1,NULL,0),(95,227,2,'Comm.VA - Commanditaire vennootschap op aandelen',0,1,NULL,0),(96,228,2,'VOF  - Vennootschap onder firma',0,1,NULL,0),(97,229,2,'VS0  - Vennootschap met sociaal oogmerk',0,1,NULL,0),(98,500,5,'GmbH - Gesellschaft mit beschränkter Haftung',0,1,NULL,0),(99,501,5,'AG - Aktiengesellschaft ',0,1,NULL,0),(100,502,5,'GmbH&Co. KG - Gesellschaft mit beschränkter Haftung & Compagnie Kommanditgesellschaft',0,1,NULL,0),(101,503,5,'Gewerbe - Personengesellschaft',0,1,NULL,0),(102,504,5,'UG - Unternehmergesellschaft -haftungsbeschränkt-',0,1,NULL,0),(103,505,5,'GbR - Gesellschaft des bürgerlichen Rechts',0,1,NULL,0),(104,506,5,'KG - Kommanditgesellschaft',0,1,NULL,0),(105,507,5,'Ltd. - Limited Company',0,1,NULL,0),(106,508,5,'OHG - Offene Handelsgesellschaft',0,1,NULL,0),(107,8001,80,'Aktieselvskab A/S',0,1,NULL,0),(108,8002,80,'Anparts Selvskab ApS',0,1,NULL,0),(109,8003,80,'Personlig ejet selvskab',0,1,NULL,0),(110,8004,80,'Iværksætterselvskab IVS',0,1,NULL,0),(111,8005,80,'Interessentskab I/S',0,1,NULL,0),(112,8006,80,'Holdingselskab',0,1,NULL,0),(113,8007,80,'Selskab Med Begrænset Hæftelse SMBA',0,1,NULL,0),(114,8008,80,'Kommanditselskab K/S',0,1,NULL,0),(115,8009,80,'SPE-selskab',0,1,NULL,0),(116,10201,102,'Ατομική επιχείρηση',0,1,NULL,0),(117,10202,102,'Εταιρική  επιχείρηση',0,1,NULL,0),(118,10203,102,'Ομόρρυθμη Εταιρεία Ο.Ε',0,1,NULL,0),(119,10204,102,'Ετερόρρυθμη Εταιρεία Ε.Ε',0,1,NULL,0),(120,10205,102,'Εταιρεία Περιορισμένης Ευθύνης Ε.Π.Ε',0,1,NULL,0),(121,10206,102,'Ανώνυμη Εταιρεία Α.Ε',0,1,NULL,0),(122,10207,102,'Ανώνυμη ναυτιλιακή εταιρεία Α.Ν.Ε',0,1,NULL,0),(123,10208,102,'Συνεταιρισμός',0,1,NULL,0),(124,10209,102,'Συμπλοιοκτησία',0,1,NULL,0),(125,301,3,'Società semplice',0,1,NULL,0),(126,302,3,'Società in nome collettivo s.n.c.',0,1,NULL,0),(127,303,3,'Società in accomandita semplice s.a.s.',0,1,NULL,0),(128,304,3,'Società per azioni s.p.a.',0,1,NULL,0),(129,305,3,'Società a responsabilità limitata s.r.l.',0,1,NULL,0),(130,306,3,'Società in accomandita per azioni s.a.p.a.',0,1,NULL,0),(131,307,3,'Società cooperativa a r.l.',0,1,NULL,0),(132,308,3,'Società consortile',0,1,NULL,0),(133,309,3,'Società europea',0,1,NULL,0),(134,310,3,'Società cooperativa europea',0,1,NULL,0),(135,311,3,'Società unipersonale',0,1,NULL,0),(136,312,3,'Società di professionisti',0,1,NULL,0),(137,313,3,'Società di fatto',0,1,NULL,0),(138,315,3,'Società apparente',0,1,NULL,0),(139,316,3,'Impresa individuale ',0,1,NULL,0),(140,317,3,'Impresa coniugale',0,1,NULL,0),(141,318,3,'Impresa familiare',0,1,NULL,0),(142,319,3,'Consorzio cooperativo',0,1,NULL,0),(143,320,3,'Società cooperativa sociale',0,1,NULL,0),(144,321,3,'Società cooperativa di consumo',0,1,NULL,0),(145,322,3,'Società cooperativa agricola',0,1,NULL,0),(146,323,3,'A.T.I. Associazione temporanea di imprese',0,1,NULL,0),(147,324,3,'R.T.I. Raggruppamento temporaneo di imprese',0,1,NULL,0),(148,325,3,'Studio associato',0,1,NULL,0),(149,600,6,'Raison Individuelle',0,1,NULL,0),(150,601,6,'Société Simple',0,1,NULL,0),(151,602,6,'Société en nom collectif',0,1,NULL,0),(152,603,6,'Société en commandite',0,1,NULL,0),(153,604,6,'Société anonyme (SA)',0,1,NULL,0),(154,605,6,'Société en commandite par actions',0,1,NULL,0),(155,606,6,'Société à responsabilité limitée (SARL)',0,1,NULL,0),(156,607,6,'Société coopérative',0,1,NULL,0),(157,608,6,'Association',0,1,NULL,0),(158,609,6,'Fondation',0,1,NULL,0),(159,700,7,'Sole Trader',0,1,NULL,0),(160,701,7,'Partnership',0,1,NULL,0),(161,702,7,'Private Limited Company by shares (LTD)',0,1,NULL,0),(162,703,7,'Public Limited Company',0,1,NULL,0),(163,704,7,'Workers Cooperative',0,1,NULL,0),(164,705,7,'Limited Liability Partnership',0,1,NULL,0),(165,706,7,'Franchise',0,1,NULL,0),(166,1000,10,'Société à responsabilité limitée (SARL)',0,1,NULL,0),(167,1001,10,'Société en Nom Collectif (SNC)',0,1,NULL,0),(168,1002,10,'Société en Commandite Simple (SCS)',0,1,NULL,0),(169,1003,10,'société en participation',0,1,NULL,0),(170,1004,10,'Société Anonyme (SA)',0,1,NULL,0),(171,1005,10,'Société Unipersonnelle à Responsabilité Limitée (SUARL)',0,1,NULL,0),(172,1006,10,'Groupement d\'intérêt économique (GEI)',0,1,NULL,0),(173,1007,10,'Groupe de sociétés',0,1,NULL,0),(174,1701,17,'Eenmanszaak',0,1,NULL,0),(175,1702,17,'Maatschap',0,1,NULL,0),(176,1703,17,'Vennootschap onder firma',0,1,NULL,0),(177,1704,17,'Commanditaire vennootschap',0,1,NULL,0),(178,1705,17,'Besloten vennootschap (BV)',0,1,NULL,0),(179,1706,17,'Naamloze Vennootschap (NV)',0,1,NULL,0),(180,1707,17,'Vereniging',0,1,NULL,0),(181,1708,17,'Stichting',0,1,NULL,0),(182,1709,17,'Coöperatie met beperkte aansprakelijkheid (BA)',0,1,NULL,0),(183,1710,17,'Coöperatie met uitgesloten aansprakelijkheid (UA)',0,1,NULL,0),(184,1711,17,'Coöperatie met wettelijke aansprakelijkheid (WA)',0,1,NULL,0),(185,1712,17,'Onderlinge waarborgmaatschappij',0,1,NULL,0),(186,401,4,'Empresario Individual',0,1,NULL,0),(187,402,4,'Comunidad de Bienes',0,1,NULL,0),(188,403,4,'Sociedad Civil',0,1,NULL,0),(189,404,4,'Sociedad Colectiva',0,1,NULL,0),(190,405,4,'Sociedad Limitada',0,1,NULL,0),(191,406,4,'Sociedad Anónima',0,1,NULL,0),(192,407,4,'Sociedad Comanditaria por Acciones',0,1,NULL,0),(193,408,4,'Sociedad Comanditaria Simple',0,1,NULL,0),(194,409,4,'Sociedad Laboral',0,1,NULL,0),(195,410,4,'Sociedad Cooperativa',0,1,NULL,0),(196,411,4,'Sociedad de Garantía Recíproca',0,1,NULL,0),(197,412,4,'Entidad de Capital-Riesgo',0,1,NULL,0),(198,413,4,'Agrupación de Interés Económico',0,1,NULL,0),(199,414,4,'Sociedad de Inversión Mobiliaria',0,1,NULL,0),(200,415,4,'Agrupación sin Ánimo de Lucro',0,1,NULL,0),(201,15201,152,'Mauritius Private Company Limited By Shares',0,1,NULL,0),(202,15202,152,'Mauritius Company Limited By Guarantee',0,1,NULL,0),(203,15203,152,'Mauritius Public Company Limited By Shares',0,1,NULL,0),(204,15204,152,'Mauritius Foreign Company',0,1,NULL,0),(205,15205,152,'Mauritius GBC1 (Offshore Company)',0,1,NULL,0),(206,15206,152,'Mauritius GBC2 (International Company)',0,1,NULL,0),(207,15207,152,'Mauritius General Partnership',0,1,NULL,0),(208,15208,152,'Mauritius Limited Partnership',0,1,NULL,0),(209,15209,152,'Mauritius Sole Proprietorship',0,1,NULL,0),(210,15210,152,'Mauritius Trusts',0,1,NULL,0),(211,15401,154,'Sociedad en nombre colectivo',0,1,NULL,0),(212,15402,154,'Sociedad en comandita simple',0,1,NULL,0),(213,15403,154,'Sociedad de responsabilidad limitada',0,1,NULL,0),(214,15404,154,'Sociedad anónima',0,1,NULL,0),(215,15405,154,'Sociedad en comandita por acciones',0,1,NULL,0),(216,15406,154,'Sociedad cooperativa',0,1,NULL,0),(217,14001,140,'Entreprise individuelle',0,1,NULL,0),(218,14002,140,'Société en nom collectif (SENC)',0,1,NULL,0),(219,14003,140,'Société en commandite simple (SECS)',0,1,NULL,0),(220,14004,140,'Société en commandite par actions (SECA)',0,1,NULL,0),(221,14005,140,'Société à responsabilité limitée (SARL)',0,1,NULL,0),(222,14006,140,'Société anonyme (SA)',0,1,NULL,0),(223,14007,140,'Société coopérative (SC)',0,1,NULL,0),(224,14008,140,'Société européenne (SE)',0,1,NULL,0),(225,18801,188,'AFJ - Alte forme juridice',0,1,NULL,0),(226,18802,188,'ASF - Asociatie familialã',0,1,NULL,0),(227,18803,188,'CON - Concesiune',0,1,NULL,0),(228,18804,188,'CRL - Soc civilã profesionala cu pers. juridica si rãspundere limitata (SPRL)',0,1,NULL,0),(229,18805,188,'INC - Închiriere',0,1,NULL,0),(230,18806,188,'LOC - Locaţie de gestiune',0,1,NULL,0),(231,18807,188,'OC1 - Organizaţie cooperatistã meşteşugãreascã',0,1,NULL,0),(232,18808,188,'OC2 - Organizaţie cooperatistã de consum',0,1,NULL,0),(233,18809,188,'OC3 - Organizaţie cooperatistã de credit',0,1,NULL,0),(234,18810,188,'PFA - Persoanã fizicã independentã',0,1,NULL,0),(235,18811,188,'RA - Regie autonomã',0,1,NULL,0),(236,18812,188,'SA - Societate comercialã pe acţiuni',0,1,NULL,0),(237,18813,188,'SCS - Societate comercialã în comanditã simplã',0,1,NULL,0),(238,18814,188,'SNC - Societate comercialã în nume colectiv',0,1,NULL,0),(239,18815,188,'SPI - Societate profesionala practicieni in insolventa (SPPI)',0,1,NULL,0),(240,18816,188,'SRL - Societate comercialã cu rãspundere limitatã',0,1,NULL,0),(241,18817,188,'URL - Intreprindere profesionala unipersonala cu rãspundere limitata (IPURL)',0,1,NULL,0),(242,17801,178,'Empresa individual',0,1,NULL,0),(243,17802,178,'Asociación General',0,1,NULL,0),(244,17803,178,'Sociedad de Responsabilidad Limitada',0,1,NULL,0),(245,17804,178,'Sociedad Civil',0,1,NULL,0),(246,17805,178,'Sociedad Anónima',0,1,NULL,0);

--
-- Table structure for table `llx_c_holiday_types`
--

CREATE TABLE `llx_c_holiday_types` (
  `rowid` int NOT NULL AUTO_INCREMENT,
  `code` varchar(16) NOT NULL,
  `label` varchar(255) NOT NULL,
  `affect` int NOT NULL,
  `delay` int NOT NULL,
  `newByMonth` double(8,5) NOT NULL DEFAULT '0.00000',
  `fk_country` int DEFAULT NULL,
  `active` int DEFAULT '1',
  PRIMARY KEY (`rowid`),
  UNIQUE KEY `uk_c_holiday_types` (`code`)
) ENGINE=InnoDB AUTO_INCREMENT=6 DEFAULT CHARSET=utf8mb4 COLLATE=utf8mb4_0900_ai_ci;

--
-- Dumping data for table `llx_c_holiday_types`
--

INSERT INTO `llx_c_holiday_types` (`rowid`, `code`, `label`, `affect`, `delay`, `newByMonth`, `fk_country`, `active`) VALUES (1,'LEAVE_SICK','Sick leave',0,0,0.00000,NULL,1),(2,'LEAVE_OTHER','Other leave',0,0,0.00000,NULL,1),(3,'LEAVE_PAID','Paid vacation',1,7,0.00000,NULL,0),(4,'LEAVE_RTT_FR','RTT',1,7,0.83000,1,1),(5,'LEAVE_PAID_FR','Paid vacation',1,30,2.08334,1,1);

--
-- Table structure for table `llx_c_hrm_department`
--

CREATE TABLE `llx_c_hrm_department` (
  `rowid` int NOT NULL,
  `pos` tinyint NOT NULL DEFAULT '0',
  `code` varchar(16) NOT NULL,
  `label` varchar(50) DEFAULT NULL,
  `active` tinyint NOT NULL DEFAULT '1',
  PRIMARY KEY (`rowid`)
) ENGINE=InnoDB DEFAULT CHARSET=utf8mb4 COLLATE=utf8mb4_0900_ai_ci;

--
-- Dumping data for table `llx_c_hrm_department`
--

INSERT INTO `llx_c_hrm_department` (`rowid`, `pos`, `code`, `label`, `active`) VALUES (1,5,'MANAGEMENT','Management',1),(3,15,'TRAINING','Training',1),(4,20,'IT','Inform. Technology (IT)',0),(5,25,'MARKETING','Marketing',0),(6,30,'SALES','Sales',1),(7,35,'LEGAL','Legal',0),(8,40,'FINANCIAL','Financial accounting',1),(9,45,'HUMANRES','Human resources',1),(10,50,'PURCHASING','Purchasing',1),(12,60,'CUSTOMSERV','Customer service',0),(14,70,'LOGISTIC','Logistics',1),(15,75,'CONSTRUCT','Engineering/design',0),(16,80,'PRODUCTION','Production',1),(17,85,'QUALITY','Quality assurance',0);

--
-- Table structure for table `llx_c_hrm_function`
--

CREATE TABLE `llx_c_hrm_function` (
  `rowid` int NOT NULL,
  `pos` tinyint NOT NULL DEFAULT '0',
  `code` varchar(16) NOT NULL,
  `label` varchar(50) DEFAULT NULL,
  `c_level` tinyint NOT NULL DEFAULT '0',
  `active` tinyint NOT NULL DEFAULT '1',
  PRIMARY KEY (`rowid`)
) ENGINE=InnoDB DEFAULT CHARSET=utf8mb4 COLLATE=utf8mb4_0900_ai_ci;

--
-- Dumping data for table `llx_c_hrm_function`
--

INSERT INTO `llx_c_hrm_function` (`rowid`, `pos`, `code`, `label`, `c_level`, `active`) VALUES (1,5,'EXECBOARD','Executive board',0,1),(2,10,'MANAGDIR','Managing director',1,1),(3,15,'ACCOUNTMANAG','Account manager',0,1),(4,20,'ENGAGDIR','Engagement director',1,1),(5,25,'DIRECTOR','Director',1,1),(6,30,'PROJMANAG','Project manager',0,1),(7,35,'DEPHEAD','Department head',0,1),(8,40,'SECRETAR','Secretary',0,1),(9,45,'EMPLOYEE','Department employee',0,1);

--
-- Table structure for table `llx_c_hrm_public_holiday`
--

CREATE TABLE `llx_c_hrm_public_holiday` (
  `id` int NOT NULL AUTO_INCREMENT,
  `entity` int NOT NULL DEFAULT '0',
  `fk_country` int DEFAULT NULL,
  `code` varchar(62) DEFAULT NULL,
  `dayrule` varchar(64) DEFAULT '',
  `day` int DEFAULT NULL,
  `month` int DEFAULT NULL,
  `year` int DEFAULT NULL,
  `active` int DEFAULT '1',
  `import_key` varchar(14) DEFAULT NULL,
  PRIMARY KEY (`id`),
  UNIQUE KEY `uk_c_hrm_public_holiday` (`entity`,`code`),
  UNIQUE KEY `uk_c_hrm_public_holiday2` (`entity`,`fk_country`,`dayrule`,`day`,`month`,`year`)
) ENGINE=InnoDB AUTO_INCREMENT=38 DEFAULT CHARSET=utf8mb4 COLLATE=utf8mb4_0900_ai_ci;

--
-- Dumping data for table `llx_c_hrm_public_holiday`
--

INSERT INTO `llx_c_hrm_public_holiday` (`id`, `entity`, `fk_country`, `code`, `dayrule`, `day`, `month`, `year`, `active`, `import_key`) VALUES (1,0,0,'NEWYEARDAY1','',1,1,0,1,NULL),(2,0,0,'LABORDAY1','',1,5,0,1,NULL),(3,0,0,'ASSOMPTIONDAY1','',15,8,0,1,NULL),(4,0,0,'CHRISTMASDAY1','',25,12,0,1,NULL),(5,0,1,'FR-VICTORYDAY','',8,5,0,1,NULL),(6,0,1,'FR-NATIONALDAY','',14,7,0,1,NULL),(7,0,1,'FR-ASSOMPTION','',15,8,0,1,NULL),(8,0,1,'FR-TOUSSAINT','',1,11,0,1,NULL),(9,0,1,'FR-ARMISTICE','',11,11,0,1,NULL),(10,0,1,'FR-EASTER','eastermonday',0,0,0,1,NULL),(11,0,1,'FR-ASCENSION','ascension',0,0,0,1,NULL),(12,0,1,'FR-PENTECOST','pentecost',0,0,0,1,NULL),(13,0,3,'IT-LIBEAZIONE','',25,4,0,1,NULL),(14,0,3,'IT-EPIPHANY','',1,6,0,1,NULL),(15,0,3,'IT-REPUBBLICA','',2,6,0,1,NULL),(16,0,3,'IT-TUTTISANTIT','',1,11,0,1,NULL),(17,0,3,'IT-IMMACULE','',8,12,0,1,NULL),(18,0,3,'IT-SAINTSTEFAN','',26,12,0,1,NULL),(19,0,4,'ES-EASTER','easter',0,0,0,1,NULL),(20,0,4,'ES-REYE','',1,6,0,1,NULL),(21,0,4,'ES-HISPANIDAD','',12,10,0,1,NULL),(22,0,4,'ES-TOUSSAINT','',1,11,0,1,NULL),(23,0,4,'ES-CONSTITUIZION','',6,12,0,1,NULL),(24,0,4,'ES-IMMACULE','',8,12,0,1,NULL),(25,0,41,'AT-EASTER','eastermonday',0,0,0,1,NULL),(26,0,41,'AT-ASCENSION','ascension',0,0,0,1,NULL),(27,0,41,'AT-PENTECOST','pentecost',0,0,0,1,NULL),(28,0,41,'AT-FRONLEICHNAM','fronleichnam',0,0,0,1,NULL),(29,0,41,'AT-KONEGIE','',1,6,0,1,NULL),(30,0,41,'AT-26OKT','',26,10,0,1,NULL),(31,0,41,'AT-TOUSSAINT','',1,11,0,1,NULL),(32,0,41,'AT-IMMACULE','',8,12,0,1,NULL),(33,0,41,'AT-24DEC','',24,12,0,1,NULL),(34,0,41,'AT-SAINTSTEFAN','',26,12,0,1,NULL),(35,0,41,'AT-Silvester','',31,12,0,1,NULL),(36,0,117,'IN-REPUBLICDAY','',26,1,0,1,NULL),(37,0,117,'IN-GANDI','',2,10,0,1,NULL);

--
-- Table structure for table `llx_c_incoterms`
--

CREATE TABLE `llx_c_incoterms` (
  `rowid` int NOT NULL AUTO_INCREMENT,
  `code` varchar(3) NOT NULL,
  `libelle` varchar(255) NOT NULL,
  `active` tinyint NOT NULL DEFAULT '1',
  `label` varchar(100) DEFAULT NULL,
  PRIMARY KEY (`rowid`),
  UNIQUE KEY `uk_c_incoterms` (`code`)
) ENGINE=InnoDB AUTO_INCREMENT=12 DEFAULT CHARSET=utf8mb4 COLLATE=utf8mb4_0900_ai_ci;

--
-- Dumping data for table `llx_c_incoterms`
--

INSERT INTO `llx_c_incoterms` (`rowid`, `code`, `libelle`, `active`, `label`) VALUES (1,'EXW','Ex Works, au départ non chargé, non dédouané sortie d\'usine (uniquement adapté aux flux domestiques, nationaux)',1,NULL),(2,'FCA','Free Carrier, marchandises dédouanées et chargées dans le pays de départ, chez le vendeur ou chez le commissionnaire de transport de l\'acheteur',1,NULL),(3,'FAS','Free Alongside Ship, sur le quai du port de départ',1,NULL),(4,'FOB','Free On Board, chargé sur le bateau, les frais de chargement dans celui-ci étant fonction du liner term indiqué par la compagnie maritime (à la charge du vendeur)',1,NULL),(5,'CFR','Cost and Freight, chargé dans le bateau, livraison au port de départ, frais payés jusqu\'au port d\'arrivée, sans assurance pour le transport, non déchargé du navire à destination (les frais de déchargement sont inclus ou non au port d\'arrivée)',1,NULL),(6,'CIF','Cost, Insurance and Freight, chargé sur le bateau, frais jusqu\'au port d\'arrivée, avec l\'assurance marchandise transportée souscrite par le vendeur pour le compte de l\'acheteur',1,NULL),(7,'CPT','Carriage Paid To, livraison au premier transporteur, frais jusqu\'au déchargement du mode de transport, sans assurance pour le transport',1,NULL),(8,'CIP','Carriage and Insurance Paid to, idem CPT, avec assurance marchandise transportée souscrite par le vendeur pour le compte de l\'acheteur',1,NULL),(9,'DAT','Delivered At Terminal, marchandises (déchargées) livrées sur quai, dans un terminal maritime, fluvial, aérien, routier ou ferroviaire désigné (dédouanement import, et post-acheminement payés par l\'acheteur)',1,NULL),(10,'DAP','Delivered At Place, marchandises (non déchargées) mises à disposition de l\'acheteur dans le pays d\'importation au lieu précisé dans le contrat (déchargement, dédouanement import payé par l\'acheteur)',1,NULL),(11,'DDP','Delivered Duty Paid, marchandises (non déchargées) livrées à destination finale, dédouanement import et taxes à la charge du vendeur ; l\'acheteur prend en charge uniquement le déchargement (si exclusion des taxes type TVA, le préciser clairement)',1,NULL);

--
-- Table structure for table `llx_c_input_method`
--

CREATE TABLE `llx_c_input_method` (
  `rowid` int NOT NULL AUTO_INCREMENT,
  `code` varchar(30) DEFAULT NULL,
  `libelle` varchar(60) DEFAULT NULL,
  `active` tinyint NOT NULL DEFAULT '1',
  `module` varchar(32) DEFAULT NULL,
  PRIMARY KEY (`rowid`),
  UNIQUE KEY `uk_c_input_method` (`code`)
) ENGINE=InnoDB AUTO_INCREMENT=6 DEFAULT CHARSET=utf8mb4 COLLATE=utf8mb4_0900_ai_ci;

--
-- Dumping data for table `llx_c_input_method`
--

INSERT INTO `llx_c_input_method` (`rowid`, `code`, `libelle`, `active`, `module`) VALUES (1,'OrderByMail','Courrier',1,NULL),(2,'OrderByFax','Fax',1,NULL),(3,'OrderByEMail','EMail',1,NULL),(4,'OrderByPhone','Téléphone',1,NULL),(5,'OrderByWWW','En ligne',1,NULL);

--
-- Table structure for table `llx_c_input_reason`
--

CREATE TABLE `llx_c_input_reason` (
  `rowid` int NOT NULL AUTO_INCREMENT,
  `code` varchar(30) DEFAULT NULL,
  `label` varchar(60) DEFAULT NULL,
  `active` tinyint NOT NULL DEFAULT '1',
  `module` varchar(32) DEFAULT NULL,
  PRIMARY KEY (`rowid`),
  UNIQUE KEY `uk_c_input_reason` (`code`)
) ENGINE=InnoDB AUTO_INCREMENT=13 DEFAULT CHARSET=utf8mb4 COLLATE=utf8mb4_0900_ai_ci;

--
-- Dumping data for table `llx_c_input_reason`
--

INSERT INTO `llx_c_input_reason` (`rowid`, `code`, `label`, `active`, `module`) VALUES (1,'SRC_INTE','Web site',1,NULL),(2,'SRC_CAMP_MAIL','Mailing campaign',1,NULL),(3,'SRC_CAMP_PHO','Phone campaign',1,NULL),(4,'SRC_CAMP_FAX','Fax campaign',1,NULL),(5,'SRC_COMM','Commercial contact',1,NULL),(6,'SRC_SHOP','Shop contact',1,NULL),(7,'SRC_CAMP_EMAIL','EMailing campaign',1,NULL),(8,'SRC_WOM','Word of mouth',1,NULL),(9,'SRC_PARTNER','Partner',1,NULL),(10,'SRC_EMPLOYEE','Employee',1,NULL),(11,'SRC_SPONSORING','Sponsorship',1,NULL),(12,'SRC_CUSTOMER','Incoming contact of a customer',1,NULL);

--
-- Table structure for table `llx_c_lead_status`
--

CREATE TABLE `llx_c_lead_status` (
  `rowid` int NOT NULL AUTO_INCREMENT,
  `code` varchar(10) DEFAULT NULL,
  `label` varchar(50) DEFAULT NULL,
  `position` int DEFAULT NULL,
  `percent` double(5,2) DEFAULT NULL,
  `active` tinyint NOT NULL DEFAULT '1',
  PRIMARY KEY (`rowid`),
  UNIQUE KEY `uk_c_lead_status_code` (`code`)
) ENGINE=InnoDB AUTO_INCREMENT=8 DEFAULT CHARSET=utf8mb4 COLLATE=utf8mb4_0900_ai_ci;

--
-- Dumping data for table `llx_c_lead_status`
--

INSERT INTO `llx_c_lead_status` (`rowid`, `code`, `label`, `position`, `percent`, `active`) VALUES (1,'PROSP','Prospection',10,0.00,1),(2,'QUAL','Qualification',20,20.00,1),(3,'PROPO','Proposal',30,40.00,1),(4,'NEGO','Negotiation',40,60.00,1),(5,'PENDING','Pending',50,50.00,0),(6,'WON','Won',60,100.00,1),(7,'LOST','Lost',70,0.00,1);

--
-- Table structure for table `llx_c_paiement`
--

CREATE TABLE `llx_c_paiement` (
  `id` int NOT NULL AUTO_INCREMENT,
  `entity` int NOT NULL DEFAULT '1',
  `code` varchar(6) NOT NULL,
  `libelle` varchar(62) DEFAULT NULL,
  `type` smallint DEFAULT NULL,
  `active` tinyint NOT NULL DEFAULT '1',
  `accountancy_code` varchar(32) DEFAULT NULL,
  `module` varchar(32) DEFAULT NULL,
  `position` int NOT NULL DEFAULT '0',
  PRIMARY KEY (`id`),
  UNIQUE KEY `uk_c_paiement_code` (`entity`,`code`)
) ENGINE=InnoDB AUTO_INCREMENT=56 DEFAULT CHARSET=utf8mb4 COLLATE=utf8mb4_0900_ai_ci;

--
-- Dumping data for table `llx_c_paiement`
--

INSERT INTO `llx_c_paiement` (`id`, `entity`, `code`, `libelle`, `type`, `active`, `accountancy_code`, `module`, `position`) VALUES (1,1,'TIP','TIP',2,0,NULL,NULL,0),(2,1,'VIR','Transfer',2,1,NULL,NULL,0),(3,1,'PRE','Debit order',2,0,NULL,NULL,0),(4,1,'LIQ','Cash',2,1,NULL,NULL,0),(6,1,'CB','Credit card',2,0,NULL,NULL,0),(7,1,'CHQ','Cheque',2,0,NULL,NULL,0),(50,1,'VAD','Online payment',2,1,NULL,NULL,0),(51,1,'TRA','Traite',2,0,NULL,NULL,0),(52,1,'LCR','LCR',2,0,NULL,NULL,0),(53,1,'FAC','Factor',2,0,NULL,NULL,0),(54,1,'TWI','Twint',0,1,NULL,NULL,0),(55,1,'PSD','Pertes sur débiteurs',0,1,NULL,NULL,0);

--
-- Table structure for table `llx_c_paper_format`
--

CREATE TABLE `llx_c_paper_format` (
  `rowid` int NOT NULL AUTO_INCREMENT,
  `code` varchar(16) NOT NULL,
  `label` varchar(50) NOT NULL,
  `width` float(6,2) DEFAULT '0.00',
  `height` float(6,2) DEFAULT '0.00',
  `unit` varchar(5) NOT NULL,
  `active` tinyint NOT NULL DEFAULT '1',
  `module` varchar(32) DEFAULT NULL,
  PRIMARY KEY (`rowid`)
) ENGINE=InnoDB AUTO_INCREMENT=226 DEFAULT CHARSET=utf8mb4 COLLATE=utf8mb4_0900_ai_ci;

--
-- Dumping data for table `llx_c_paper_format`
--

INSERT INTO `llx_c_paper_format` (`rowid`, `code`, `label`, `width`, `height`, `unit`, `active`, `module`) VALUES (1,'EU4A0','Format 4A0',1682.00,2378.00,'mm',1,NULL),(2,'EU2A0','Format 2A0',1189.00,1682.00,'mm',1,NULL),(3,'EUA0','Format A0',840.00,1189.00,'mm',1,NULL),(4,'EUA1','Format A1',594.00,840.00,'mm',1,NULL),(5,'EUA2','Format A2',420.00,594.00,'mm',1,NULL),(6,'EUA3','Format A3',297.00,420.00,'mm',1,NULL),(7,'EUA4','Format A4',210.00,297.00,'mm',1,NULL),(8,'EUA5','Format A5',148.00,210.00,'mm',1,NULL),(9,'EUA6','Format A6',105.00,148.00,'mm',1,NULL),(100,'USLetter','Format Letter (A)',216.00,279.00,'mm',1,NULL),(105,'USLegal','Format Legal',216.00,356.00,'mm',1,NULL),(110,'USExecutive','Format Executive',190.00,254.00,'mm',1,NULL),(115,'USLedger','Format Ledger/Tabloid (B)',279.00,432.00,'mm',1,NULL),(200,'CAP1','Format Canadian P1',560.00,860.00,'mm',1,NULL),(205,'CAP2','Format Canadian P2',430.00,560.00,'mm',1,NULL),(210,'CAP3','Format Canadian P3',280.00,430.00,'mm',1,NULL),(215,'CAP4','Format Canadian P4',215.00,280.00,'mm',1,NULL),(220,'CAP5','Format Canadian P5',140.00,215.00,'mm',1,NULL),(225,'CAP6','Format Canadian P6',107.00,140.00,'mm',1,NULL);

--
-- Table structure for table `llx_c_partnership_type`
--

CREATE TABLE `llx_c_partnership_type` (
  `rowid` int NOT NULL AUTO_INCREMENT,
  `entity` int NOT NULL DEFAULT '1',
  `code` varchar(32) NOT NULL,
  `label` varchar(64) NOT NULL,
  `active` tinyint NOT NULL DEFAULT '1',
  PRIMARY KEY (`rowid`)
) ENGINE=InnoDB DEFAULT CHARSET=utf8mb4 COLLATE=utf8mb4_0900_ai_ci;

--
-- Dumping data for table `llx_c_partnership_type`
--


--
-- Table structure for table `llx_c_payment_term`
--

CREATE TABLE `llx_c_payment_term` (
  `rowid` int NOT NULL AUTO_INCREMENT,
  `entity` int NOT NULL DEFAULT '1',
  `code` varchar(16) DEFAULT NULL,
  `sortorder` smallint DEFAULT NULL,
  `active` tinyint DEFAULT '1',
  `libelle` varchar(255) DEFAULT NULL,
  `libelle_facture` text,
  `type_cdr` tinyint DEFAULT NULL,
  `nbjour` smallint DEFAULT NULL,
  `decalage` smallint DEFAULT NULL,
  `module` varchar(32) DEFAULT NULL,
  `position` int NOT NULL DEFAULT '0',
  PRIMARY KEY (`rowid`),
  UNIQUE KEY `uk_c_payment_term_code` (`entity`,`code`)
) ENGINE=InnoDB AUTO_INCREMENT=13 DEFAULT CHARSET=utf8mb4 COLLATE=utf8mb4_0900_ai_ci;

--
-- Dumping data for table `llx_c_payment_term`
--

INSERT INTO `llx_c_payment_term` (`rowid`, `entity`, `code`, `sortorder`, `active`, `libelle`, `libelle_facture`, `type_cdr`, `nbjour`, `decalage`, `module`, `position`) VALUES (1,1,'RECEP',1,1,'Due upon receipt','Due upon receipt',0,1,NULL,NULL,0),(2,1,'30D',2,1,'30 days','Due in 30 days',0,30,NULL,NULL,0),(3,1,'30DENDMONTH',3,0,'30 days end of month','Due in 30 days, end of month',1,30,NULL,NULL,0),(4,1,'60D',4,0,'60 days','Due in 60 days, end of month',0,60,NULL,NULL,0),(5,1,'60DENDMONTH',5,0,'60 days end of month','Due in 60 days, end of month',1,60,NULL,NULL,0),(6,1,'PT_ORDER',6,1,'Due on order','Due on order',0,1,NULL,NULL,0),(7,1,'PT_DELIVERY',7,1,'Due on delivery','Due on delivery',0,1,NULL,NULL,0),(8,1,'PT_5050',8,1,'50 and 50','50% on order, 50% on delivery',0,1,NULL,NULL,0),(9,1,'10D',9,1,'10 days','Due in 10 days',0,10,NULL,NULL,0),(10,1,'10DENDMONTH',10,0,'10 days end of month','Due in 10 days, end of month',1,10,NULL,NULL,0),(11,1,'14D',11,1,'14 days','Due in 14 days',0,14,NULL,NULL,0),(12,1,'14DENDMONTH',12,0,'14 days end of month','Due in 14 days, end of month',1,14,NULL,NULL,0);

--
-- Table structure for table `llx_c_price_expression`
--

CREATE TABLE `llx_c_price_expression` (
  `rowid` int NOT NULL AUTO_INCREMENT,
  `title` varchar(20) NOT NULL,
  `expression` varchar(255) NOT NULL,
  PRIMARY KEY (`rowid`)
) ENGINE=InnoDB DEFAULT CHARSET=utf8mb4 COLLATE=utf8mb4_0900_ai_ci;

--
-- Dumping data for table `llx_c_price_expression`
--


--
-- Table structure for table `llx_c_price_global_variable`
--

CREATE TABLE `llx_c_price_global_variable` (
  `rowid` int NOT NULL AUTO_INCREMENT,
  `code` varchar(20) NOT NULL,
  `description` text,
  `value` double(24,8) DEFAULT '0.00000000',
  PRIMARY KEY (`rowid`)
) ENGINE=InnoDB DEFAULT CHARSET=utf8mb4 COLLATE=utf8mb4_0900_ai_ci;

--
-- Dumping data for table `llx_c_price_global_variable`
--


--
-- Table structure for table `llx_c_price_global_variable_updater`
--

CREATE TABLE `llx_c_price_global_variable_updater` (
  `rowid` int NOT NULL AUTO_INCREMENT,
  `type` int NOT NULL,
  `description` text,
  `parameters` text,
  `fk_variable` int NOT NULL,
  `update_interval` int DEFAULT '0',
  `next_update` int DEFAULT '0',
  `last_status` text,
  PRIMARY KEY (`rowid`)
) ENGINE=InnoDB DEFAULT CHARSET=utf8mb4 COLLATE=utf8mb4_0900_ai_ci;

--
-- Dumping data for table `llx_c_price_global_variable_updater`
--


--
-- Table structure for table `llx_c_product_nature`
--

CREATE TABLE `llx_c_product_nature` (
  `rowid` int NOT NULL AUTO_INCREMENT,
  `code` tinyint NOT NULL,
  `label` varchar(100) DEFAULT NULL,
  `active` tinyint NOT NULL DEFAULT '1',
  PRIMARY KEY (`rowid`),
  UNIQUE KEY `uk_c_product_nature` (`code`)
) ENGINE=InnoDB AUTO_INCREMENT=9 DEFAULT CHARSET=utf8mb4 COLLATE=utf8mb4_0900_ai_ci;

--
-- Dumping data for table `llx_c_product_nature`
--

INSERT INTO `llx_c_product_nature` (`rowid`, `code`, `label`, `active`) VALUES (1,0,'RowMaterial',1),(2,1,'Finished',1);

--
-- Table structure for table `llx_c_productbatch_qcstatus`
--

CREATE TABLE `llx_c_productbatch_qcstatus` (
  `rowid` int NOT NULL AUTO_INCREMENT,
  `entity` int NOT NULL DEFAULT '1',
  `code` varchar(16) NOT NULL,
  `label` varchar(50) NOT NULL,
  `active` int NOT NULL DEFAULT '1',
  PRIMARY KEY (`rowid`),
  UNIQUE KEY `uk_c_productbatch_qcstatus` (`code`,`entity`)
) ENGINE=InnoDB AUTO_INCREMENT=9 DEFAULT CHARSET=utf8mb4 COLLATE=utf8mb4_0900_ai_ci;

--
-- Dumping data for table `llx_c_productbatch_qcstatus`
--

INSERT INTO `llx_c_productbatch_qcstatus` (`rowid`, `entity`, `code`, `label`, `active`) VALUES (1,1,'OK','InWorkingOrder',1),(2,1,'KO','OutOfOrder',1);

--
-- Table structure for table `llx_c_propalst`
--

CREATE TABLE `llx_c_propalst` (
  `id` smallint NOT NULL,
  `code` varchar(12) NOT NULL,
  `label` varchar(30) DEFAULT NULL,
  `active` tinyint NOT NULL DEFAULT '1',
  PRIMARY KEY (`id`),
  UNIQUE KEY `uk_c_propalst` (`code`)
) ENGINE=InnoDB DEFAULT CHARSET=utf8mb4 COLLATE=utf8mb4_0900_ai_ci;

--
-- Dumping data for table `llx_c_propalst`
--

INSERT INTO `llx_c_propalst` (`id`, `code`, `label`, `active`) VALUES (0,'PR_DRAFT','Brouillon',1),(1,'PR_OPEN','Ouverte',1),(2,'PR_SIGNED','Signée',1),(3,'PR_NOTSIGNED','Non Signée',1),(4,'PR_FAC','Facturée',1);

--
-- Table structure for table `llx_c_prospectcontactlevel`
--

CREATE TABLE `llx_c_prospectcontactlevel` (
  `code` varchar(12) NOT NULL,
  `label` varchar(30) DEFAULT NULL,
  `sortorder` smallint DEFAULT NULL,
  `active` smallint NOT NULL DEFAULT '1',
  `module` varchar(32) DEFAULT NULL,
  PRIMARY KEY (`code`)
) ENGINE=InnoDB DEFAULT CHARSET=utf8mb4 COLLATE=utf8mb4_0900_ai_ci;

--
-- Dumping data for table `llx_c_prospectcontactlevel`
--

INSERT INTO `llx_c_prospectcontactlevel` (`code`, `label`, `sortorder`, `active`, `module`) VALUES ('PL_HIGH','High',4,1,NULL),('PL_LOW','Low',2,1,NULL),('PL_MEDIUM','Medium',3,1,NULL),('PL_NONE','None',1,1,NULL);

--
-- Table structure for table `llx_c_prospectlevel`
--

CREATE TABLE `llx_c_prospectlevel` (
  `code` varchar(12) NOT NULL,
  `label` varchar(30) DEFAULT NULL,
  `sortorder` smallint DEFAULT NULL,
  `active` smallint NOT NULL DEFAULT '1',
  `module` varchar(32) DEFAULT NULL,
  PRIMARY KEY (`code`)
) ENGINE=InnoDB DEFAULT CHARSET=utf8mb4 COLLATE=utf8mb4_0900_ai_ci;

--
-- Dumping data for table `llx_c_prospectlevel`
--

INSERT INTO `llx_c_prospectlevel` (`code`, `label`, `sortorder`, `active`, `module`) VALUES ('PL_HIGH','High',4,1,NULL),('PL_LOW','Low',2,1,NULL),('PL_MEDIUM','Medium',3,1,NULL),('PL_NONE','None',1,1,NULL);

--
-- Table structure for table `llx_c_recruitment_origin`
--

CREATE TABLE `llx_c_recruitment_origin` (
  `rowid` int NOT NULL AUTO_INCREMENT,
  `code` varchar(32) NOT NULL,
  `label` varchar(64) NOT NULL,
  `active` tinyint NOT NULL DEFAULT '1',
  PRIMARY KEY (`rowid`)
) ENGINE=InnoDB DEFAULT CHARSET=utf8mb4 COLLATE=utf8mb4_0900_ai_ci;

--
-- Dumping data for table `llx_c_recruitment_origin`
--


--
-- Table structure for table `llx_c_regions`
--

CREATE TABLE `llx_c_regions` (
  `rowid` int NOT NULL AUTO_INCREMENT,
  `code_region` int NOT NULL,
  `fk_pays` int NOT NULL,
  `cheflieu` varchar(50) DEFAULT NULL,
  `tncc` int DEFAULT NULL,
  `nom` varchar(100) DEFAULT NULL,
  `active` tinyint NOT NULL DEFAULT '1',
  PRIMARY KEY (`rowid`),
  UNIQUE KEY `uk_code_region` (`code_region`),
  KEY `idx_c_regions_fk_pays` (`fk_pays`),
  CONSTRAINT `fk_c_regions_fk_pays` FOREIGN KEY (`fk_pays`) REFERENCES `llx_c_country` (`rowid`)
) ENGINE=InnoDB AUTO_INCREMENT=266 DEFAULT CHARSET=utf8mb4 COLLATE=utf8mb4_0900_ai_ci;

--
-- Dumping data for table `llx_c_regions`
--

INSERT INTO `llx_c_regions` (`rowid`, `code_region`, `fk_pays`, `cheflieu`, `tncc`, `nom`, `active`) VALUES (1,0,0,'0',0,'-',1),(2,1,1,'97105',3,'Guadeloupe',1),(3,2,1,'97209',3,'Martinique',1),(4,3,1,'97302',3,'Guyane',1),(5,4,1,'97411',3,'Réunion',1),(6,6,1,'97601',3,'Mayotte',1),(7,11,1,'75056',1,'Île-de-France',1),(8,24,1,'45234',2,'Centre-Val de Loire',1),(9,27,1,'21231',0,'Bourgogne-Franche-Comté',1),(10,28,1,'76540',0,'Normandie',1),(11,32,1,'59350',4,'Hauts-de-France',1),(12,44,1,'67482',2,'Grand Est',1),(13,52,1,'44109',4,'Pays de la Loire',1),(14,53,1,'35238',0,'Bretagne',1),(15,75,1,'33063',0,'Nouvelle-Aquitaine',1),(16,76,1,'31355',1,'Occitanie',1),(17,84,1,'69123',1,'Auvergne-Rhône-Alpes',1),(18,93,1,'13055',0,'Provence-Alpes-Côte d\'Azur',1),(19,94,1,'2A004',0,'Corse',1),(20,4101,41,'',0,'Österreich',1),(21,201,2,'',1,'Flandre',1),(22,202,2,'',2,'Wallonie',1),(23,203,2,'',3,'Bruxelles-Capitale',1),(24,301,3,NULL,1,'Abruzzo',1),(25,302,3,NULL,1,'Basilicata',1),(26,303,3,NULL,1,'Calabria',1),(27,304,3,NULL,1,'Campania',1),(28,305,3,NULL,1,'Emilia-Romagna',1),(29,306,3,NULL,1,'Friuli-Venezia Giulia',1),(30,307,3,NULL,1,'Lazio',1),(31,308,3,NULL,1,'Liguria',1),(32,309,3,NULL,1,'Lombardia',1),(33,310,3,NULL,1,'Marche',1),(34,311,3,NULL,1,'Molise',1),(35,312,3,NULL,1,'Piemonte',1),(36,313,3,NULL,1,'Puglia',1),(37,314,3,NULL,1,'Sardegna',1),(38,315,3,NULL,1,'Sicilia',1),(39,316,3,NULL,1,'Toscana',1),(40,317,3,NULL,1,'Trentino-Alto Adige',1),(41,318,3,NULL,1,'Umbria',1),(42,319,3,NULL,1,'Valle d Aosta',1),(43,320,3,NULL,1,'Veneto',1),(44,401,4,'',0,'Andalucia',1),(45,402,4,'',0,'Aragón',1),(46,403,4,'',0,'Castilla y León',1),(47,404,4,'',0,'Castilla la Mancha',1),(48,405,4,'',0,'Canarias',1),(49,406,4,'',0,'Cataluña',1),(50,407,4,'',0,'Comunidad de Ceuta',1),(51,408,4,'',0,'Comunidad Foral de Navarra',1),(52,409,4,'',0,'Comunidad de Melilla',1),(53,410,4,'',0,'Cantabria',1),(54,411,4,'',0,'Comunidad Valenciana',1),(55,412,4,'',0,'Extemadura',1),(56,413,4,'',0,'Galicia',1),(57,414,4,'',0,'Islas Baleares',1),(58,415,4,'',0,'La Rioja',1),(59,416,4,'',0,'Comunidad de Madrid',1),(60,417,4,'',0,'Región de Murcia',1),(61,418,4,'',0,'Principado de Asturias',1),(62,419,4,'',0,'Pais Vasco',1),(63,420,4,'',0,'Otros',1),(64,501,5,'',0,'Deutschland',1),(65,10201,102,NULL,NULL,'Αττική',1),(66,10202,102,NULL,NULL,'Στερεά Ελλάδα',1),(67,10203,102,NULL,NULL,'Κεντρική Μακεδονία',1),(68,10204,102,NULL,NULL,'Κρήτη',1),(69,10205,102,NULL,NULL,'Ανατολική Μακεδονία και Θράκη',1),(70,10206,102,NULL,NULL,'Ήπειρος',1),(71,10207,102,NULL,NULL,'Ιόνια νησιά',1),(72,10208,102,NULL,NULL,'Βόρειο Αιγαίο',1),(73,10209,102,NULL,NULL,'Πελοπόννησος',1),(74,10210,102,NULL,NULL,'Νότιο Αιγαίο',1),(75,10211,102,NULL,NULL,'Δυτική Ελλάδα',1),(76,10212,102,NULL,NULL,'Θεσσαλία',1),(77,10213,102,NULL,NULL,'Δυτική Μακεδονία',1),(78,601,6,'',1,'Cantons',1),(79,701,7,'',0,'England',1),(80,702,7,'',0,'Wales',1),(81,703,7,'',0,'Scotland',1),(82,704,7,'',0,'Northern Ireland',1),(83,1001,10,'',0,'Ariana',1),(84,1002,10,'',0,'Béja',1),(85,1003,10,'',0,'Ben Arous',1),(86,1004,10,'',0,'Bizerte',1),(87,1005,10,'',0,'Gabès',1),(88,1006,10,'',0,'Gafsa',1),(89,1007,10,'',0,'Jendouba',1),(90,1008,10,'',0,'Kairouan',1),(91,1009,10,'',0,'Kasserine',1),(92,1010,10,'',0,'Kébili',1),(93,1011,10,'',0,'La Manouba',1),(94,1012,10,'',0,'Le Kef',1),(95,1013,10,'',0,'Mahdia',1),(96,1014,10,'',0,'Médenine',1),(97,1015,10,'',0,'Monastir',1),(98,1016,10,'',0,'Nabeul',1),(99,1017,10,'',0,'Sfax',1),(100,1018,10,'',0,'Sidi Bouzid',1),(101,1019,10,'',0,'Siliana',1),(102,1020,10,'',0,'Sousse',1),(103,1021,10,'',0,'Tataouine',1),(104,1022,10,'',0,'Tozeur',1),(105,1023,10,'',0,'Tunis',1),(106,1024,10,'',0,'Zaghouan',1),(107,1101,11,'',0,'United-States',1),(108,1301,13,'',0,'Algerie',1),(109,1401,14,'',0,'Canada',1),(110,1701,17,'',0,'Provincies van Nederland ',1),(111,2301,23,'',0,'Norte',1),(112,2302,23,'',0,'Litoral',1),(113,2303,23,'',0,'Cuyana',1),(114,2304,23,'',0,'Central',1),(115,2305,23,'',0,'Patagonia',1),(116,2801,28,'',0,'Australia',1),(117,4601,46,'',0,'Barbados',1),(118,5201,52,'',0,'Chuquisaca',1),(119,5202,52,'',0,'La Paz',1),(120,5203,52,'',0,'Cochabamba',1),(121,5204,52,'',0,'Oruro',1),(122,5205,52,'',0,'Potosí',1),(123,5206,52,'',0,'Tarija',1),(124,5207,52,'',0,'Santa Cruz',1),(125,5208,52,'',0,'El Beni',1),(126,5209,52,'',0,'Pando',1),(127,5601,56,'',0,'Brasil',1),(128,7001,70,'',0,'Colombie',1),(129,6701,67,NULL,NULL,'Tarapacá',1),(130,6702,67,NULL,NULL,'Antofagasta',1),(131,6703,67,NULL,NULL,'Atacama',1),(132,6704,67,NULL,NULL,'Coquimbo',1),(133,6705,67,NULL,NULL,'Valparaíso',1),(134,6706,67,NULL,NULL,'General Bernardo O Higgins',1),(135,6707,67,NULL,NULL,'Maule',1),(136,6708,67,NULL,NULL,'Biobío',1),(137,6709,67,NULL,NULL,'Raucanía',1),(138,6710,67,NULL,NULL,'Los Lagos',1),(139,6711,67,NULL,NULL,'Aysén General Carlos Ibáñez del Campo',1),(140,6712,67,NULL,NULL,'Magallanes y Antártica Chilena',1),(141,6713,67,NULL,NULL,'Metropolitana de Santiago',1),(142,6714,67,NULL,NULL,'Los Ríos',1),(143,6715,67,NULL,NULL,'Arica y Parinacota',1),(144,8601,86,NULL,NULL,'Central',1),(145,8602,86,NULL,NULL,'Oriental',1),(146,8603,86,NULL,NULL,'Occidental',1),(147,11401,114,'',0,'Honduras',1),(148,11701,117,'',0,'India',1),(149,11801,118,'',0,'Indonesia',1),(150,1201,12,'',0,'Tanger-Tétouan',1),(151,1202,12,'',0,'Gharb-Chrarda-Beni Hssen',1),(152,1203,12,'',0,'Taza-Al Hoceima-Taounate',1),(153,1204,12,'',0,'L\'Oriental',1),(154,1205,12,'',0,'Fès-Boulemane',1),(155,1206,12,'',0,'Meknès-Tafialet',1),(156,1207,12,'',0,'Rabat-Salé-Zemour-Zaër',1),(157,1208,12,'',0,'Grand Cassablanca',1),(158,1209,12,'',0,'Chaouia-Ouardigha',1),(159,1210,12,'',0,'Doukahla-Adba',1),(160,1211,12,'',0,'Marrakech-Tensift-Al Haouz',1),(161,1212,12,'',0,'Tadla-Azilal',1),(162,1213,12,'',0,'Sous-Massa-Drâa',1),(163,1214,12,'',0,'Guelmim-Es Smara',1),(164,1215,12,'',0,'Laâyoune-Boujdour-Sakia el Hamra',1),(165,1216,12,'',0,'Oued Ed-Dahab Lagouira',1),(166,14001,140,'',0,'Diekirch',1),(167,14002,140,'',0,'Grevenmacher',1),(168,14003,140,'',0,'Luxembourg',1),(169,15201,152,'',0,'Rivière Noire',1),(170,15202,152,'',0,'Flacq',1),(171,15203,152,'',0,'Grand Port',1),(172,15204,152,'',0,'Moka',1),(173,15205,152,'',0,'Pamplemousses',1),(174,15206,152,'',0,'Plaines Wilhems',1),(175,15207,152,'',0,'Port-Louis',1),(176,15208,152,'',0,'Rivière du Rempart',1),(177,15209,152,'',0,'Savanne',1),(178,15210,152,'',0,'Rodrigues',1),(179,15211,152,'',0,'Les îles Agaléga',1),(180,15212,152,'',0,'Les écueils des Cargados Carajos',1),(181,15401,154,'',0,'Mexique',1),(182,18801,188,'',0,'Romania',1),(183,23201,232,'',0,'Los Andes',1),(184,23202,232,'',0,'Capital',1),(185,23203,232,'',0,'Central',1),(186,23204,232,'',0,'Cento Occidental',1),(187,23205,232,'',0,'Guayana',1),(188,23206,232,'',0,'Insular',1),(189,23207,232,'',0,'Los Llanos',1),(190,23208,232,'',0,'Nor-Oriental',1),(191,23209,232,'',0,'Zuliana',1),(192,18101,181,'',0,'Amazonas',1),(193,18102,181,'',0,'Ancash',1),(194,18103,181,'',0,'Apurimac',1),(195,18104,181,'',0,'Arequipa',1),(196,18105,181,'',0,'Ayacucho',1),(197,18106,181,'',0,'Cajamarca',1),(198,18107,181,'',0,'Callao',1),(199,18108,181,'',0,'Cuzco',1),(200,18109,181,'',0,'Huancavelica',1),(201,18110,181,'',0,'Huanuco',1),(202,18111,181,'',0,'Ica',1),(203,18112,181,'',0,'Junin',1),(204,18113,181,'',0,'La Libertad',1),(205,18114,181,'',0,'Lambayeque',1),(206,18115,181,'',0,'Lima Metropolitana',1),(207,18116,181,'',0,'Lima',1),(208,18117,181,'',0,'Loreto',1),(209,18118,181,'',0,'Madre de Dios',1),(210,18119,181,'',0,'Moquegua',1),(211,18120,181,'',0,'Pasco',1),(212,18121,181,'',0,'Piura',1),(213,18122,181,'',0,'Puno',1),(214,18123,181,'',0,'San Martín',1),(215,18124,181,'',0,'Tacna',1),(216,18125,181,'',0,'Tumbes',1),(217,18126,181,'',0,'Ucayali',1),(218,17801,178,'',0,'Panama',1),(219,22701,227,'',0,'United Arab Emirates',1),(220,34000,34,'AD',NULL,'Andorra',1),(221,183100,18,'HU31',NULL,'Northern Hungary',1),(222,183200,18,'HU32',NULL,'Northern Great Plain',1),(223,183300,18,'HU33',NULL,'Southern Great Plain',1),(224,180100,18,'HU1',NULL,'Central Hungary',1),(225,182100,18,'HU21',NULL,'Central Transdanubia',1),(226,182200,18,'HU22',NULL,'Western Transdanubia',1),(227,182300,18,'HU23',NULL,'Southern Transdanubia',1),(228,15001,25,'PT',NULL,'Portugal',1),(229,15002,25,'PT9',NULL,'Azores-Madeira',1),(230,20203,202,'SI03',NULL,'East Slovenia',1),(231,20204,202,'SI04',NULL,'West Slovenia',1),(232,901,9,'京',0,'北京市',1),(233,902,9,'津',0,'天津市',1),(234,903,9,'沪',0,'上海市',1),(235,904,9,'渝',0,'重庆市',1),(236,905,9,'冀',0,'河北省',1),(237,906,9,'晋',0,'山西省',1),(238,907,9,'辽',0,'辽宁省',1),(239,908,9,'吉',0,'吉林省',1),(240,909,9,'黑',0,'黑龙江省',1),(241,910,9,'苏',0,'江苏省',1),(242,911,9,'浙',0,'浙江省',1),(243,912,9,'皖',0,'安徽省',1),(244,913,9,'闽',0,'福建省',1),(245,914,9,'赣',0,'江西省',1),(246,915,9,'鲁',0,'山东省',1),(247,916,9,'豫',0,'河南省',1),(248,917,9,'鄂',0,'湖北省',1),(249,918,9,'湘',0,'湖南省',1),(250,919,9,'粤',0,'广东省',1),(251,920,9,'琼',0,'海南省',1),(252,921,9,'川',0,'四川省',1),(253,922,9,'贵',0,'贵州省',1),(254,923,9,'云',0,'云南省',1),(255,924,9,'陕',0,'陕西省',1),(256,925,9,'甘',0,'甘肃省',1),(257,926,9,'青',0,'青海省',1),(258,927,9,'台',0,'台湾省',1),(259,928,9,'蒙',0,'内蒙古自治区',1),(260,929,9,'桂',0,'广西壮族自治区',1),(261,930,9,'藏',0,'西藏自治区',1),(262,931,9,'宁',0,'宁夏回族自治区',1),(263,932,9,'新',0,'新疆维吾尔自治区',1),(264,933,9,'港',0,'香港特别行政区',1),(265,934,9,'澳',0,'澳门特别行政区',1);

--
-- Table structure for table `llx_c_revenuestamp`
--

CREATE TABLE `llx_c_revenuestamp` (
  `rowid` int NOT NULL AUTO_INCREMENT,
  `fk_pays` int NOT NULL,
  `taux` double NOT NULL,
  `revenuestamp_type` varchar(16) NOT NULL DEFAULT 'fixed',
  `note` varchar(128) DEFAULT NULL,
  `active` tinyint NOT NULL DEFAULT '1',
  `accountancy_code_sell` varchar(32) DEFAULT NULL,
  `accountancy_code_buy` varchar(32) DEFAULT NULL,
  PRIMARY KEY (`rowid`)
) ENGINE=InnoDB AUTO_INCREMENT=1543 DEFAULT CHARSET=utf8mb4 COLLATE=utf8mb4_0900_ai_ci;

--
-- Dumping data for table `llx_c_revenuestamp`
--

INSERT INTO `llx_c_revenuestamp` (`rowid`, `fk_pays`, `taux`, `revenuestamp_type`, `note`, `active`, `accountancy_code_sell`, `accountancy_code_buy`) VALUES (101,10,0.4,'fixed','Revenue stamp tunisia',1,NULL,NULL),(1541,154,1.5,'percent','Revenue stamp mexico',1,NULL,NULL),(1542,154,3,'percent','Revenue stamp mexico',1,NULL,NULL);

--
-- Table structure for table `llx_c_shipment_mode`
--

CREATE TABLE `llx_c_shipment_mode` (
  `rowid` int NOT NULL AUTO_INCREMENT,
  `entity` int NOT NULL DEFAULT '1',
  `tms` timestamp NOT NULL DEFAULT CURRENT_TIMESTAMP ON UPDATE CURRENT_TIMESTAMP,
  `code` varchar(30) NOT NULL,
  `libelle` varchar(50) NOT NULL,
  `description` text,
  `tracking` varchar(255) DEFAULT NULL,
  `active` tinyint DEFAULT '0',
  `module` varchar(32) DEFAULT NULL,
  PRIMARY KEY (`rowid`),
  UNIQUE KEY `uk_c_shipment_mode` (`code`,`entity`)
) ENGINE=InnoDB AUTO_INCREMENT=15 DEFAULT CHARSET=utf8mb4 COLLATE=utf8mb4_0900_ai_ci;

--
-- Dumping data for table `llx_c_shipment_mode`
--

INSERT INTO `llx_c_shipment_mode` (`rowid`, `entity`, `tms`, `code`, `libelle`, `description`, `tracking`, `active`, `module`) VALUES (1,1,'2021-01-07 12:15:10','CATCH','In-Store Collection','In-store collection by the customer','',1,NULL),(2,1,'2021-01-07 12:15:10','TRANS','Generic transport service','Generic transport service','',1,NULL),(3,1,'2021-01-07 12:15:10','COLSUI','Colissimo Suivi','Colissimo Suivi','https://www.laposte.fr/outils/suivre-vos-envois?code={TRACKID}',0,NULL),(4,1,'2021-01-07 12:15:10','LETTREMAX','Lettre Max','Courrier Suivi et Lettre Max','https://www.laposte.fr/outils/suivre-vos-envois?code={TRACKID}',0,NULL),(5,1,'2021-01-07 12:15:10','UPS','UPS','United Parcel Service','http://wwwapps.ups.com/etracking/tracking.cgi?InquiryNumber2=&InquiryNumber3=&tracknums_displayed=3&loc=fr_FR&TypeOfInquiryNumber=T&HTMLVersion=4.0&InquiryNumber22=&InquiryNumber32=&track=Track&Suivi.x=64&Suivi.y=7&Suivi=Valider&InquiryNumber1={TRACKID}',1,NULL),(6,1,'2021-01-07 12:15:10','KIALA','KIALA','Relais Kiala','http://www.kiala.fr/tnt/delivery/{TRACKID}',0,NULL),(7,1,'2021-01-07 12:15:10','GLS','GLS','General Logistics Systems','https://gls-group.eu/FR/fr/suivi-colis?match={TRACKID}',0,NULL),(8,1,'2021-01-07 12:15:10','CHRONO','Chronopost','Chronopost','http://www.chronopost.fr/expedier/inputLTNumbersNoJahia.do?listeNumeros={TRACKID}',0,NULL),(9,1,'2021-01-07 12:15:10','INPERSON','In person at your site',NULL,NULL,0,NULL),(10,1,'2021-01-07 12:15:10','FEDEX','Fedex',NULL,'https://www.fedex.com/apps/fedextrack/index.html?tracknumbers={TRACKID}',0,NULL),(11,1,'2021-01-07 12:15:10','TNT','TNT',NULL,'https://www.tnt.com/express/fr_fr/site/outils-expedition/suivi.html?searchType=con&cons=={TRACKID}',0,NULL),(12,1,'2021-01-07 12:15:10','DHL','DHL',NULL,'https://www.dhl.com/fr-fr/home/tracking/tracking-global-forwarding.html?submit=1&tracking-id={TRACKID}',0,NULL),(13,1,'2021-01-07 12:15:10','DPD','DPD',NULL,'https://www.dpd.fr/trace/{TRACKID}',0,NULL),(14,1,'2021-01-07 12:15:10','MAINFREIGHT','Mainfreight',NULL,'https://www.mainfreight.com/track?{TRACKID}',0,NULL);

--
-- Table structure for table `llx_c_shipment_package_type`
--

CREATE TABLE `llx_c_shipment_package_type` (
  `rowid` int NOT NULL AUTO_INCREMENT,
  `label` varchar(50) NOT NULL,
  `description` varchar(255) DEFAULT NULL,
  `active` int NOT NULL DEFAULT '1',
  `entity` int NOT NULL DEFAULT '1',
  PRIMARY KEY (`rowid`)
) ENGINE=InnoDB DEFAULT CHARSET=utf8mb4 COLLATE=utf8mb4_0900_ai_ci;

--
-- Dumping data for table `llx_c_shipment_package_type`
--


--
-- Table structure for table `llx_c_socialnetworks`
--

CREATE TABLE `llx_c_socialnetworks` (
  `rowid` int NOT NULL AUTO_INCREMENT,
  `entity` int NOT NULL DEFAULT '1',
  `code` varchar(100) DEFAULT NULL,
  `label` varchar(150) DEFAULT NULL,
  `url` text,
  `icon` varchar(20) DEFAULT NULL,
  `active` tinyint NOT NULL DEFAULT '1',
  PRIMARY KEY (`rowid`),
  UNIQUE KEY `idx_c_socialnetworks_code` (`code`)
) ENGINE=InnoDB AUTO_INCREMENT=36 DEFAULT CHARSET=utf8mb4 COLLATE=utf8mb4_0900_ai_ci;

--
-- Dumping data for table `llx_c_socialnetworks`
--

INSERT INTO `llx_c_socialnetworks` (`rowid`, `entity`, `code`, `label`, `url`, `icon`, `active`) VALUES (1,1,'facebook','Facebook','https://www.facebook.com/{socialid}','fa-facebook',1),(2,1,'skype','Skype','https://www.skype.com/{socialid}','fa-skype',1),(3,1,'twitter','Twitter','https://www.twitter.com/{socialid}','fa-twitter',1),(4,1,'linkedin','LinkedIn','https://www.linkedin.com/{socialid}','fa-linkedin',1),(5,1,'instagram','Instagram','https://www.instagram.com/{socialid}','fa-instagram',1),(6,1,'snapchat','Snapchat','{socialid}','fa-snapchat',1),(7,1,'googleplus','GooglePlus','https://www.googleplus.com/{socialid}','fa-google-plus-g',0),(8,1,'youtube','Youtube','https://www.youtube.com/{socialid}','fa-youtube',1),(9,1,'whatsapp','Whatsapp','{socialid}','fa-whatsapp',1),(10,1,'tumblr','Tumblr','https://www.tumblr.com/{socialid}','fa-tumblr',0),(11,1,'vero','Vero','https://vero.co/{socialid}','',0),(12,1,'viadeo','Viadeo','https://fr.viadeo.com/fr/{socialid}','fa-viadeo',0),(13,1,'slack','Slack','{socialid}','fa-slack',0),(14,1,'xing','Xing','{socialid}','fa-xing',0),(15,1,'meetup','Meetup','{socialid}','fa-meetup',0),(16,1,'pinterest','Pinterest','{socialid}','fa-pinterest',0),(17,1,'flickr','Flickr','{socialid}','fa-flickr',0),(18,1,'500px','500px','{socialid}','fa-500px',0),(19,1,'giphy','Giphy','{socialid}','',0),(20,1,'gifycat','Gificat','{socialid}','',0),(21,1,'dailymotion','Dailymotion','{socialid}','',0),(22,1,'vimeo','Vimeo','{socialid}','',0),(23,1,'periscope','Periscope','{socialid}','',0),(24,1,'twitch','Twitch','{socialid}','',0),(25,1,'discord','Discord','{socialid}','fa-discord',0),(26,1,'wikipedia','Wikipedia','{socialid}','',0),(27,1,'reddit','Reddit','{socialid}','fa-reddit',0),(28,1,'quora','Quora','{socialid}','',0),(29,1,'tripadvisor','Tripadvisor','{socialid}','',0),(30,1,'mastodon','Mastodon','{socialid}','',0),(31,1,'diaspora','Diaspora','{socialid}','',0),(32,1,'viber','Viber','{socialid}','',0),(33,1,'github','Github','https://github.com/{socialid}','fa-github',1);

--
